{"id":350,"date":"2020-04-22T13:49:58","date_gmt":"2020-04-22T10:49:58","guid":{"rendered":"http:\/\/visitsouthestonia.com\/community\/?page_id=350"},"modified":"2020-12-06T18:41:23","modified_gmt":"2020-12-06T16:41:23","slug":"kohalikud-algatused","status":"publish","type":"page","link":"https:\/\/visitsouthestonia.com\/community\/lugu\/kohalikud-algatused\/","title":{"rendered":"Kohalikud algatused"},"content":{"rendered":"\n<div class=\"wp-block-advgb-columns advgb-columns-wrapper\" id=\"advgb-cols-4b857fb4-e212-47f8-8acf-b8cef6720a3f\"><div class=\"advgb-columns-container\"><div class=\"advgb-columns advgb-columns-row advgb-is-mobile columns-valign-top advgb-columns-2 layout-12-12 mbl-layout-stacked vgutter-10\">\n<div class=\"wp-block-advgb-column advgb-column advgb-is-half-tablet advgb-is-full-mobile\" id=\"advgb-col-50baf7ed-ece8-48ea-a0a0-2e4422d11119\"><div class=\"advgb-column-inner\" style=\"border-style:none;border-width:1px\">\n<h3 class=\"wp-el wp-block-heading\">L\u00f5una-Eesti aktiivsed kogukonnad<\/h3>\n\n\n\n<p class=\"wp-el\">\u00c4revatel aegadel saame k\u00f5ik korraga aru, et neidsamu vanu lihtsaid teadmisi ja oskusi, mida L\u00f5una-Eesti suitsusaunakombestikust kuhjaga leida v\u00f5ib, vajame tegelikult h\u00e4dasti ka n\u00fc\u00fcd, \u00fcleilmastuvas ilmas. Uudsel moel. Sotsiaalne innovatsioon ongi m\u00e4rks\u00f5na, mille hiljutine eriolukord meie k\u00f5igi teadvusesse t\u00f5i. Kuidas hakkama saada ootamatus olukorras, millist veel hetk enne ettegi kujutada ei osanud? Ainult loovalt ja leidlikult! \u00dcheskoos.<\/p>\n\n\n\n<h4 class=\"wp-el wp-block-heading\">Kohaliku algatuse n\u00e4ited L\u00f5una-Eestist<\/h4>\n\n\n\n<p class=\"wp-el\"><strong>Tartu linnavalitsuse<\/strong> ettev\u00f5tluse arengu osakonna valdkonnajuhi Katrin Reiljani s\u00f5nul on L\u00f5una-Eesti pealinna tuntuim kogukondlik algatus ilmselt sTARTUp Day korraldamine. Kogukonna aasta s\u00fcndmuse idee s\u00fcndis 2015. aastal saunas. Kuna Tartu on uuendusmeelsete ning ettev\u00f5tlike inimeste linn, langes see idee v\u00e4ga viljakale pinnasele. N\u00fc\u00fcdseks on heade m\u00f5tete linnas kujunenud tugev start-up-kogukond, kus kaheksa erineva valdkonna organisatsiooni tegutsevad k\u00f5ik \u00fchise eesm\u00e4rgi nimel, et Tartu oleks parim paik heade \u00e4riideede alustamiseks ja kasvatamiseks. J\u00e4rjelt juba viies sTARTUp Day leiab aset 2021. aasta jaanuaris.<\/p>\n\n\n\n<p class=\"wp-el\"><strong>V\u00f5ru linnavalitsuse<\/strong> arendusn\u00f5unik Tiina Hallim\u00e4e toob v\u00e4lja 2019. aastal korraldatud Koreli oja kalda-ala istutustalgud, mille raames tulid kokku V\u00f5ru linna erinevad kogukonnad, et tuua linnas\u00fcdamesse elurikkust juurde. Enam kui 400 inimest l\u00f5id \u00fchiselt ja oma soovide j\u00e4rgi Koreli pargi, kus kohtuvad n\u00fc\u00fcd erinevas vanuses ja erinevate huvidega kogukonnaliikmed. V\u00f5rokeste algatus p\u00e4lvis tunnustuse kui \u00fcks parimaid mulluseid keskkonnategusid.<\/p>\n\n\n\n<p class=\"wp-el\"><strong>J\u00f5gevamaa Koost\u00f6\u00f6koja<\/strong> hinnangul tegutseb \u00fcks aktiivsemaid sealse piirkonna kogukondi Mustvee vallas K\u00e4\u00e4pa k\u00fclas, kus Annika Orase eestv\u00f5ttel on k\u00fclas elu k\u00e4ima l\u00fckatud. T\u00e4nu sellele on saanud hoo sisse K\u00e4\u00e4pa OTT-liikumine ehk otse tarbijalt tootjale v\u00f5rgustik, kogukonnas on korraldatud talguid ja avatud talude p\u00e4evi ning lisaks on pandud \u00fchiste j\u00f5ududega t\u00f6\u00f6le Kalevipoja muuseum.<\/p>\n\n\n\n<h3 class=\"wp-el wp-block-heading\">Kohaliku algatuse lood<\/h3>\n\n\n\n<ul class=\"wp-el\"><li><a href=\"https:\/\/visitsouthestonia.com\/community\/uudised\/sibulatee-toi-unustusse-vajunud-peipsimaa-eesti-turismikaardile\/\" target=\"_blank\" rel=\"noreferrer noopener\">Sibulatee t\u00f5i unustusse vajunud Peipsimaa Eesti turismikaardile (2018)<\/a><\/li><li><a href=\"https:\/\/visitsouthestonia.com\/community\/uudised\/okokula-panustab-koostoole-ja-kondiaurule\/\" target=\"_blank\" rel=\"noreferrer noopener\">\u00d6kok\u00fcla panustab koost\u00f6\u00f6le ja kondiaurule (2018)<\/a><\/li><li><a href=\"https:\/\/visitsouthestonia.com\/community\/uudised\/urvastes-kogub-hoogu-kogukondlik-ettevotlus\/\" target=\"_blank\" rel=\"noreferrer noopener\">Urvastes kogub hoogu kogukondlik ettev\u00f5tlus (2018)<\/a><\/li><\/ul>\n<\/div><\/div>\n\n\n\n<div class=\"wp-block-advgb-column advgb-column advgb-is-half-tablet advgb-is-full-mobile\" id=\"advgb-col-8d1457bd-66cf-4afe-a055-dd6cf9328fba\"><div class=\"advgb-column-inner\" style=\"border-style:none;border-width:1px\">\n<blockquote class=\"wp-block-quote is-style-default\"><p><strong>Valgamaa Partnerluskogu tegevjuhi Tiina Ivaski s\u00f5nul v\u00e4\u00e4rib t\u00e4helepanu piiri\u00e4\u00e4rne v\u00f5rgustik KOTUS, kuhu kuuluvad Taheva, Karula ja M\u00f5niste piirkondade ettev\u00f5tjad ja \u00fchingud. \u00dcks suuremaid koost\u00f6\u00f6 vilju on olnud 2019. aastal korraldatud \u00dc\u00fclaat, millest soovitakse kujundada piirkonna tunnus\u00fcritust. \u00dc\u00fclaada korraldamisel oli abiks ligi 60 inimest ning k\u00fclastajaid kogunes m\u00f5lemalt poolt piiri \u00fcle 800. Lisaks on KOTUS rajanud ka kogukonnak\u00f6\u00f6gi, kus plaanitakse korraldada kursuseid ja pakkuda toitlustust.<\/strong><\/p><cite>National Geographic Eesti, mai 2020<\/cite><\/blockquote>\n\n\n\n<figure class=\"wp-block-image size-large\"><img decoding=\"async\" loading=\"lazy\" width=\"1200\" height=\"800\" src=\"https:\/\/visitsouthestonia.com\/community\/wp-content\/uploads\/2020\/05\/LE-algatused3-Grethe-R\u00f5\u00f5m-1200x800.jpg\" alt=\"\" class=\"wp-image-1904\" srcset=\"https:\/\/visitsouthestonia.com\/community\/wp-content\/uploads\/2020\/05\/LE-algatused3-Grethe-R\u00f5\u00f5m-1200x800.jpg 1200w, https:\/\/visitsouthestonia.com\/community\/wp-content\/uploads\/2020\/05\/LE-algatused3-Grethe-R\u00f5\u00f5m-1536x1024.jpg 1536w, https:\/\/visitsouthestonia.com\/community\/wp-content\/uploads\/2020\/05\/LE-algatused3-Grethe-R\u00f5\u00f5m-350x233.jpg 350w, https:\/\/visitsouthestonia.com\/community\/wp-content\/uploads\/2020\/05\/LE-algatused3-Grethe-R\u00f5\u00f5m-1100x734.jpg 1100w, https:\/\/visitsouthestonia.com\/community\/wp-content\/uploads\/2020\/05\/LE-algatused3-Grethe-R\u00f5\u00f5m-230x153.jpg 230w, https:\/\/visitsouthestonia.com\/community\/wp-content\/uploads\/2020\/05\/LE-algatused3-Grethe-R\u00f5\u00f5m-105x70.jpg 105w, https:\/\/visitsouthestonia.com\/community\/wp-content\/uploads\/2020\/05\/LE-algatused3-Grethe-R\u00f5\u00f5m-188x125.jpg 188w, https:\/\/visitsouthestonia.com\/community\/wp-content\/uploads\/2020\/05\/LE-algatused3-Grethe-R\u00f5\u00f5m-81x54.jpg 81w, https:\/\/visitsouthestonia.com\/community\/wp-content\/uploads\/2020\/05\/LE-algatused3-Grethe-R\u00f5\u00f5m-370x247.jpg 370w, https:\/\/visitsouthestonia.com\/community\/wp-content\/uploads\/2020\/05\/LE-algatused3-Grethe-R\u00f5\u00f5m.jpg 1600w\" sizes=\"(max-width: 1200px) 100vw, 1200px\" \/><figcaption>Autor Grethe R\u00f5\u00f5m<\/figcaption><\/figure>\n\n\n\n<h3 class=\"wp-el wp-block-heading\">Loe lisa NG artiklitest<\/h3>\n\n\n\n<ul class=\"wp-el\"><li><a href=\"https:\/\/www.nationalgeographic.ee\/uudised\/2020\/09\/28\/puhas-room-louna-eesti-rikkus\" target=\"_blank\" rel=\"noreferrer noopener\">Puhas r\u00f5\u00f5m, L\u00f5una-Eesti rikkus<\/a><\/li><li><a rel=\"noreferrer noopener\" href=\"https:\/\/www.nationalgeographic.ee\/uudised\/2020\/05\/25\/puhas-hing-louna-eesti-rikkus\" target=\"_blank\"><\/a><a rel=\"noreferrer noopener\" href=\"https:\/\/www.nationalgeographic.ee\/uudised\/2020\/05\/25\/puhas-hing-louna-eesti-rikkus\" target=\"_blank\">Puhas hing, L\u00f5una-Eesti rikkus<\/a><\/li><li><a rel=\"noreferrer noopener\" href=\"https:\/\/www.nationalgeographic.ee\/uudised\/2020\/05\/25\/puhas-hing-louna-eesti-rikkus\" target=\"_blank\"><\/a><a rel=\"noreferrer noopener\" href=\"https:\/\/www.nationalgeographic.ee\/uudised\/2019\/09\/30\/puhas-loodus-louna-eesti-rikkus\" target=\"_blank\">Puhas loodus, L\u00f5una-Eesti rikkus<\/a><\/li><li><a rel=\"noreferrer noopener\" href=\"https:\/\/www.nationalgeographic.ee\/uudised\/2020\/05\/25\/puhas-hing-louna-eesti-rikkus\" target=\"_blank\"><\/a><a rel=\"noreferrer noopener\" href=\"https:\/\/www.nationalgeographic.ee\/uudised\/2018\/09\/27\/iseolemisest-lounaeestlase-pilguga\" target=\"_blank\">Iseolemisest, l\u00f5unaeestlase pilguga<\/a><\/li><li><a rel=\"noreferrer noopener\" href=\"https:\/\/www.nationalgeographic.ee\/uudised\/2020\/05\/25\/puhas-hing-louna-eesti-rikkus\" target=\"_blank\"><\/a><a rel=\"noreferrer noopener\" href=\"https:\/\/www.nationalgeographic.ee\/uudised\/2018\/05\/29\/inspiratsioonist-lounaeestlase-pilguga\" target=\"_blank\">Inspiratsioonist, l\u00f5unaeestlase pilguga<\/a><\/li><li><a rel=\"noreferrer noopener\" href=\"https:\/\/www.nationalgeographic.ee\/uudised\/2020\/05\/25\/puhas-hing-louna-eesti-rikkus\" target=\"_blank\"><\/a><a rel=\"noreferrer noopener\" href=\"https:\/\/www.nationalgeographic.ee\/uudised\/2017\/11\/26\/identiteedist-lounaeestlase-pilguga\" target=\"_blank\">Identiteedist, l\u00f5unaeestlase pilguga<\/a><\/li><\/ul>\n<\/div><\/div>\n<\/div><\/div><\/div>\n\n\n\n<h3 class=\"wp-el wp-block-heading\">Galerii<\/h3>\n\n\n<div id=\"acf-block-block_5e7c83e6e8c00\" class=\"acf-block-element block-gallery\">\n<div class=\"gallery\"><div class=\"gallery-item\"><a href=\"https:\/\/visitsouthestonia.com\/community\/wp-content\/uploads\/2020\/05\/LE-algatused-4-Grethe-R\u00f5\u00f5m-1200x800.jpg\"><img decoding=\"async\" src=\"https:\/\/visitsouthestonia.com\/community\/wp-content\/uploads\/2020\/05\/LE-algatused-4-Grethe-R\u00f5\u00f5m-270x270.jpg\" alt=\"\" \/><\/a><\/div><div class=\"gallery-item\"><a href=\"https:\/\/visitsouthestonia.com\/community\/wp-content\/uploads\/2020\/05\/LE-algatused3-Grethe-R\u00f5\u00f5m-1200x800.jpg\"><img decoding=\"async\" src=\"https:\/\/visitsouthestonia.com\/community\/wp-content\/uploads\/2020\/05\/LE-algatused3-Grethe-R\u00f5\u00f5m-270x270.jpg\" alt=\"\" \/><\/a><\/div><div class=\"gallery-item\"><a href=\"https:\/\/visitsouthestonia.com\/community\/wp-content\/uploads\/2020\/05\/LE-algatused2-Grethe-R\u00f5\u00f5m-1200x800.jpg\"><img decoding=\"async\" src=\"https:\/\/visitsouthestonia.com\/community\/wp-content\/uploads\/2020\/05\/LE-algatused2-Grethe-R\u00f5\u00f5m-270x270.jpg\" alt=\"\" \/><\/a><\/div><div class=\"gallery-item\"><a href=\"https:\/\/visitsouthestonia.com\/community\/wp-content\/uploads\/2020\/05\/LE-algatused-Grethe-R\u00f5\u00f5m-1200x800.jpg\"><img decoding=\"async\" src=\"https:\/\/visitsouthestonia.com\/community\/wp-content\/uploads\/2020\/05\/LE-algatused-Grethe-R\u00f5\u00f5m-270x270.jpg\" alt=\"\" \/><\/a><\/div><\/div><\/div>\n\n\n<p class=\"wp-el\">Autor Grethe R\u00f5\u00f5m<\/p>\n<style class=\"advgb-styles-renderer\">#advgb-cols-4b857fb4-e212-47f8-8acf-b8cef6720a3f{}@media screen and (max-width: 1023px) {#advgb-cols-4b857fb4-e212-47f8-8acf-b8cef6720a3f{}}@media screen and (max-width: 767px) {#advgb-cols-4b857fb4-e212-47f8-8acf-b8cef6720a3f{}}#advgb-col-50baf7ed-ece8-48ea-a0a0-2e4422d11119>.advgb-column-inner{}@media screen and (max-width: 1023px) {#advgb-col-50baf7ed-ece8-48ea-a0a0-2e4422d11119>.advgb-column-inner{}}@media screen and (max-width: 767px) {#advgb-col-50baf7ed-ece8-48ea-a0a0-2e4422d11119>.advgb-column-inner{}}#advgb-col-8d1457bd-66cf-4afe-a055-dd6cf9328fba>.advgb-column-inner{margin-right:0px;margin-left:115px;}@media screen and (max-width: 1023px) {#advgb-col-8d1457bd-66cf-4afe-a055-dd6cf9328fba>.advgb-column-inner{}}@media screen and (max-width: 767px) {#advgb-col-8d1457bd-66cf-4afe-a055-dd6cf9328fba>.advgb-column-inner{}}<\/style>","protected":false},"excerpt":{"rendered":"<p>\u00c4revatel aegadel saame k\u00f5ik korraga aru, et neidsamu vanu lihtsaid teadmisi ja oskusi, mida L\u00f5una-Eesti suitsusaunakombestikust kuhjaga leida v\u00f5ib, vajame tegelikult h\u00e4dasti ka n\u00fc\u00fcd, \u00fcleilmastuvas ilmas. Uudsel moel.<\/p>\n","protected":false},"author":1,"featured_media":1904,"parent":12,"menu_order":20,"comment_status":"closed","ping_status":"closed","template":"","meta":{"advgb_blocks_editor_width":"","advgb_blocks_columns_visual_guide":"","footnotes":"","_links_to":"","_links_to_target":""},"acf":[],"yoast_head":"<!-- This site is optimized with the Yoast SEO plugin v21.4 - https:\/\/yoast.com\/wordpress\/plugins\/seo\/ -->\n<title>Kohalikud algatused - visitsouthestonia<\/title>\n<meta name=\"robots\" content=\"index, follow, max-snippet:-1, max-image-preview:large, max-video-preview:-1\" \/>\n<link rel=\"canonical\" href=\"https:\/\/visitsouthestonia.com\/lugu\/kohalikud-algatused\/\" \/>\n<meta property=\"og:locale\" content=\"et_EE\" \/>\n<meta property=\"og:type\" content=\"article\" \/>\n<meta property=\"og:title\" content=\"Kohalikud algatused - visitsouthestonia\" \/>\n<meta property=\"og:description\" content=\"\u00c4revatel aegadel saame k\u00f5ik korraga aru, et neidsamu vanu lihtsaid teadmisi ja oskusi, mida L\u00f5una-Eesti suitsusaunakombestikust kuhjaga leida v\u00f5ib, vajame tegelikult h\u00e4dasti ka n\u00fc\u00fcd, \u00fcleilmastuvas ilmas. Uudsel moel.\" \/>\n<meta property=\"og:url\" content=\"https:\/\/visitsouthestonia.com\/lugu\/kohalikud-algatused\/\" \/>\n<meta property=\"og:site_name\" content=\"visitsouthestonia\" \/>\n<meta property=\"article:modified_time\" content=\"2020-12-06T16:41:23+00:00\" \/>\n<meta property=\"og:image\" content=\"https:\/\/visitsouthestonia.com\/wp-content\/uploads\/2020\/05\/LE-algatused3-Grethe-R\u00f5\u00f5m.jpg\" \/>\n\t<meta property=\"og:image:width\" content=\"1600\" \/>\n\t<meta property=\"og:image:height\" content=\"1067\" \/>\n\t<meta property=\"og:image:type\" content=\"image\/jpeg\" \/>\n<meta name=\"twitter:card\" content=\"summary_large_image\" \/>\n<meta name=\"twitter:label1\" content=\"Est. reading time\" \/>\n\t<meta name=\"twitter:data1\" content=\"2 minutit\" \/>\n<script type=\"application\/ld+json\" class=\"yoast-schema-graph\">{\"@context\":\"https:\/\/schema.org\",\"@graph\":[{\"@type\":\"WebPage\",\"@id\":\"https:\/\/visitsouthestonia.com\/lugu\/kohalikud-algatused\/\",\"url\":\"https:\/\/visitsouthestonia.com\/lugu\/kohalikud-algatused\/\",\"name\":\"Kohalikud algatused - visitsouthestonia\",\"isPartOf\":{\"@id\":\"https:\/\/visitsouthestonia.com\/community\/#website\"},\"datePublished\":\"2020-04-22T10:49:58+00:00\",\"dateModified\":\"2020-12-06T16:41:23+00:00\",\"breadcrumb\":{\"@id\":\"https:\/\/visitsouthestonia.com\/lugu\/kohalikud-algatused\/#breadcrumb\"},\"inLanguage\":\"et\",\"potentialAction\":[{\"@type\":\"ReadAction\",\"target\":[\"https:\/\/visitsouthestonia.com\/lugu\/kohalikud-algatused\/\"]}]},{\"@type\":\"BreadcrumbList\",\"@id\":\"https:\/\/visitsouthestonia.com\/lugu\/kohalikud-algatused\/#breadcrumb\",\"itemListElement\":[{\"@type\":\"ListItem\",\"position\":1,\"name\":\"L\u00f5una-Eesti lugu\",\"item\":\"https:\/\/visitsouthestonia.com\/lugu\/\"},{\"@type\":\"ListItem\",\"position\":2,\"name\":\"Kohalikud algatused\"}]},{\"@type\":\"WebSite\",\"@id\":\"https:\/\/visitsouthestonia.com\/community\/#website\",\"url\":\"https:\/\/visitsouthestonia.com\/community\/\",\"name\":\"visitsouthestonia\",\"description\":\"Parim puhkus veeda L\u00f5una-Eestis!\",\"potentialAction\":[{\"@type\":\"SearchAction\",\"target\":{\"@type\":\"EntryPoint\",\"urlTemplate\":\"https:\/\/visitsouthestonia.com\/community\/?s={search_term_string}\"},\"query-input\":\"required name=search_term_string\"}],\"inLanguage\":\"et\"}]}<\/script>\n<!-- \/ Yoast SEO plugin. -->","yoast_head_json":{"title":"Kohalikud algatused - visitsouthestonia","robots":{"index":"index","follow":"follow","max-snippet":"max-snippet:-1","max-image-preview":"max-image-preview:large","max-video-preview":"max-video-preview:-1"},"canonical":"https:\/\/visitsouthestonia.com\/lugu\/kohalikud-algatused\/","og_locale":"et_EE","og_type":"article","og_title":"Kohalikud algatused - visitsouthestonia","og_description":"\u00c4revatel aegadel saame k\u00f5ik korraga aru, et neidsamu vanu lihtsaid teadmisi ja oskusi, mida L\u00f5una-Eesti suitsusaunakombestikust kuhjaga leida v\u00f5ib, vajame tegelikult h\u00e4dasti ka n\u00fc\u00fcd, \u00fcleilmastuvas ilmas. Uudsel moel.","og_url":"https:\/\/visitsouthestonia.com\/lugu\/kohalikud-algatused\/","og_site_name":"visitsouthestonia","article_modified_time":"2020-12-06T16:41:23+00:00","og_image":[{"width":1600,"height":1067,"url":"https:\/\/visitsouthestonia.com\/wp-content\/uploads\/2020\/05\/LE-algatused3-Grethe-R\u00f5\u00f5m.jpg","type":"image\/jpeg"}],"twitter_card":"summary_large_image","twitter_misc":{"Est. reading time":"2 minutit"},"schema":{"@context":"https:\/\/schema.org","@graph":[{"@type":"WebPage","@id":"https:\/\/visitsouthestonia.com\/lugu\/kohalikud-algatused\/","url":"https:\/\/visitsouthestonia.com\/lugu\/kohalikud-algatused\/","name":"Kohalikud algatused - visitsouthestonia","isPartOf":{"@id":"https:\/\/visitsouthestonia.com\/community\/#website"},"datePublished":"2020-04-22T10:49:58+00:00","dateModified":"2020-12-06T16:41:23+00:00","breadcrumb":{"@id":"https:\/\/visitsouthestonia.com\/lugu\/kohalikud-algatused\/#breadcrumb"},"inLanguage":"et","potentialAction":[{"@type":"ReadAction","target":["https:\/\/visitsouthestonia.com\/lugu\/kohalikud-algatused\/"]}]},{"@type":"BreadcrumbList","@id":"https:\/\/visitsouthestonia.com\/lugu\/kohalikud-algatused\/#breadcrumb","itemListElement":[{"@type":"ListItem","position":1,"name":"L\u00f5una-Eesti lugu","item":"https:\/\/visitsouthestonia.com\/lugu\/"},{"@type":"ListItem","position":2,"name":"Kohalikud algatused"}]},{"@type":"WebSite","@id":"https:\/\/visitsouthestonia.com\/community\/#website","url":"https:\/\/visitsouthestonia.com\/community\/","name":"visitsouthestonia","description":"Parim puhkus veeda L\u00f5una-Eestis!","potentialAction":[{"@type":"SearchAction","target":{"@type":"EntryPoint","urlTemplate":"https:\/\/visitsouthestonia.com\/community\/?s={search_term_string}"},"query-input":"required name=search_term_string"}],"inLanguage":"et"}]}},"coauthors":[],"author_meta":{"author_link":"https:\/\/visitsouthestonia.com\/community\/author\/admin\/","display_name":"admin"},"relative_dates":{"created":"Posted 6 aastat ago","modified":"Updated 5 aastat ago"},"absolute_dates":{"created":"Posted on 22. apr. 2020","modified":"Updated on 6. dets. 2020"},"absolute_dates_time":{"created":"Posted on 22. apr. 2020 01:49","modified":"Updated on 6. dets. 2020 06:41"},"featured_img_caption":"","featured_img":"https:\/\/visitsouthestonia.com\/community\/wp-content\/uploads\/2020\/05\/LE-algatused3-Grethe-R\u00f5\u00f5m.jpg","series_order":"","_links":{"self":[{"href":"https:\/\/visitsouthestonia.com\/community\/wp-json\/wp\/v2\/pages\/350"}],"collection":[{"href":"https:\/\/visitsouthestonia.com\/community\/wp-json\/wp\/v2\/pages"}],"about":[{"href":"https:\/\/visitsouthestonia.com\/community\/wp-json\/wp\/v2\/types\/page"}],"author":[{"embeddable":true,"href":"https:\/\/visitsouthestonia.com\/community\/wp-json\/wp\/v2\/users\/1"}],"replies":[{"embeddable":true,"href":"https:\/\/visitsouthestonia.com\/community\/wp-json\/wp\/v2\/comments?post=350"}],"version-history":[{"count":6,"href":"https:\/\/visitsouthestonia.com\/community\/wp-json\/wp\/v2\/pages\/350\/revisions"}],"predecessor-version":[{"id":3961,"href":"https:\/\/visitsouthestonia.com\/community\/wp-json\/wp\/v2\/pages\/350\/revisions\/3961"}],"up":[{"embeddable":true,"href":"https:\/\/visitsouthestonia.com\/community\/wp-json\/wp\/v2\/pages\/12"}],"wp:featuredmedia":[{"embeddable":true,"href":"https:\/\/visitsouthestonia.com\/community\/wp-json\/wp\/v2\/media\/1904"}],"wp:attachment":[{"href":"https:\/\/visitsouthestonia.com\/community\/wp-json\/wp\/v2\/media?parent=350"}],"curies":[{"name":"wp","href":"https:\/\/api.w.org\/{rel}","templated":true}]}}