{"id":21050,"date":"2024-09-09T07:44:53","date_gmt":"2024-09-09T04:44:53","guid":{"rendered":"https:\/\/visitsouthestonia.com\/community\/?page_id=21050"},"modified":"2024-10-22T08:20:28","modified_gmt":"2024-10-22T05:20:28","slug":"vorus-kogunevad-kagu-eesti-loovisikud","status":"publish","type":"page","link":"https:\/\/visitsouthestonia.com\/community\/tartu-2024\/uudised\/vorus-kogunevad-kagu-eesti-loovisikud\/","title":{"rendered":"V\u00f5rus kogunevad Kagu-Eesti loovisikud"},"content":{"rendered":"\n<h2 class=\"wp-block-heading wp-el\"><strong><strong>L\u00f5una-Eesti kogukonnaprogrammi raames kogunevad V\u00f5rus Kagu-Eesti loovisikud<\/strong><\/strong><\/h2>\n\n\n\n<p class=\"wp-el\">09.09.2024<\/p>\n\n\n\n<p class=\"wp-el\"><strong>Euroopa kultuuripealinn Tartu 2024 p\u00f5hiprogrammi kuuluva L\u00f5una-Eesti kogukonnaprogrammi raames toimub 14. septembril V\u00f5rus inspiratsioonifestival \u201eLoovus loob lootust\u201c, mille raames kogunevad Kagu-Eesti loovisikud arutlema piirkonna loomemajanduse arengute \u00fcle. Temaatiliste paneeldiskussioonide k\u00f5rval saab ATE loomemajas osa v\u00f5tta ka t\u00f6\u00f6tubadest ja avardada koost\u00f6\u00f6 v\u00f5imalusi.<\/strong><\/p>\n\n\n\n<p class=\"wp-el\">V\u00f5rumaa Partnerluskogu tegevjuht ja L\u00f5una-Eesti kogukonnaprogrammi meeskonna liige <strong>Kerli Kanger <\/strong>\u00fctles, et loomemajandus vajab kohalikul tasandil kindlasti suuremat t\u00e4helepanu. \u201eKagu-Eesti loomemajanduse sektor on suure potentsiaaliga, sest siin elab ja tegutseb palju andekaid loovisikuid erinevatest loomevaldkondadest. Inspiratsioonis\u00fcndmus toob inimesed kokku, innustab koost\u00f6\u00f6le ning v\u00f5rgustuma, et \u00fchiselt seista oma valdkonna suundumuste eest,\u201c lausus Kanger.<\/p>\n\n\n\n<p class=\"wp-el\">V\u00f5rumaa Arenduskeskuse kultuurispetsialist<strong> Kristi Vals<\/strong> r\u00e4\u00e4kis, et inspiratsioonis\u00fcndmuse \u201eLoovus loob lootust\u201c raames j\u00e4tkub t\u00f6\u00f6 V\u00f5ru maakonna \u00fche olulise arenguv\u00f5imaluse \u2013 loomeettev\u00f5tluse edendamisega. \u201eLoomeettev\u00f5tjate v\u00f5rgustiku k\u00e4ivitamine oleks kahtlemata parim tulemus, mis neist aruteludest v\u00f5iks hoogu ja konkreetsust saada,\u201c s\u00f5nas Vals. \u201eSama oluline on ka loomerahva muude \u00fchistegevuste, koolitusv\u00f5imaluste ja regulaarse suhtluse avardamine, uute kontaktide s\u00f5lmimine, noorte kaasamine ning ka \u00fchine loomine.\u201c Vals lisas, et k\u00f5ike seda just inspiratsioonis\u00fcndmus pakubki, kulgedes hilis\u00f5htuni v\u00e4lja loomingulises v\u00f5tmes.<\/p>\n\n\n\n<p class=\"wp-el\"><strong>Inspiratsioonifestival \u201eLoovus loob lootust\u201c <\/strong>toimub <strong>14. septembril<\/strong> <strong>kell 12.00-23.00<\/strong> V\u00f5rus ATE loomemajas ja hoovis (Liiva 11a). S\u00fcndmus toob kokku Kagu-Eesti loomeinimesed, loovettev\u00f5tjad, kultuuritegijad ja vision\u00e4\u00e4rid, et koos arutleda loomevaldkonnas tegutsevate inimeste elu ja eneseteostuse v\u00f5imaluste edendamise \u00fcle Eesti \u00e4\u00e4realadel. P\u00e4eva jooksul toimuvad erinevad paneeldiskussioonid, workshopid ja ateljeede k\u00fclastused. \u00d5htul saab kogutud m\u00f5tteid ja ideid jagada teiste osalejatega \u00fchisel peol. Paneeldiskussioone modereerib <strong>Jorma Sarv<\/strong> Creativity Lab\u2019ist ning visualiseerib <strong>Kerttu Reva<\/strong>, t\u00f6\u00f6tubasid veab kunstnik <strong>Eleriin Seim<\/strong> ja kogu s\u00fcndmust koordineerib muusik <strong>Madis Meister<\/strong>. S\u00fcndmus on k\u00f5igile tasuta. T\u00fchjade k\u00f5htude eest hoolitseb Retroburks. Loe l\u00e4hemalt: <a href=\"https:\/\/l.facebook.com\/l.php?u=https%3A%2F%2Ffb.me%2Fe%2FhsFJAvs0L&amp;h=AT2POA3LFHHggwofRv_nBvR_kZwNkEgKqr-xRdyOp-WY-_80WIzPU8M2MgdsZnH6CHWpt-RA3quGiHiPU1jyNsUlK0lPxcUsapTcM4W2YddcEOw5GukX17koefOWtgfXUQ&amp;__tn__=-UK-R&amp;c%5b0%5d=AT1xJQy4KQ2c2F5vvugeq34j6Utrzv1xiH7_mU8_sPcVmy3TV9oI47tSAdfTpV2MGbgDbFIEVWyHOtGfepxTI7rXQREYxaEkcsIBrQX5b6qXEH3f3rp5Mf7Ke96lIROg_vnu\" target=\"_blank\" rel=\"noreferrer noopener\">https:\/\/fb.me\/e\/hsFJAvs0L<\/a><\/p>\n\n\n\n<p class=\"wp-el\"><strong>L\u00f5una-Eesti kogukonnaprogrammi<\/strong> raames korraldatakse 2023.<em> <\/em>ja 2024. aastal \u00fchtekokku 20 projekti rohkem kui saja v\u00e4\u00e4rtusp\u00f5hise s\u00fcndmusega, mis kutsuvad osalema k\u00fclastajaid Eestist, Euroopast ja mujalt maailmast. Programmi eesm\u00e4rk on anda hoogu omavahelisele koost\u00f6\u00f6le ja tugevdada L\u00f5una-Eesti identiteeti. Euroopa kultuuripealinn Tartu 2024 p\u00f5hiprogrammi osana aitab kogukonnaprogramm tutvustada kogu piirkonda just nende v\u00e4\u00e4rtuste p\u00f5hjal, mis on olulised kohalikele inimestele ja kogukondadele. K\u00f5ik valitud s\u00fcndmused aitavad esile t\u00f5sta L\u00f5una-Eesti v\u00e4\u00e4rtusi \u2013 puhast loodust, mitmek\u00fclgset kultuurip\u00e4randit<em>, <\/em>kohalikku toitu ja k\u00e4sit\u00f6\u00f6d, tervislikku eluviisi, j\u00e4tkusuutlikke ja innovaatilisi lahendusi ning aktiivseid ja eluj\u00f5ulisi kogukondi.<\/p>\n\n\n\n<p class=\"wp-el\"><strong>Kogukonnas\u00fcndmused, <\/strong>mis kuuluvad avatud taotlusvooru tulemusena L\u00f5una-Eesti kogukonnaprogrammi, on j\u00e4rgmised: j\u00f5eretkede sari \u201eAvasta Emaj\u00f5gi!\u201c, Tartumaa toidus\u00fcndmuste sari \u201eTirin\u201c, kogukonnalavastus \u201eLeevaku kullakaevur\u201c, \u201eSeto kostip\u00e4iv\u00e4 aastaring\u201c, R\u00f5uge kogukonnafestival \u201eElluj\u00e4\u00e4mise kunstid\u201d, Tartumaa teemap\u00e4evad \u201eP\u00e4ritud elluj\u00e4\u00e4miskunstid\u201c, R\u00f5uge avatud saunade n\u00e4dalavahetus \u201eSanna!\u201c, ruumiloomekonverents \u201eLoo v\u00f5i loobu!\u201c, \u201eTaliteed Emaj\u00f5e-Suursoos\u201c, Otep\u00e4\u00e4 maaliliste maastike matkasari, r\u00e4nnaklavastus \u201eEedeni aed\u201c Luke m\u00f5isapargis, I Kodavere laalupido, dokumentaallavastus \u201e\u00d5hud meie vahel\u201d, Seto tantsupidu \u201eKad\u2019ah kavv\u00f5k\u00f5s\u00f5\u201c, Navi k\u00fcla kogukonnafestival, roosifestival Kaagj\u00e4rvel, Peipsi Toidu T\u00e4nav 175 km, Kagu-Eesti inspiratsioonifestival \u201eLoovus loob lootust!\u201c, \u201eAvastamata Antsla aarded \u2013 j\u00e4rved\u201c, linnaruumilavastus \u201eL\u00e4bi linna: Valga+Valka\u201c. Vt <a href=\"http:\/\/www.visitsouthestonia.com\/community\/tartu-2024\/\">www.visitsouthestonia.com\/community\/tartu-2024\/<\/a><\/p>\n\n\n\n<p class=\"wp-el\"><strong>Euroopa kultuuripealinn Tartu 2024 <\/strong>p\u00f5hiprogrammi kuuluv L\u00f5una-Eesti kogukonnaprogramm kasvas v\u00e4lja 2013. aastal L\u00f5una-Eesti LEADER-tegevusr\u00fchmade k\u00e4ima l\u00fckatud kollaste akende projektist \u201eElu kahe maailma piiril\u201c. L\u00f5una-Eesti kogukonnaprogrammi viivad ellu LEADER-tegevusr\u00fchmad Tartumaa Arendusselts, Valgamaa Partnerluskogu, V\u00f5rumaa Partnerluskogu ja Piiriveere Liider ning koost\u00f6\u00f6partneritena l\u00f6\u00f6vad kaasa Tartu, Elva, V\u00f5ru ja Valga linn. S\u00fcndmusi toetatakse LEADER-meetmest ning SA Tartu 2024 poolt L\u00f5una-Eesti kogukonnaprogrammile eraldatud eelarvest. Kogukonnaprogrammi tegemistesse on partnerina kaasatud teinegi Euroopa kultuuripealinn Tartu 2024 projekt Tartu Maailma\u00fclikool.<\/p>\n\n\n\n<p class=\"wp-el\">Lisainformatsioon: <a href=\"http:\/\/www.visitsouthestonia.com\/community\/tartu-2024\/\">www.visitsouthestonia.com\/community\/tartu-2024\/<\/a><br><a href=\"https:\/\/tartu2024.ee\/kogukonnaprogramm\">tartu2024.ee\/kogukonnaprogramm<\/a><\/p>\n\n\n\n<p class=\"wp-el\"><strong>Kerli Kanger<\/strong>, V\u00f5rumaa Partnerluskogu tegevjuht ja L\u00f5una-Eesti kogukonnaprogrammi tiimi liige,<br>telefon +372&nbsp;510 2662, e-post <a href=\"mailto:kerli@voruleader.ee\">kerli@voruleader.ee<\/a><\/p>\n\n\n\n<p class=\"wp-el\"><strong>Kristi Vals<\/strong>, V\u00f5rumaa Arenduskeskuse kultuurispetsialist, <br>telefon +372 5912 9200, e-post <a href=\"mailto:kristi.vals@vorumaa.ee\">kristi.vals@vorumaa.ee<\/a><br><br><\/p>\n\n\n\n<figure class=\"wp-block-image size-large is-resized\"><img decoding=\"async\" loading=\"lazy\" width=\"1200\" height=\"524\" src=\"https:\/\/visitsouthestonia.com\/community\/wp-content\/uploads\/2023\/05\/Tartu24Leader-logo-horisontaalne-est-must-1200x524.jpg\" alt=\"\" class=\"wp-image-12363\" style=\"width:300px;height:131px\" srcset=\"https:\/\/visitsouthestonia.com\/community\/wp-content\/uploads\/2023\/05\/Tartu24Leader-logo-horisontaalne-est-must-1200x524.jpg 1200w, https:\/\/visitsouthestonia.com\/community\/wp-content\/uploads\/2023\/05\/Tartu24Leader-logo-horisontaalne-est-must-768x335.jpg 768w, https:\/\/visitsouthestonia.com\/community\/wp-content\/uploads\/2023\/05\/Tartu24Leader-logo-horisontaalne-est-must-350x153.jpg 350w, https:\/\/visitsouthestonia.com\/community\/wp-content\/uploads\/2023\/05\/Tartu24Leader-logo-horisontaalne-est-must-1100x480.jpg 1100w, https:\/\/visitsouthestonia.com\/community\/wp-content\/uploads\/2023\/05\/Tartu24Leader-logo-horisontaalne-est-must-230x100.jpg 230w, https:\/\/visitsouthestonia.com\/community\/wp-content\/uploads\/2023\/05\/Tartu24Leader-logo-horisontaalne-est-must-160x70.jpg 160w, https:\/\/visitsouthestonia.com\/community\/wp-content\/uploads\/2023\/05\/Tartu24Leader-logo-horisontaalne-est-must-188x82.jpg 188w, https:\/\/visitsouthestonia.com\/community\/wp-content\/uploads\/2023\/05\/Tartu24Leader-logo-horisontaalne-est-must-124x54.jpg 124w, https:\/\/visitsouthestonia.com\/community\/wp-content\/uploads\/2023\/05\/Tartu24Leader-logo-horisontaalne-est-must-370x161.jpg 370w, https:\/\/visitsouthestonia.com\/community\/wp-content\/uploads\/2023\/05\/Tartu24Leader-logo-horisontaalne-est-must.jpg 1334w\" sizes=\"(max-width: 1200px) 100vw, 1200px\" \/><\/figure>\n\n\n\n<p class=\"wp-el\"><img decoding=\"async\" loading=\"lazy\" width=\"128\" height=\"128\" class=\"wp-image-12016\" style=\"width: 20px;\" src=\"https:\/\/visitsouthestonia.com\/community\/wp-content\/uploads\/2023\/05\/must-nool.png\" alt=\"\" srcset=\"https:\/\/visitsouthestonia.com\/community\/wp-content\/uploads\/2023\/05\/must-nool.png 128w, https:\/\/visitsouthestonia.com\/community\/wp-content\/uploads\/2023\/05\/must-nool-51x51.png 51w, https:\/\/visitsouthestonia.com\/community\/wp-content\/uploads\/2023\/05\/must-nool-70x70.png 70w, https:\/\/visitsouthestonia.com\/community\/wp-content\/uploads\/2023\/05\/must-nool-120x120.png 120w, https:\/\/visitsouthestonia.com\/community\/wp-content\/uploads\/2023\/05\/must-nool-100x100.png 100w, https:\/\/visitsouthestonia.com\/community\/wp-content\/uploads\/2023\/05\/must-nool-54x54.png 54w\" sizes=\"(max-width: 128px) 100vw, 128px\" \/> Rohkem infot <a href=\"https:\/\/visitsouthestonia.com\/community\/tartu-2024\/\">Euroopa kultuuripealinn Tartu 2024 L\u00f5una-Eesti kogukonnaprogrammist<\/a><\/p>\n","protected":false},"excerpt":{"rendered":"<p>L\u00f5una-Eesti kogukonnaprogrammi raames kogunevad V\u00f5rus Kagu-Eesti loovisikud 09.09.2024 Euroopa kultuuripealinn Tartu 2024 p\u00f5hiprogrammi kuuluva L\u00f5una-Eesti kogukonnaprogrammi raames toimub 14. septembril&#8230;<\/p>\n","protected":false},"author":211,"featured_media":0,"parent":12304,"menu_order":1,"comment_status":"closed","ping_status":"closed","template":"","meta":{"advgb_blocks_editor_width":"","advgb_blocks_columns_visual_guide":"","footnotes":"","_links_to":"","_links_to_target":""},"acf":[],"yoast_head":"<!-- This site is optimized with the Yoast SEO plugin v21.4 - https:\/\/yoast.com\/wordpress\/plugins\/seo\/ -->\n<title>V\u00f5rus kogunevad Kagu-Eesti loovisikud - visitsouthestonia<\/title>\n<meta name=\"robots\" content=\"index, follow, max-snippet:-1, max-image-preview:large, max-video-preview:-1\" \/>\n<link rel=\"canonical\" href=\"https:\/\/visitsouthestonia.com\/tartu-2024\/uudised\/vorus-kogunevad-kagu-eesti-loovisikud\/\" \/>\n<meta property=\"og:locale\" content=\"et_EE\" \/>\n<meta property=\"og:type\" content=\"article\" \/>\n<meta property=\"og:title\" content=\"V\u00f5rus kogunevad Kagu-Eesti loovisikud - visitsouthestonia\" \/>\n<meta property=\"og:description\" content=\"L\u00f5una-Eesti kogukonnaprogrammi raames kogunevad V\u00f5rus Kagu-Eesti loovisikud 09.09.2024 Euroopa kultuuripealinn Tartu 2024 p\u00f5hiprogrammi kuuluva L\u00f5una-Eesti kogukonnaprogrammi raames toimub 14. septembril...\" \/>\n<meta property=\"og:url\" content=\"https:\/\/visitsouthestonia.com\/tartu-2024\/uudised\/vorus-kogunevad-kagu-eesti-loovisikud\/\" \/>\n<meta property=\"og:site_name\" content=\"visitsouthestonia\" \/>\n<meta property=\"article:modified_time\" content=\"2024-10-22T05:20:28+00:00\" \/>\n<meta property=\"og:image\" content=\"https:\/\/visitsouthestonia.com\/wp-content\/uploads\/2023\/05\/Tartu24Leader-logo-horisontaalne-est-must-1200x524.jpg\" \/>\n<meta name=\"twitter:card\" content=\"summary_large_image\" \/>\n<meta name=\"twitter:label1\" content=\"Est. reading time\" \/>\n\t<meta name=\"twitter:data1\" content=\"4 minutit\" \/>\n<script type=\"application\/ld+json\" class=\"yoast-schema-graph\">{\"@context\":\"https:\/\/schema.org\",\"@graph\":[{\"@type\":\"WebPage\",\"@id\":\"https:\/\/visitsouthestonia.com\/tartu-2024\/uudised\/vorus-kogunevad-kagu-eesti-loovisikud\/\",\"url\":\"https:\/\/visitsouthestonia.com\/tartu-2024\/uudised\/vorus-kogunevad-kagu-eesti-loovisikud\/\",\"name\":\"V\u00f5rus kogunevad Kagu-Eesti loovisikud - visitsouthestonia\",\"isPartOf\":{\"@id\":\"https:\/\/visitsouthestonia.com\/community\/#website\"},\"datePublished\":\"2024-09-09T04:44:53+00:00\",\"dateModified\":\"2024-10-22T05:20:28+00:00\",\"breadcrumb\":{\"@id\":\"https:\/\/visitsouthestonia.com\/tartu-2024\/uudised\/vorus-kogunevad-kagu-eesti-loovisikud\/#breadcrumb\"},\"inLanguage\":\"et\",\"potentialAction\":[{\"@type\":\"ReadAction\",\"target\":[\"https:\/\/visitsouthestonia.com\/tartu-2024\/uudised\/vorus-kogunevad-kagu-eesti-loovisikud\/\"]}]},{\"@type\":\"BreadcrumbList\",\"@id\":\"https:\/\/visitsouthestonia.com\/tartu-2024\/uudised\/vorus-kogunevad-kagu-eesti-loovisikud\/#breadcrumb\",\"itemListElement\":[{\"@type\":\"ListItem\",\"position\":1,\"name\":\"Tartu 2024 L\u00f5una-Eesti kogukonnaprogramm\",\"item\":\"https:\/\/visitsouthestonia.com\/tartu-2024\/\"},{\"@type\":\"ListItem\",\"position\":2,\"name\":\"Tartu 2024 kogukonnaprogrammi uudised\",\"item\":\"https:\/\/visitsouthestonia.com\/tartu-2024\/uudised\/\"},{\"@type\":\"ListItem\",\"position\":3,\"name\":\"V\u00f5rus kogunevad Kagu-Eesti loovisikud\"}]},{\"@type\":\"WebSite\",\"@id\":\"https:\/\/visitsouthestonia.com\/community\/#website\",\"url\":\"https:\/\/visitsouthestonia.com\/community\/\",\"name\":\"visitsouthestonia\",\"description\":\"Parim puhkus veeda L\u00f5una-Eestis!\",\"potentialAction\":[{\"@type\":\"SearchAction\",\"target\":{\"@type\":\"EntryPoint\",\"urlTemplate\":\"https:\/\/visitsouthestonia.com\/community\/?s={search_term_string}\"},\"query-input\":\"required name=search_term_string\"}],\"inLanguage\":\"et\"}]}<\/script>\n<!-- \/ Yoast SEO plugin. -->","yoast_head_json":{"title":"V\u00f5rus kogunevad Kagu-Eesti loovisikud - visitsouthestonia","robots":{"index":"index","follow":"follow","max-snippet":"max-snippet:-1","max-image-preview":"max-image-preview:large","max-video-preview":"max-video-preview:-1"},"canonical":"https:\/\/visitsouthestonia.com\/tartu-2024\/uudised\/vorus-kogunevad-kagu-eesti-loovisikud\/","og_locale":"et_EE","og_type":"article","og_title":"V\u00f5rus kogunevad Kagu-Eesti loovisikud - visitsouthestonia","og_description":"L\u00f5una-Eesti kogukonnaprogrammi raames kogunevad V\u00f5rus Kagu-Eesti loovisikud 09.09.2024 Euroopa kultuuripealinn Tartu 2024 p\u00f5hiprogrammi kuuluva L\u00f5una-Eesti kogukonnaprogrammi raames toimub 14. septembril...","og_url":"https:\/\/visitsouthestonia.com\/tartu-2024\/uudised\/vorus-kogunevad-kagu-eesti-loovisikud\/","og_site_name":"visitsouthestonia","article_modified_time":"2024-10-22T05:20:28+00:00","og_image":[{"url":"https:\/\/visitsouthestonia.com\/wp-content\/uploads\/2023\/05\/Tartu24Leader-logo-horisontaalne-est-must-1200x524.jpg"}],"twitter_card":"summary_large_image","twitter_misc":{"Est. reading time":"4 minutit"},"schema":{"@context":"https:\/\/schema.org","@graph":[{"@type":"WebPage","@id":"https:\/\/visitsouthestonia.com\/tartu-2024\/uudised\/vorus-kogunevad-kagu-eesti-loovisikud\/","url":"https:\/\/visitsouthestonia.com\/tartu-2024\/uudised\/vorus-kogunevad-kagu-eesti-loovisikud\/","name":"V\u00f5rus kogunevad Kagu-Eesti loovisikud - visitsouthestonia","isPartOf":{"@id":"https:\/\/visitsouthestonia.com\/community\/#website"},"datePublished":"2024-09-09T04:44:53+00:00","dateModified":"2024-10-22T05:20:28+00:00","breadcrumb":{"@id":"https:\/\/visitsouthestonia.com\/tartu-2024\/uudised\/vorus-kogunevad-kagu-eesti-loovisikud\/#breadcrumb"},"inLanguage":"et","potentialAction":[{"@type":"ReadAction","target":["https:\/\/visitsouthestonia.com\/tartu-2024\/uudised\/vorus-kogunevad-kagu-eesti-loovisikud\/"]}]},{"@type":"BreadcrumbList","@id":"https:\/\/visitsouthestonia.com\/tartu-2024\/uudised\/vorus-kogunevad-kagu-eesti-loovisikud\/#breadcrumb","itemListElement":[{"@type":"ListItem","position":1,"name":"Tartu 2024 L\u00f5una-Eesti kogukonnaprogramm","item":"https:\/\/visitsouthestonia.com\/tartu-2024\/"},{"@type":"ListItem","position":2,"name":"Tartu 2024 kogukonnaprogrammi uudised","item":"https:\/\/visitsouthestonia.com\/tartu-2024\/uudised\/"},{"@type":"ListItem","position":3,"name":"V\u00f5rus kogunevad Kagu-Eesti loovisikud"}]},{"@type":"WebSite","@id":"https:\/\/visitsouthestonia.com\/community\/#website","url":"https:\/\/visitsouthestonia.com\/community\/","name":"visitsouthestonia","description":"Parim puhkus veeda L\u00f5una-Eestis!","potentialAction":[{"@type":"SearchAction","target":{"@type":"EntryPoint","urlTemplate":"https:\/\/visitsouthestonia.com\/community\/?s={search_term_string}"},"query-input":"required name=search_term_string"}],"inLanguage":"et"}]}},"coauthors":[],"author_meta":{"author_link":"https:\/\/visitsouthestonia.com\/community\/author\/kaisa-timmi\/","display_name":"Meeri"},"relative_dates":{"created":"Posted 2 aastat ago","modified":"Updated 1 aasta ago"},"absolute_dates":{"created":"Posted on 9. sept. 2024","modified":"Updated on 22. okt. 2024"},"absolute_dates_time":{"created":"Posted on 9. sept. 2024 07:44","modified":"Updated on 22. okt. 2024 08:20"},"featured_img_caption":"","featured_img":false,"series_order":"","_links":{"self":[{"href":"https:\/\/visitsouthestonia.com\/community\/wp-json\/wp\/v2\/pages\/21050"}],"collection":[{"href":"https:\/\/visitsouthestonia.com\/community\/wp-json\/wp\/v2\/pages"}],"about":[{"href":"https:\/\/visitsouthestonia.com\/community\/wp-json\/wp\/v2\/types\/page"}],"author":[{"embeddable":true,"href":"https:\/\/visitsouthestonia.com\/community\/wp-json\/wp\/v2\/users\/211"}],"replies":[{"embeddable":true,"href":"https:\/\/visitsouthestonia.com\/community\/wp-json\/wp\/v2\/comments?post=21050"}],"version-history":[{"count":3,"href":"https:\/\/visitsouthestonia.com\/community\/wp-json\/wp\/v2\/pages\/21050\/revisions"}],"predecessor-version":[{"id":21247,"href":"https:\/\/visitsouthestonia.com\/community\/wp-json\/wp\/v2\/pages\/21050\/revisions\/21247"}],"up":[{"embeddable":true,"href":"https:\/\/visitsouthestonia.com\/community\/wp-json\/wp\/v2\/pages\/12304"}],"wp:attachment":[{"href":"https:\/\/visitsouthestonia.com\/community\/wp-json\/wp\/v2\/media?parent=21050"}],"curies":[{"name":"wp","href":"https:\/\/api.w.org\/{rel}","templated":true}]}}