{"id":20641,"date":"2024-05-27T10:57:07","date_gmt":"2024-05-27T07:57:07","guid":{"rendered":"https:\/\/visitsouthestonia.com\/community\/?page_id=20641"},"modified":"2024-10-22T08:25:27","modified_gmt":"2024-10-22T05:25:27","slug":"i-kodavere-laalupido-teeb-vaikekeelte-ajalugu","status":"publish","type":"page","link":"https:\/\/visitsouthestonia.com\/community\/tartu-2024\/uudised\/i-kodavere-laalupido-teeb-vaikekeelte-ajalugu\/","title":{"rendered":"I Kodavere laalupido teeb v\u00e4ikekeelte ajalugu"},"content":{"rendered":"\n<h2 class=\"wp-block-heading wp-el\">L\u00f5una-Eesti kogukonnaprogrammi raames sel p\u00fchap\u00e4eval peetav I Kodavere laalupido teeb v\u00e4ikekeelte ajalugu<\/h2>\n\n\n\n<p class=\"wp-el\">27.05.2024<\/p>\n\n\n\n<p class=\"wp-el\"><strong>Euroopa kultuuripealinn Tartu 2024 p\u00f5hiprogrammi kuuluva L\u00f5una-Eesti kogukonnaprogrammi raames toimub sel p\u00fchap\u00e4eval, 2. juunil Tartumaal pisikesel Pala laululaval v\u00e4ikekeelte hoidmise ajalooline s\u00fcndmus \u2013 I Kodavere laalupido, kus k\u00f5ik laulud k\u00f5lavad Kodavere murrakus. P\u00e4ev varem saab kaasa elada peotule teekonnale eri t\u00fc\u00fcpi s\u00f5idukite osav\u00f5tul.<\/strong><\/p>\n\n\n\n<p class=\"wp-el\">Tartumaa Arendusseltsi tegevjuht ja L\u00f5una-Eesti kogukonnaprogrammi koordinaator <strong>Kristiina Tammets<\/strong> \u00fctles, et Kodavere laulupidu on v\u00e4ga eriline kogukonnas\u00fcndmus, mis sobib h\u00e4sti tutvustama t\u00e4navust Euroopa kultuuripealinna Tartut koos L\u00f5una-Eestiga. \u201eV\u00e4ikekeelte eluj\u00f5ulisus n\u00e4itab L\u00f5una-Eesti kultuuriruumi rikkust. Kodavere keele k\u00f5nelejaid on j\u00e4rgi j\u00e4\u00e4nud v\u00e4he, ent kogukonna eestv\u00f5ttel toimuv esimene laulupidu, kus k\u00f5ik laulud k\u00f5lavad Kodavere murrakus, v\u00e4\u00e4rib kindlasti kohale tulemist,\u201c r\u00e4\u00e4kis Tammets.<\/p>\n\n\n\n<p class=\"wp-el\">I Kodavere laalupido saab teoks Kodavere P\u00e4rimuskeskuse ja Peipsi\u00e4\u00e4re valla tihedas koost\u00f6\u00f6s. Laulupeo projektijuht ja valla kultuurit\u00f6\u00f6 spetsialist <strong>Reet Kruup<\/strong> lausus, et kogukonna panus kogu s\u00fcndmuse ettevalmistamisel on v\u00e4ga suur. \u201eInimesed l\u00e4hedalt ja kaugemalt on vabatahtlikuna kaasa aitamas, sest oma juurte tunnetamine l\u00e4heb rahvale korda ning esimene omakeelne laulupidu andis hea p\u00f5hjuse end taas Kodavere kandiga tugevamalt siduda,\u201c selgitas Kruup. \u201eK\u00f5ige suurem r\u00f5\u00f5m on aga sellest, et 250 lauljast 170 on lapsed ja noored, kes k\u00f5ik n\u00fc\u00fcd kodavere keelt \u00f5pivad. Laulupeo \u00fcks olulisi eesm\u00e4rke ongi pakkuda lastele ja noortele v\u00f5imalust p\u00e4rimuskultuurist osa saada ja seda edasi kanda. Lisaks tuli kokku projektikoor, kes soovib laulmist j\u00e4tkata ka p\u00e4rast laulupidu.\u201c<\/p>\n\n\n\n<p class=\"wp-el\">Laulupeo \u00fcks eestvedajaid, Kodavere P\u00e4rimuskeskuse juhatuse esimees <strong>Ergo-Hart V\u00e4strik<\/strong> peab oluliseks Peipsiveere p\u00e4rimuskultuuri hoidmist ning t\u00e4helepanu toomist \u00fchele erilisele v\u00e4ikekeelele, mis on t\u00e4nu laulupeole saamas juba eluj\u00f5udu juurde. \u201eTartu 2024 one t\u00f5simiili annud meie veikeki\u00e4ltele i\u00e4le. N\u00f5nnamuudu pidet\u00e4ssegi Euruupa kultuuripi\u00e4linna uassal I Kodavere laalupido, muailma esimene laalupido, kos laaletasse aenult kodavere ki\u00e4len. Tule k\u00f5hale, laala \u00fchen ja \u00f5le ajaluulise pido s\u00fcnni juuren!\u201c lausus V\u00e4strik kodavere keeles.<\/p>\n\n\n\n<p class=\"wp-el\"><strong>I Kodavere laalupido <\/strong>peetakse p\u00fchap\u00e4eval, <strong>2. juunil<\/strong> <strong>kell 18.00<\/strong> Pala laululaval Peipsi\u00e4\u00e4re vallas. Esitamisele tuleb 22 laulu, mis k\u00f5ik lauldakse kodavere keeles. Laulupeo kava koosneb regilauludest levilauludeni, saateks m\u00e4ngib b\u00e4nd ja laule saab laulikust ka iga\u00fcks kaasa laulda. Kogu s\u00fcndmus on tasuta. P\u00e4ev enne laulupidu,<strong> 1. juunil<\/strong> leiab aset laulupeotule s\u00fc\u00fctamine S\u00e4\u00e4ritsal algusega kell 15.00. Seej\u00e4rel liigub laulupeotuli l\u00e4bi Kodavere kihelkonna oluliste paikade ja j\u00f5uab kell 18.00 Kodavere P\u00e4rimuskeskuse juurde, kus toimub rahvapidu suvehooaja ja uute n\u00e4ituste avamisega. Kuna Kodavere laulupeo s\u00fcmbol on vankriratas, l\u00e4bitakse tuleteekond erinevatel ratastel, muuhulgas on s\u00f5iduvahenditeks jalgrattad, mootorrattad ja uunikumautod.<\/p>\n\n\n\n<p class=\"wp-el\">Kodavere keelena tuntakse idamurdelist Kodavere murrakut, mille ala ulatus varasemalt Peipsi ranniku Omedu j\u00f5est Varani v\u00f5i kaugemale l\u00f5una poole, kus see sai kokku Tartu murrakuga. Kodavere laalupido meeskonda kuuluvad lisaks Reet Kruubile ja Ergo-Hart V\u00e4strikule ka <strong>Mikk Kirikal<\/strong> ning paljud kogukonnaliikmed. Teiste seas on aidanud laulupeo ettevalmistamisel konsultandina kaasa kodavere keele \u00fcks h\u00e4id k\u00f5nelejaid <strong>Eevi Treial<\/strong>, Kodavere projektikoori koorjuht <strong>Eve Koort<\/strong> ning laulupeo teadustaja <strong>Imre N\u00f5mm<\/strong>, \u00fcks neid v\u00e4heseid noori, kes on Kodavere keele omandanud loomulikus keskkonnas oma vanaemalt. Rohkem infot FBs ja veebis: <a href=\"https:\/\/kodavere.voog.com\/kodavere-laalupido\">https:\/\/kodavere.voog.com\/kodavere-laalupido<\/a><\/p>\n\n\n\n<p class=\"wp-el\"><strong>L\u00f5una-Eesti kogukonnaprogrammi<\/strong> raames korraldatakse 2023.<em> <\/em>ja 2024. aastal \u00fchtekokku 20 projekti rohkem kui saja v\u00e4\u00e4rtusp\u00f5hise s\u00fcndmusega, mis kutsuvad osalema k\u00fclastajaid Eestist, Euroopast ja mujalt maailmast. Programmi eesm\u00e4rk on anda hoogu omavahelisele koost\u00f6\u00f6le ja tugevdada L\u00f5una-Eesti identiteeti. Euroopa kultuuripealinn Tartu 2024 p\u00f5hiprogrammi osana aitab kogukonnaprogramm tutvustada kogu piirkonda just nende v\u00e4\u00e4rtuste p\u00f5hjal, mis on olulised kohalikele inimestele ja kogukondadele. K\u00f5ik valitud s\u00fcndmused aitavad esile t\u00f5sta L\u00f5una-Eesti v\u00e4\u00e4rtusi \u2013 puhast loodust, mitmek\u00fclgset kultuurip\u00e4randit<em>, <\/em>kohalikku toitu ja k\u00e4sit\u00f6\u00f6d, tervislikku eluviisi, j\u00e4tkusuutlikke ja innovaatilisi lahendusi ning aktiivseid ja eluj\u00f5ulisi kogukondi.<\/p>\n\n\n\n<p class=\"wp-el\"><strong>Kogukonnas\u00fcndmused, <\/strong>mis kuuluvad avatud taotlusvooru tulemusena L\u00f5una-Eesti kogukonnaprogrammi, on j\u00e4rgmised: j\u00f5eretkede sari \u201eAvasta Emaj\u00f5gi!\u201c, Tartumaa toidus\u00fcndmuste sari \u201eTirin\u201c, kogukonnalavastus \u201eLeevaku kullakaevur\u201c, \u201eSeto kostip\u00e4iv\u00e4 aastaring\u201c, R\u00f5uge kogukonnafestival \u201eElluj\u00e4\u00e4mise kunstid\u201d, Tartumaa teemap\u00e4evad \u201eP\u00e4ritud elluj\u00e4\u00e4miskunstid\u201c, R\u00f5uge avatud saunade n\u00e4dalavahetus \u201eSanna!\u201c, ruumiloomekonverents \u201eLoo v\u00f5i loobu!\u201c, \u201eTaliteed Emaj\u00f5e-Suursoos\u201c, Otep\u00e4\u00e4 maaliliste maastike matkasari, r\u00e4nnaklavastus \u201eEedeni aed\u201c Luke m\u00f5isapargis, I Kodavere laalupido, dokumentaallavastus \u201e\u00d5hud meie vahel\u201d, Seto tantsupidu \u201eKad\u2019ah kavv\u00f5k\u00f5s\u00f5\u201c, Navi k\u00fcla kogukonnafestival, roosifestival Kaagj\u00e4rvel, Peipsi Toidu T\u00e4nav 175 km, Kagu-Eesti inspiratsioonifestival \u201eLoovus loob lootust!\u201c, \u201eAvastamata Antsla aarded \u2013 j\u00e4rved\u201c, linnaruumilavastus \u201eL\u00e4bi linna: Valga+Valka\u201c. Vt <a href=\"http:\/\/www.visitsouthestonia.com\/community\/tartu-2024\/\">www.visitsouthestonia.com\/community\/tartu-2024\/<\/a><\/p>\n\n\n\n<p class=\"wp-el\"><strong>Euroopa kultuuripealinn Tartu 2024<\/strong> p\u00f5hiprogrammi kuuluv L\u00f5una-Eesti kogukonnaprogramm kasvas v\u00e4lja 2013. aastal L\u00f5una-Eesti LEADER-tegevusr\u00fchmade k\u00e4ima l\u00fckatud kollaste akende projektist \u201eElu kahe maailma piiril\u201c. L\u00f5una-Eesti kogukonnaprogrammi viivad ellu LEADER-tegevusr\u00fchmad Tartumaa Arendusselts, Valgamaa Partnerluskogu, V\u00f5rumaa Partnerluskogu ja Piiriveere Liider ning koost\u00f6\u00f6partneritena l\u00f6\u00f6vad kaasa Tartu, Elva, V\u00f5ru ja Valga linn. S\u00fcndmusi toetatakse LEADER-meetmest ning SA Tartu 2024 poolt L\u00f5una-Eesti kogukonnaprogrammile eraldatud eelarvest. Kogukonnaprogrammi tegemistesse on partnerina kaasatud teinegi Euroopa kultuuripealinn Tartu 2024 projekt Tartu Maailma\u00fclikool.<\/p>\n\n\n\n<p class=\"wp-el\">Lisainformatsioon:<\/p>\n\n\n\n<p class=\"wp-el\"><a href=\"http:\/\/www.visitsouthestonia.com\/community\/tartu-2024\/\">www.visitsouthestonia.com\/community\/tartu-2024\/<\/a><br><a href=\"https:\/\/tartu2024.ee\/kogukonnaprogramm\">tartu2024.ee\/kogukonnaprogramm<\/a><\/p>\n\n\n\n<p class=\"wp-el\"><strong>Kristiina Tammets<\/strong>, Tartumaa Arendusseltsi tegevjuht ja L\u00f5una-Eesti kogukonnaprogrammi koordinaator, telefon +372 5340 9873, e-post <a href=\"mailto:kristiina@tas.ee\">kristiina@tas.ee<\/a><\/p>\n\n\n\n<p class=\"wp-el\"><strong>Reet Kruup<\/strong>, Peipsi\u00e4\u00e4re valla kultuurit\u00f6\u00f6 spetsialist ja I Kodavere laalupido projektijuht, telefon +372 525 0987, e-post <a href=\"mailto:reet.kruup@peipsivald.ee\">reet.kruup@peipsivald.ee<\/a><\/p>\n\n\n\n<p class=\"wp-el\"><strong>Ergo-Hart V\u00e4strik<\/strong>,Kodavere P\u00e4rimuskeskuse juhatuse esimees telefon +372 55538703, e-post <a href=\"mailto:ergohart@gmail.com\">ergohart@gmail.com<\/a><em><br><\/em><\/p>\n\n\n\n<figure class=\"wp-block-image size-large is-resized\"><img decoding=\"async\" loading=\"lazy\" width=\"1200\" height=\"524\" src=\"https:\/\/visitsouthestonia.com\/community\/wp-content\/uploads\/2023\/05\/Tartu24Leader-logo-horisontaalne-est-must-1200x524.jpg\" alt=\"\" class=\"wp-image-12363\" style=\"width:300px;height:131px\" srcset=\"https:\/\/visitsouthestonia.com\/community\/wp-content\/uploads\/2023\/05\/Tartu24Leader-logo-horisontaalne-est-must-1200x524.jpg 1200w, https:\/\/visitsouthestonia.com\/community\/wp-content\/uploads\/2023\/05\/Tartu24Leader-logo-horisontaalne-est-must-768x335.jpg 768w, https:\/\/visitsouthestonia.com\/community\/wp-content\/uploads\/2023\/05\/Tartu24Leader-logo-horisontaalne-est-must-350x153.jpg 350w, https:\/\/visitsouthestonia.com\/community\/wp-content\/uploads\/2023\/05\/Tartu24Leader-logo-horisontaalne-est-must-1100x480.jpg 1100w, https:\/\/visitsouthestonia.com\/community\/wp-content\/uploads\/2023\/05\/Tartu24Leader-logo-horisontaalne-est-must-230x100.jpg 230w, https:\/\/visitsouthestonia.com\/community\/wp-content\/uploads\/2023\/05\/Tartu24Leader-logo-horisontaalne-est-must-160x70.jpg 160w, https:\/\/visitsouthestonia.com\/community\/wp-content\/uploads\/2023\/05\/Tartu24Leader-logo-horisontaalne-est-must-188x82.jpg 188w, https:\/\/visitsouthestonia.com\/community\/wp-content\/uploads\/2023\/05\/Tartu24Leader-logo-horisontaalne-est-must-124x54.jpg 124w, https:\/\/visitsouthestonia.com\/community\/wp-content\/uploads\/2023\/05\/Tartu24Leader-logo-horisontaalne-est-must-370x161.jpg 370w, https:\/\/visitsouthestonia.com\/community\/wp-content\/uploads\/2023\/05\/Tartu24Leader-logo-horisontaalne-est-must.jpg 1334w\" sizes=\"(max-width: 1200px) 100vw, 1200px\" \/><\/figure>\n\n\n\n<p class=\"wp-el\"><img decoding=\"async\" loading=\"lazy\" width=\"128\" height=\"128\" class=\"wp-image-12016\" style=\"width: 20px;\" src=\"https:\/\/visitsouthestonia.com\/community\/wp-content\/uploads\/2023\/05\/must-nool.png\" alt=\"\" srcset=\"https:\/\/visitsouthestonia.com\/community\/wp-content\/uploads\/2023\/05\/must-nool.png 128w, https:\/\/visitsouthestonia.com\/community\/wp-content\/uploads\/2023\/05\/must-nool-51x51.png 51w, https:\/\/visitsouthestonia.com\/community\/wp-content\/uploads\/2023\/05\/must-nool-70x70.png 70w, https:\/\/visitsouthestonia.com\/community\/wp-content\/uploads\/2023\/05\/must-nool-120x120.png 120w, https:\/\/visitsouthestonia.com\/community\/wp-content\/uploads\/2023\/05\/must-nool-100x100.png 100w, https:\/\/visitsouthestonia.com\/community\/wp-content\/uploads\/2023\/05\/must-nool-54x54.png 54w\" sizes=\"(max-width: 128px) 100vw, 128px\" \/> Rohkem infot <a href=\"https:\/\/visitsouthestonia.com\/community\/tartu-2024\/\">Euroopa kultuuripealinn Tartu 2024 L\u00f5una-Eesti kogukonnaprogrammist<\/a><\/p>\n","protected":false},"excerpt":{"rendered":"<p>L\u00f5una-Eesti kogukonnaprogrammi raames sel p\u00fchap\u00e4eval peetav I Kodavere laalupido teeb v\u00e4ikekeelte ajalugu 27.05.2024 Euroopa kultuuripealinn Tartu 2024 p\u00f5hiprogrammi kuuluva L\u00f5una-Eesti&#8230;<\/p>\n","protected":false},"author":211,"featured_media":0,"parent":12304,"menu_order":1,"comment_status":"closed","ping_status":"closed","template":"","meta":{"advgb_blocks_editor_width":"","advgb_blocks_columns_visual_guide":"","footnotes":"","_links_to":"","_links_to_target":""},"acf":[],"yoast_head":"<!-- This site is optimized with the Yoast SEO plugin v21.4 - https:\/\/yoast.com\/wordpress\/plugins\/seo\/ -->\n<title>I Kodavere laalupido teeb v\u00e4ikekeelte ajalugu - visitsouthestonia<\/title>\n<meta name=\"robots\" content=\"index, follow, max-snippet:-1, max-image-preview:large, max-video-preview:-1\" \/>\n<link rel=\"canonical\" href=\"https:\/\/visitsouthestonia.com\/tartu-2024\/uudised\/i-kodavere-laalupido-teeb-vaikekeelte-ajalugu\/\" \/>\n<meta property=\"og:locale\" content=\"et_EE\" \/>\n<meta property=\"og:type\" content=\"article\" \/>\n<meta property=\"og:title\" content=\"I Kodavere laalupido teeb v\u00e4ikekeelte ajalugu - visitsouthestonia\" \/>\n<meta property=\"og:description\" content=\"L\u00f5una-Eesti kogukonnaprogrammi raames sel p\u00fchap\u00e4eval peetav I Kodavere laalupido teeb v\u00e4ikekeelte ajalugu 27.05.2024 Euroopa kultuuripealinn Tartu 2024 p\u00f5hiprogrammi kuuluva L\u00f5una-Eesti...\" \/>\n<meta property=\"og:url\" content=\"https:\/\/visitsouthestonia.com\/tartu-2024\/uudised\/i-kodavere-laalupido-teeb-vaikekeelte-ajalugu\/\" \/>\n<meta property=\"og:site_name\" content=\"visitsouthestonia\" \/>\n<meta property=\"article:modified_time\" content=\"2024-10-22T05:25:27+00:00\" \/>\n<meta property=\"og:image\" content=\"https:\/\/visitsouthestonia.com\/wp-content\/uploads\/2023\/05\/Tartu24Leader-logo-horisontaalne-est-must-1200x524.jpg\" \/>\n<meta name=\"twitter:card\" content=\"summary_large_image\" \/>\n<meta name=\"twitter:label1\" content=\"Est. reading time\" \/>\n\t<meta name=\"twitter:data1\" content=\"5 minutit\" \/>\n<script type=\"application\/ld+json\" class=\"yoast-schema-graph\">{\"@context\":\"https:\/\/schema.org\",\"@graph\":[{\"@type\":\"WebPage\",\"@id\":\"https:\/\/visitsouthestonia.com\/tartu-2024\/uudised\/i-kodavere-laalupido-teeb-vaikekeelte-ajalugu\/\",\"url\":\"https:\/\/visitsouthestonia.com\/tartu-2024\/uudised\/i-kodavere-laalupido-teeb-vaikekeelte-ajalugu\/\",\"name\":\"I Kodavere laalupido teeb v\u00e4ikekeelte ajalugu - visitsouthestonia\",\"isPartOf\":{\"@id\":\"https:\/\/visitsouthestonia.com\/community\/#website\"},\"datePublished\":\"2024-05-27T07:57:07+00:00\",\"dateModified\":\"2024-10-22T05:25:27+00:00\",\"breadcrumb\":{\"@id\":\"https:\/\/visitsouthestonia.com\/tartu-2024\/uudised\/i-kodavere-laalupido-teeb-vaikekeelte-ajalugu\/#breadcrumb\"},\"inLanguage\":\"et\",\"potentialAction\":[{\"@type\":\"ReadAction\",\"target\":[\"https:\/\/visitsouthestonia.com\/tartu-2024\/uudised\/i-kodavere-laalupido-teeb-vaikekeelte-ajalugu\/\"]}]},{\"@type\":\"BreadcrumbList\",\"@id\":\"https:\/\/visitsouthestonia.com\/tartu-2024\/uudised\/i-kodavere-laalupido-teeb-vaikekeelte-ajalugu\/#breadcrumb\",\"itemListElement\":[{\"@type\":\"ListItem\",\"position\":1,\"name\":\"Tartu 2024 L\u00f5una-Eesti kogukonnaprogramm\",\"item\":\"https:\/\/visitsouthestonia.com\/tartu-2024\/\"},{\"@type\":\"ListItem\",\"position\":2,\"name\":\"Tartu 2024 kogukonnaprogrammi uudised\",\"item\":\"https:\/\/visitsouthestonia.com\/tartu-2024\/uudised\/\"},{\"@type\":\"ListItem\",\"position\":3,\"name\":\"I Kodavere laalupido teeb v\u00e4ikekeelte ajalugu\"}]},{\"@type\":\"WebSite\",\"@id\":\"https:\/\/visitsouthestonia.com\/community\/#website\",\"url\":\"https:\/\/visitsouthestonia.com\/community\/\",\"name\":\"visitsouthestonia\",\"description\":\"Parim puhkus veeda L\u00f5una-Eestis!\",\"potentialAction\":[{\"@type\":\"SearchAction\",\"target\":{\"@type\":\"EntryPoint\",\"urlTemplate\":\"https:\/\/visitsouthestonia.com\/community\/?s={search_term_string}\"},\"query-input\":\"required name=search_term_string\"}],\"inLanguage\":\"et\"}]}<\/script>\n<!-- \/ Yoast SEO plugin. -->","yoast_head_json":{"title":"I Kodavere laalupido teeb v\u00e4ikekeelte ajalugu - visitsouthestonia","robots":{"index":"index","follow":"follow","max-snippet":"max-snippet:-1","max-image-preview":"max-image-preview:large","max-video-preview":"max-video-preview:-1"},"canonical":"https:\/\/visitsouthestonia.com\/tartu-2024\/uudised\/i-kodavere-laalupido-teeb-vaikekeelte-ajalugu\/","og_locale":"et_EE","og_type":"article","og_title":"I Kodavere laalupido teeb v\u00e4ikekeelte ajalugu - visitsouthestonia","og_description":"L\u00f5una-Eesti kogukonnaprogrammi raames sel p\u00fchap\u00e4eval peetav I Kodavere laalupido teeb v\u00e4ikekeelte ajalugu 27.05.2024 Euroopa kultuuripealinn Tartu 2024 p\u00f5hiprogrammi kuuluva L\u00f5una-Eesti...","og_url":"https:\/\/visitsouthestonia.com\/tartu-2024\/uudised\/i-kodavere-laalupido-teeb-vaikekeelte-ajalugu\/","og_site_name":"visitsouthestonia","article_modified_time":"2024-10-22T05:25:27+00:00","og_image":[{"url":"https:\/\/visitsouthestonia.com\/wp-content\/uploads\/2023\/05\/Tartu24Leader-logo-horisontaalne-est-must-1200x524.jpg"}],"twitter_card":"summary_large_image","twitter_misc":{"Est. reading time":"5 minutit"},"schema":{"@context":"https:\/\/schema.org","@graph":[{"@type":"WebPage","@id":"https:\/\/visitsouthestonia.com\/tartu-2024\/uudised\/i-kodavere-laalupido-teeb-vaikekeelte-ajalugu\/","url":"https:\/\/visitsouthestonia.com\/tartu-2024\/uudised\/i-kodavere-laalupido-teeb-vaikekeelte-ajalugu\/","name":"I Kodavere laalupido teeb v\u00e4ikekeelte ajalugu - visitsouthestonia","isPartOf":{"@id":"https:\/\/visitsouthestonia.com\/community\/#website"},"datePublished":"2024-05-27T07:57:07+00:00","dateModified":"2024-10-22T05:25:27+00:00","breadcrumb":{"@id":"https:\/\/visitsouthestonia.com\/tartu-2024\/uudised\/i-kodavere-laalupido-teeb-vaikekeelte-ajalugu\/#breadcrumb"},"inLanguage":"et","potentialAction":[{"@type":"ReadAction","target":["https:\/\/visitsouthestonia.com\/tartu-2024\/uudised\/i-kodavere-laalupido-teeb-vaikekeelte-ajalugu\/"]}]},{"@type":"BreadcrumbList","@id":"https:\/\/visitsouthestonia.com\/tartu-2024\/uudised\/i-kodavere-laalupido-teeb-vaikekeelte-ajalugu\/#breadcrumb","itemListElement":[{"@type":"ListItem","position":1,"name":"Tartu 2024 L\u00f5una-Eesti kogukonnaprogramm","item":"https:\/\/visitsouthestonia.com\/tartu-2024\/"},{"@type":"ListItem","position":2,"name":"Tartu 2024 kogukonnaprogrammi uudised","item":"https:\/\/visitsouthestonia.com\/tartu-2024\/uudised\/"},{"@type":"ListItem","position":3,"name":"I Kodavere laalupido teeb v\u00e4ikekeelte ajalugu"}]},{"@type":"WebSite","@id":"https:\/\/visitsouthestonia.com\/community\/#website","url":"https:\/\/visitsouthestonia.com\/community\/","name":"visitsouthestonia","description":"Parim puhkus veeda L\u00f5una-Eestis!","potentialAction":[{"@type":"SearchAction","target":{"@type":"EntryPoint","urlTemplate":"https:\/\/visitsouthestonia.com\/community\/?s={search_term_string}"},"query-input":"required name=search_term_string"}],"inLanguage":"et"}]}},"coauthors":[],"author_meta":{"author_link":"https:\/\/visitsouthestonia.com\/community\/author\/kaisa-timmi\/","display_name":"Meeri"},"relative_dates":{"created":"Posted 2 aastat ago","modified":"Updated 1 aasta ago"},"absolute_dates":{"created":"Posted on 27. mai 2024","modified":"Updated on 22. okt. 2024"},"absolute_dates_time":{"created":"Posted on 27. mai 2024 10:57","modified":"Updated on 22. okt. 2024 08:25"},"featured_img_caption":"","featured_img":false,"series_order":"","_links":{"self":[{"href":"https:\/\/visitsouthestonia.com\/community\/wp-json\/wp\/v2\/pages\/20641"}],"collection":[{"href":"https:\/\/visitsouthestonia.com\/community\/wp-json\/wp\/v2\/pages"}],"about":[{"href":"https:\/\/visitsouthestonia.com\/community\/wp-json\/wp\/v2\/types\/page"}],"author":[{"embeddable":true,"href":"https:\/\/visitsouthestonia.com\/community\/wp-json\/wp\/v2\/users\/211"}],"replies":[{"embeddable":true,"href":"https:\/\/visitsouthestonia.com\/community\/wp-json\/wp\/v2\/comments?post=20641"}],"version-history":[{"count":6,"href":"https:\/\/visitsouthestonia.com\/community\/wp-json\/wp\/v2\/pages\/20641\/revisions"}],"predecessor-version":[{"id":21256,"href":"https:\/\/visitsouthestonia.com\/community\/wp-json\/wp\/v2\/pages\/20641\/revisions\/21256"}],"up":[{"embeddable":true,"href":"https:\/\/visitsouthestonia.com\/community\/wp-json\/wp\/v2\/pages\/12304"}],"wp:attachment":[{"href":"https:\/\/visitsouthestonia.com\/community\/wp-json\/wp\/v2\/media?parent=20641"}],"curies":[{"name":"wp","href":"https:\/\/api.w.org\/{rel}","templated":true}]}}