{"id":19753,"date":"2024-01-12T10:37:23","date_gmt":"2024-01-12T08:37:23","guid":{"rendered":"https:\/\/visitsouthestonia.com\/community\/?page_id=19753"},"modified":"2024-01-12T10:37:24","modified_gmt":"2024-01-12T08:37:24","slug":"tartumaa-toidusundmuste-sari-tirin-sundmused-2023","status":"publish","type":"page","link":"https:\/\/visitsouthestonia.com\/community\/tartu-2024\/tartumaa-toidufestival-2023-ja-2024\/tartumaa-toidusundmuste-sari-tirin-sundmused-2023\/","title":{"rendered":"Tartumaa toidus\u00fcndmuste sari \u201eTirin\u201c s\u00fcndmused 2023"},"content":{"rendered":"\n<h2 class=\"wp-block-heading wp-el\">S\u00fcndmused 2023<\/h2>\n\n\n\n<p class=\"wp-el\">3. august 2023 \u2013 <strong><a href=\"https:\/\/www.facebook.com\/events\/282807784424966\" target=\"_blank\" rel=\"noreferrer noopener\">Maitsva toidu tee<\/a><\/strong><\/p>\n\n\n\n<p class=\"wp-el\">2. september 2023 \u2013 <strong><a href=\"https:\/\/www.facebook.com\/events\/320819987030278\">\u00dclenurme S\u00fcgislaat ja T\u00f5uloom<\/a><\/strong><\/p>\n\n\n\n<p class=\"wp-el\">9. september 2023 \u2013 <strong><a href=\"https:\/\/fb.me\/e\/1dRRweNCt\" target=\"_blank\" rel=\"noreferrer noopener\">Kavastu Uhhaa- ja Kalapidu<\/a><\/strong><\/p>\n\n\n\n<p class=\"wp-el\">14. september \u2013 05. oktoober 2023 \u2013 <a href=\"https:\/\/koolitused.voco.ee\/koolitused\/#\/koolitus\/7250\" target=\"_blank\" rel=\"noreferrer noopener\"><strong>Koolitus: Eritoitlustamine ja eritoidud men\u00fc\u00fcs<\/strong><\/a><\/p>\n\n\n\n<p class=\"wp-el\">26. september ja 31. oktoober 2023- <strong><a href=\"https:\/\/maaelumuuseumid.ee\/stec_event\/saame-kokku-leivatares-kokkamise-ja-nokitsemise-klubi-3\/\">Saame kokku leivatares<\/a><\/strong><\/p>\n\n\n\n<p class=\"wp-el\">27. \u2013 28. september 2023 \u2013 <a href=\"https:\/\/koolitused.voco.ee\/koolitused\/#\/koolitus\/7270\" target=\"_blank\" rel=\"noreferrer noopener\"><strong>Kokkamise t\u00f6\u00f6toad: \u201cKuidas planeedis\u00f5bralikumalt toitu valmistada\u201d<\/strong><\/a><\/p>\n\n\n\n<p class=\"wp-el\">11. ja 18. oktoober 2023 \u2013 <a href=\"https:\/\/koolitused.voco.ee\/koolitused\/#\/koolitus\/7251\" target=\"_blank\" rel=\"noreferrer noopener\"><strong>Koolitus: Keskkonnas\u00e4\u00e4stlik, j\u00e4tkusuutlik ja roheoskuslik toitlustamine<\/strong><\/a><\/p>\n\n\n\n<p class=\"wp-el\">14. oktoober 2023 \u2013 <strong><a href=\"https:\/\/maaelumuuseumid.ee\/stec_event\/kokakool-toidud-leivast\/\" target=\"_blank\" rel=\"noreferrer noopener\">Kokakool \u2013 Toidud leivast<\/a><\/strong><\/p>\n\n\n\n<p class=\"wp-el\">26. oktoober 2023 \u2013 <strong><a href=\"https:\/\/www.facebook.com\/events\/1774492766328618?ref=newsfeed\" target=\"_blank\" rel=\"noreferrer noopener\">Lossi\u00f5htus\u00f6\u00f6k<\/a> \u2013&nbsp;<a href=\"https:\/\/www.alatskiviloss.ee\/uritused\" target=\"_blank\" rel=\"noreferrer noopener\">Toidukultuur Sibulateel<\/a><\/strong><\/p>\n\n\n\n<p class=\"wp-el\">31. oktoober 2023 \u2013 <strong><a href=\"https:\/\/maaelumuuseumid.ee\/stec_event\/saame-kokku-leivatares-kokkamise-ja-nokitsemise-klubi-4\/\" target=\"_blank\" rel=\"noreferrer noopener\">Saame kokku leivatares<\/a> <\/strong>\u2013&nbsp; toidud leivast ja meisterdamine!<\/p>\n\n\n\n<p class=\"wp-el\">1. november 2023 \u2013 <strong><a href=\"https:\/\/www.lottela.ee\/Meelte_Kooli_tunnid_meie_lasteaias_372\" target=\"_blank\" rel=\"noreferrer noopener\">Meelte Kooli tunnid Tartu Lasteaias Lotte<\/a><\/strong><\/p>\n\n\n\n<p class=\"wp-el\">11. november 2023 \u2013 <strong><a href=\"https:\/\/maaelumuuseumid.ee\/stec_event\/kokakool-pirukad-ja-saiakesed\/\" target=\"_blank\" rel=\"noreferrer noopener\">Kokakool \u2013 Pirukad ja saiakesed<\/a><\/strong><\/p>\n\n\n\n<p class=\"wp-el\">14. november 2023 \u2013 <strong><a href=\"https:\/\/maaelumuuseumid.ee\/stec_event\/saame-kokku-leivatares-kokkamise-ja-nokitsemise-klubi-5\/\" target=\"_blank\" rel=\"noreferrer noopener\">Saame kokku leivatares<\/a> <\/strong>\u2013&nbsp; kartulipidu ja k\u00e4sit\u00f6\u00f6l\u00f5bu!<\/p>\n\n\n\n<p class=\"wp-el\">14. november 2023 \u2013 <a href=\"https:\/\/hybake.com\/\" target=\"_blank\" rel=\"noreferrer noopener\"><strong>H\u00fcbriid\u00f5ppe kursus \u201cHybake\u201d<\/strong><\/a><\/p>\n\n\n\n<p class=\"wp-el\">15. november 2023 \u2013 <strong><a href=\"https:\/\/www.lottela.ee\/Meelte_Kooli_tunnid_meie_lasteaias_372\" target=\"_blank\" rel=\"noreferrer noopener\">Meelte Kooli tunnid Tartu Lasteaias Lotte&nbsp;<\/a><\/strong><\/p>\n\n\n\n<p class=\"wp-el\"><a href=\"https:\/\/visitsouthestonia.com\/community\/tartu-2024\/tartumaa-toidufestival-2023-ja-2024\/\">&gt;&gt;&gt;Tartumaa toidus\u00fcndmuste sari \u201eTirin\u201c<\/a><\/p>\n\n\n\n<figure class=\"wp-block-image size-large\"><img decoding=\"async\" loading=\"lazy\" width=\"1200\" height=\"628\" src=\"https:\/\/visitsouthestonia.com\/community\/wp-content\/uploads\/2023\/07\/Logo-banner-Tirin_FB-1200x628.png\" alt=\"\" class=\"wp-image-13305\" srcset=\"https:\/\/visitsouthestonia.com\/community\/wp-content\/uploads\/2023\/07\/Logo-banner-Tirin_FB-1200x628.png 1200w, https:\/\/visitsouthestonia.com\/community\/wp-content\/uploads\/2023\/07\/Logo-banner-Tirin_FB-768x402.png 768w, https:\/\/visitsouthestonia.com\/community\/wp-content\/uploads\/2023\/07\/Logo-banner-Tirin_FB-1536x804.png 1536w, https:\/\/visitsouthestonia.com\/community\/wp-content\/uploads\/2023\/07\/Logo-banner-Tirin_FB-350x183.png 350w, https:\/\/visitsouthestonia.com\/community\/wp-content\/uploads\/2023\/07\/Logo-banner-Tirin_FB-1100x576.png 1100w, https:\/\/visitsouthestonia.com\/community\/wp-content\/uploads\/2023\/07\/Logo-banner-Tirin_FB-230x120.png 230w, https:\/\/visitsouthestonia.com\/community\/wp-content\/uploads\/2023\/07\/Logo-banner-Tirin_FB-134x70.png 134w, https:\/\/visitsouthestonia.com\/community\/wp-content\/uploads\/2023\/07\/Logo-banner-Tirin_FB-188x98.png 188w, https:\/\/visitsouthestonia.com\/community\/wp-content\/uploads\/2023\/07\/Logo-banner-Tirin_FB-103x54.png 103w, https:\/\/visitsouthestonia.com\/community\/wp-content\/uploads\/2023\/07\/Logo-banner-Tirin_FB-370x194.png 370w, https:\/\/visitsouthestonia.com\/community\/wp-content\/uploads\/2023\/07\/Logo-banner-Tirin_FB.png 1921w\" sizes=\"(max-width: 1200px) 100vw, 1200px\" \/><\/figure>\n\n\n\n<p class=\"wp-el\"><\/p>\n\n\n\n<p class=\"wp-el\"><img decoding=\"async\" loading=\"lazy\" width=\"128\" height=\"128\" class=\"wp-image-12016\" style=\"width: 20px;\" src=\"https:\/\/visitsouthestonia.com\/community\/wp-content\/uploads\/2023\/05\/must-nool.png\" alt=\"\" srcset=\"https:\/\/visitsouthestonia.com\/community\/wp-content\/uploads\/2023\/05\/must-nool.png 128w, https:\/\/visitsouthestonia.com\/community\/wp-content\/uploads\/2023\/05\/must-nool-51x51.png 51w, https:\/\/visitsouthestonia.com\/community\/wp-content\/uploads\/2023\/05\/must-nool-70x70.png 70w, https:\/\/visitsouthestonia.com\/community\/wp-content\/uploads\/2023\/05\/must-nool-120x120.png 120w, https:\/\/visitsouthestonia.com\/community\/wp-content\/uploads\/2023\/05\/must-nool-100x100.png 100w, https:\/\/visitsouthestonia.com\/community\/wp-content\/uploads\/2023\/05\/must-nool-54x54.png 54w\" sizes=\"(max-width: 128px) 100vw, 128px\" \/> Rohkem infot <a href=\"https:\/\/visitsouthestonia.com\/community\/tartu-2024\/\" target=\"_blank\" rel=\"noreferrer noopener\">Euroopa kultuuripealinn Tartu 2024 L\u00f5una-Eesti kogukonnaprogrammist<\/a><\/p>\n","protected":false},"excerpt":{"rendered":"<p>S\u00fcndmused 2023 3. august 2023 \u2013 Maitsva toidu tee 2. september 2023 \u2013 \u00dclenurme S\u00fcgislaat ja T\u00f5uloom 9. september 2023&#8230;<\/p>\n","protected":false},"author":211,"featured_media":0,"parent":12163,"menu_order":0,"comment_status":"closed","ping_status":"closed","template":"","meta":{"advgb_blocks_editor_width":"","advgb_blocks_columns_visual_guide":"","footnotes":"","_links_to":"","_links_to_target":""},"acf":[],"yoast_head":"<!-- This site is optimized with the Yoast SEO plugin v21.4 - https:\/\/yoast.com\/wordpress\/plugins\/seo\/ -->\n<title>Tartumaa toidus\u00fcndmuste sari \u201eTirin\u201c s\u00fcndmused 2023 - visitsouthestonia<\/title>\n<meta name=\"robots\" content=\"index, follow, max-snippet:-1, max-image-preview:large, max-video-preview:-1\" \/>\n<link rel=\"canonical\" href=\"https:\/\/visitsouthestonia.com\/tartu-2024\/tartumaa-toidufestival-2023-ja-2024\/tartumaa-toidusundmuste-sari-tirin-sundmused-2023\/\" \/>\n<meta property=\"og:locale\" content=\"et_EE\" \/>\n<meta property=\"og:type\" content=\"article\" \/>\n<meta property=\"og:title\" content=\"Tartumaa toidus\u00fcndmuste sari \u201eTirin\u201c s\u00fcndmused 2023 - visitsouthestonia\" \/>\n<meta property=\"og:description\" content=\"S\u00fcndmused 2023 3. august 2023 \u2013 Maitsva toidu tee 2. september 2023 \u2013 \u00dclenurme S\u00fcgislaat ja T\u00f5uloom 9. september 2023...\" \/>\n<meta property=\"og:url\" content=\"https:\/\/visitsouthestonia.com\/tartu-2024\/tartumaa-toidufestival-2023-ja-2024\/tartumaa-toidusundmuste-sari-tirin-sundmused-2023\/\" \/>\n<meta property=\"og:site_name\" content=\"visitsouthestonia\" \/>\n<meta property=\"article:modified_time\" content=\"2024-01-12T08:37:24+00:00\" \/>\n<meta property=\"og:image\" content=\"https:\/\/visitsouthestonia.com\/wp-content\/uploads\/2023\/07\/Logo-banner-Tirin_FB-1200x628.png\" \/>\n<meta name=\"twitter:card\" content=\"summary_large_image\" \/>\n<meta name=\"twitter:label1\" content=\"Est. reading time\" \/>\n\t<meta name=\"twitter:data1\" content=\"2 minutit\" \/>\n<script type=\"application\/ld+json\" class=\"yoast-schema-graph\">{\"@context\":\"https:\/\/schema.org\",\"@graph\":[{\"@type\":\"WebPage\",\"@id\":\"https:\/\/visitsouthestonia.com\/tartu-2024\/tartumaa-toidufestival-2023-ja-2024\/tartumaa-toidusundmuste-sari-tirin-sundmused-2023\/\",\"url\":\"https:\/\/visitsouthestonia.com\/tartu-2024\/tartumaa-toidufestival-2023-ja-2024\/tartumaa-toidusundmuste-sari-tirin-sundmused-2023\/\",\"name\":\"Tartumaa toidus\u00fcndmuste sari \u201eTirin\u201c s\u00fcndmused 2023 - visitsouthestonia\",\"isPartOf\":{\"@id\":\"https:\/\/visitsouthestonia.com\/community\/#website\"},\"datePublished\":\"2024-01-12T08:37:23+00:00\",\"dateModified\":\"2024-01-12T08:37:24+00:00\",\"breadcrumb\":{\"@id\":\"https:\/\/visitsouthestonia.com\/tartu-2024\/tartumaa-toidufestival-2023-ja-2024\/tartumaa-toidusundmuste-sari-tirin-sundmused-2023\/#breadcrumb\"},\"inLanguage\":\"et\",\"potentialAction\":[{\"@type\":\"ReadAction\",\"target\":[\"https:\/\/visitsouthestonia.com\/tartu-2024\/tartumaa-toidufestival-2023-ja-2024\/tartumaa-toidusundmuste-sari-tirin-sundmused-2023\/\"]}]},{\"@type\":\"BreadcrumbList\",\"@id\":\"https:\/\/visitsouthestonia.com\/tartu-2024\/tartumaa-toidufestival-2023-ja-2024\/tartumaa-toidusundmuste-sari-tirin-sundmused-2023\/#breadcrumb\",\"itemListElement\":[{\"@type\":\"ListItem\",\"position\":1,\"name\":\"Tartu 2024 L\u00f5una-Eesti kogukonnaprogramm\",\"item\":\"https:\/\/visitsouthestonia.com\/tartu-2024\/\"},{\"@type\":\"ListItem\",\"position\":2,\"name\":\"Tartumaa toidus\u00fcndmuste sari \u201eTirin\u201c\",\"item\":\"https:\/\/visitsouthestonia.com\/tartu-2024\/tartumaa-toidufestival-2023-ja-2024\/\"},{\"@type\":\"ListItem\",\"position\":3,\"name\":\"Tartumaa toidus\u00fcndmuste sari \u201eTirin\u201c s\u00fcndmused 2023\"}]},{\"@type\":\"WebSite\",\"@id\":\"https:\/\/visitsouthestonia.com\/community\/#website\",\"url\":\"https:\/\/visitsouthestonia.com\/community\/\",\"name\":\"visitsouthestonia\",\"description\":\"Parim puhkus veeda L\u00f5una-Eestis!\",\"potentialAction\":[{\"@type\":\"SearchAction\",\"target\":{\"@type\":\"EntryPoint\",\"urlTemplate\":\"https:\/\/visitsouthestonia.com\/community\/?s={search_term_string}\"},\"query-input\":\"required name=search_term_string\"}],\"inLanguage\":\"et\"}]}<\/script>\n<!-- \/ Yoast SEO plugin. -->","yoast_head_json":{"title":"Tartumaa toidus\u00fcndmuste sari \u201eTirin\u201c s\u00fcndmused 2023 - visitsouthestonia","robots":{"index":"index","follow":"follow","max-snippet":"max-snippet:-1","max-image-preview":"max-image-preview:large","max-video-preview":"max-video-preview:-1"},"canonical":"https:\/\/visitsouthestonia.com\/tartu-2024\/tartumaa-toidufestival-2023-ja-2024\/tartumaa-toidusundmuste-sari-tirin-sundmused-2023\/","og_locale":"et_EE","og_type":"article","og_title":"Tartumaa toidus\u00fcndmuste sari \u201eTirin\u201c s\u00fcndmused 2023 - visitsouthestonia","og_description":"S\u00fcndmused 2023 3. august 2023 \u2013 Maitsva toidu tee 2. september 2023 \u2013 \u00dclenurme S\u00fcgislaat ja T\u00f5uloom 9. september 2023...","og_url":"https:\/\/visitsouthestonia.com\/tartu-2024\/tartumaa-toidufestival-2023-ja-2024\/tartumaa-toidusundmuste-sari-tirin-sundmused-2023\/","og_site_name":"visitsouthestonia","article_modified_time":"2024-01-12T08:37:24+00:00","og_image":[{"url":"https:\/\/visitsouthestonia.com\/wp-content\/uploads\/2023\/07\/Logo-banner-Tirin_FB-1200x628.png"}],"twitter_card":"summary_large_image","twitter_misc":{"Est. reading time":"2 minutit"},"schema":{"@context":"https:\/\/schema.org","@graph":[{"@type":"WebPage","@id":"https:\/\/visitsouthestonia.com\/tartu-2024\/tartumaa-toidufestival-2023-ja-2024\/tartumaa-toidusundmuste-sari-tirin-sundmused-2023\/","url":"https:\/\/visitsouthestonia.com\/tartu-2024\/tartumaa-toidufestival-2023-ja-2024\/tartumaa-toidusundmuste-sari-tirin-sundmused-2023\/","name":"Tartumaa toidus\u00fcndmuste sari \u201eTirin\u201c s\u00fcndmused 2023 - visitsouthestonia","isPartOf":{"@id":"https:\/\/visitsouthestonia.com\/community\/#website"},"datePublished":"2024-01-12T08:37:23+00:00","dateModified":"2024-01-12T08:37:24+00:00","breadcrumb":{"@id":"https:\/\/visitsouthestonia.com\/tartu-2024\/tartumaa-toidufestival-2023-ja-2024\/tartumaa-toidusundmuste-sari-tirin-sundmused-2023\/#breadcrumb"},"inLanguage":"et","potentialAction":[{"@type":"ReadAction","target":["https:\/\/visitsouthestonia.com\/tartu-2024\/tartumaa-toidufestival-2023-ja-2024\/tartumaa-toidusundmuste-sari-tirin-sundmused-2023\/"]}]},{"@type":"BreadcrumbList","@id":"https:\/\/visitsouthestonia.com\/tartu-2024\/tartumaa-toidufestival-2023-ja-2024\/tartumaa-toidusundmuste-sari-tirin-sundmused-2023\/#breadcrumb","itemListElement":[{"@type":"ListItem","position":1,"name":"Tartu 2024 L\u00f5una-Eesti kogukonnaprogramm","item":"https:\/\/visitsouthestonia.com\/tartu-2024\/"},{"@type":"ListItem","position":2,"name":"Tartumaa toidus\u00fcndmuste sari \u201eTirin\u201c","item":"https:\/\/visitsouthestonia.com\/tartu-2024\/tartumaa-toidufestival-2023-ja-2024\/"},{"@type":"ListItem","position":3,"name":"Tartumaa toidus\u00fcndmuste sari \u201eTirin\u201c s\u00fcndmused 2023"}]},{"@type":"WebSite","@id":"https:\/\/visitsouthestonia.com\/community\/#website","url":"https:\/\/visitsouthestonia.com\/community\/","name":"visitsouthestonia","description":"Parim puhkus veeda L\u00f5una-Eestis!","potentialAction":[{"@type":"SearchAction","target":{"@type":"EntryPoint","urlTemplate":"https:\/\/visitsouthestonia.com\/community\/?s={search_term_string}"},"query-input":"required name=search_term_string"}],"inLanguage":"et"}]}},"coauthors":[],"author_meta":{"author_link":"https:\/\/visitsouthestonia.com\/community\/author\/kaisa-timmi\/","display_name":"Meeri"},"relative_dates":{"created":"Posted 2 aastat ago","modified":"Updated 2 aastat ago"},"absolute_dates":{"created":"Posted on 12. jaan. 2024","modified":"Updated on 12. jaan. 2024"},"absolute_dates_time":{"created":"Posted on 12. jaan. 2024 10:37","modified":"Updated on 12. jaan. 2024 10:37"},"featured_img_caption":"","featured_img":false,"series_order":"","_links":{"self":[{"href":"https:\/\/visitsouthestonia.com\/community\/wp-json\/wp\/v2\/pages\/19753"}],"collection":[{"href":"https:\/\/visitsouthestonia.com\/community\/wp-json\/wp\/v2\/pages"}],"about":[{"href":"https:\/\/visitsouthestonia.com\/community\/wp-json\/wp\/v2\/types\/page"}],"author":[{"embeddable":true,"href":"https:\/\/visitsouthestonia.com\/community\/wp-json\/wp\/v2\/users\/211"}],"replies":[{"embeddable":true,"href":"https:\/\/visitsouthestonia.com\/community\/wp-json\/wp\/v2\/comments?post=19753"}],"version-history":[{"count":1,"href":"https:\/\/visitsouthestonia.com\/community\/wp-json\/wp\/v2\/pages\/19753\/revisions"}],"predecessor-version":[{"id":19754,"href":"https:\/\/visitsouthestonia.com\/community\/wp-json\/wp\/v2\/pages\/19753\/revisions\/19754"}],"up":[{"embeddable":true,"href":"https:\/\/visitsouthestonia.com\/community\/wp-json\/wp\/v2\/pages\/12163"}],"wp:attachment":[{"href":"https:\/\/visitsouthestonia.com\/community\/wp-json\/wp\/v2\/media?parent=19753"}],"curies":[{"name":"wp","href":"https:\/\/api.w.org\/{rel}","templated":true}]}}