{"id":19040,"date":"2023-11-06T08:12:06","date_gmt":"2023-11-06T06:12:06","guid":{"rendered":"https:\/\/visitsouthestonia.com\/community\/?page_id=19040"},"modified":"2024-10-22T08:30:09","modified_gmt":"2024-10-22T05:30:09","slug":"louna-eesti-kogukonnaprogrammi-raames-peetakse-valgas-ruumiloome-konverents-loo-voi-loobu","status":"publish","type":"page","link":"https:\/\/visitsouthestonia.com\/community\/tartu-2024\/uudised\/louna-eesti-kogukonnaprogrammi-raames-peetakse-valgas-ruumiloome-konverents-loo-voi-loobu\/","title":{"rendered":"L\u00f5una-Eesti kogukonnaprogrammi raames peetakse Valgas ruumiloome konverents \u201eLoo v\u00f5i loobu!\u201c"},"content":{"rendered":"\n<h1 class=\"wp-block-heading wp-el\"><strong>L\u00f5una-Eesti kogukonnaprogrammi raames peetakse j\u00e4rgmisel n\u00e4dalal Valgas vaimse tervise fookusega ruumiloome konverents \u201eLoo v\u00f5i loobu!\u201c<\/strong><\/h1>\n\n\n\n<p class=\"wp-el\">6.11.2023<\/p>\n\n\n\n<p class=\"wp-el\"><strong>Euroopa kultuuripealinn Tartu 2024 p\u00f5hiprogrammi kuuluva L\u00f5una-Eesti kogukonnaprogrammi raames peetakse j\u00e4rgmisel kolmap\u00e4eval, 15. novembril Valgas ruumiloome konverents \u201eLoo v\u00f5i loobu! Ruumiloome kui vaimse tervise alustala\u201c, mis kutsub m\u00f5testama ruumilist planeerimist vaimse tervise ja kogukondliku ruumivajaduse v\u00f5tmes.<\/strong><\/p>\n\n\n\n<p class=\"wp-el\">Valgamaa Partnerluskogu tegevjuht ja L\u00f5una-Eesti kogukonnaprogrammi meeskonna liige <strong>Tiina Ivask <\/strong>\u00fctles, et Valgas aset leidev konverents puudutab v\u00e4ga p\u00e4evakohast temaatikat. \u201eL\u00f5una-Eesti v\u00e4ikelinnade arendamisel \u00fcles kerkinud k\u00fcsimused linnaruumist ja kogukondade vajadustest on universaalsed: milline on meie unistuste elukeskkond, kas arendamine l\u00e4htub paigaidentiteedist ning kuidas \u00fcmbritsev f\u00fc\u00fcsiline keskkond m\u00f5jutab inimeste heaolu,\u201c lausus Ivask. \u201eKonverents annab hea v\u00f5imaluse kokku tulla eriala asjatundjatel ja kogukondade esindajatel, et ruumiloome k\u00fcsimusi \u00fchiselt lahti m\u00f5testada ning otsida uusi viise linnaruumi planeerimiseks just kogukonna vajadustest l\u00e4htuvalt.\u201c<\/p>\n\n\n\n<p class=\"wp-el\">Ruumiloome konverentsi projektijuht <strong>Lea Vutt<\/strong> r\u00e4\u00e4kis, et teemap\u00fcstitus sai t\u00e4nu konverentsi korraldamise partneritele laiem kui algselt kavandatud. \u201eVaatame ruumiloome temaatikat l\u00e4bi v\u00e4rske inimarengu aruande, p\u00f6\u00f6rates rohkem t\u00e4helepanu just ruumiloome m\u00f5judele inimese heaolu ja vaimse tervise aspektist,\u201c selgitas Vutt. Ta lisas, et nii konverentsi ettekannetes kui ka paneeldiskussioonil k\u00e4sitletakse meie k\u00f5igi jaoks olulisi k\u00fcsimusi: kas h\u00e4sti kavandatud linnaruum v\u00f5imaldab kogukonnatunde ja sotsiaalse kaasatuse tekkimist, kuiv\u00f5rd meid \u00fcmbritsev f\u00fc\u00fcsiline ruum toimib kohtumispaigana ja kuidas see m\u00f5jutab meie k\u00e4itumismustreid.<\/p>\n\n\n\n<p class=\"wp-el\"><strong>Ruumiloome konverents \u201eLoo v\u00f5i loobu! Ruumiloome kui vaimse tervise alustala\u201c<\/strong> toimub kolmap\u00e4eval, <strong>15. novembril<\/strong> <strong>algusega kell 11.00<\/strong> Valga kultuuri- ja huvialakeskuses (Kesk 1, Valga). Konverentsil v\u00f5tavad s\u00f5na Eesti Koost\u00f6\u00f6 Kogu tegevjuht Kairi Tilga, maastikuarhitekt Karin Bachmann, linnaplaneerija Sirle Salmistu, T\u00dc&nbsp;keskkonnatervishoiu professor Hans Orru ja mitmed teised. Paneeldiskussioonis osalevad kohalike ankurasutuste juhid, kogu p\u00e4eva modereerib inimgeograaf Kadri Leetmaa. Konverentsi eel toimuvad ka Valga linna ajaloolisest nimest Walk inspireeritud <em>walkshop<\/em>\u2019id ehk teematoad ja arutelud. Konverents s\u00fcnnib koost\u00f6\u00f6s Tartu Maailma\u00fclikooli programmi ja Eesti Koost\u00f6\u00f6 Koguga, s\u00fcndmuse korraldust toetab Tartu 2024 L\u00f5una-Eesti kogukonnaprogramm koos Leader tegevusgruppidega, \u00f5la on alla pannud ka Valga vald ja Europe Direct Valgamaa infopunkt. Konverents on k\u00f5igile huvilistele tasuta, registreerumine avatud 13. novembrini. T\u00e4psem info, p\u00e4evakava ja registreerumine aadressil: <a href=\"https:\/\/l.facebook.com\/l.php?u=https%3A%2F%2Fforms.gle%2FWkaqCJ4KwAiZg9mW6%3Ffbclid%3DIwAR3zz1t0TTb2LikjV77xqLrKbnQYnp75DgIJbTvWov1A4DyFtZmIGSpkoQw&amp;h=AT1orgQJDZdbqFHABcPPn2WgKH-V8NCrz83CYgivYiKL_zFar8xcoZNamjjOgRMZqlFvNq24rMOanIRmDvvolRBoOJwp0kLzhVn7M6GbrslTjxhIb34Z-9VtZdca-8bR7A&amp;__tn__=q&amp;c%5b0%5d=AT1eL39KzmI3nE4BNh0uKTstGj98iUYVSZbvEsKhPuBQz_1R8rL6ira4yD0t8ADMuwZx8-wxnwAmlDl5a-MlEjS23DmcIP0zr7guVNpreuzivIPCLvi6ZUOvqI_AAjymwoZiDODAyNO4278HU7KpMWp5aMmA\" target=\"_blank\" rel=\"noreferrer noopener\">https:\/\/forms.gle\/WkaqCJ4KwAiZg9mW6<\/a><br>NB! Huvilised Tallinnast ja Tartust saavad konverentsile tulla mugavalt rongiga, mis j\u00f5uab Valka kell 11.19 ja lahkub tagasisuunal kell 17.33.<\/p>\n\n\n\n<p class=\"wp-el\"><strong>L\u00f5una-Eesti kogukonnaprogrammi<\/strong> raames korraldatakse 2023.<em> <\/em>ja2024. aastal \u00fchtekokku 20 projekti mitmek\u00fcmne v\u00e4\u00e4rtusp\u00f5hise s\u00fcndmusega, mis kutsuvad osalema k\u00fclastajaid Eestist, Euroopast ja mujalt maailmast. Programmi eesm\u00e4rk on anda hoogu omavahelisele koost\u00f6\u00f6le ja tugevdada L\u00f5una-Eesti identiteeti. Euroopa kultuuripealinn Tartu 2024 p\u00f5hiprogrammi osana aitab kogukonnaprogramm tutvustada kogu piirkonda just nende v\u00e4\u00e4rtuste p\u00f5hjal, mis on olulised kohalikele inimestele ja kogukondadele. K\u00f5ik valitud s\u00fcndmused aitavad esile t\u00f5sta L\u00f5una-Eesti v\u00e4\u00e4rtusi \u2013 puhast loodust, mitmek\u00fclgset kultuurip\u00e4randit<em>, <\/em>kohalikku toitu ja k\u00e4sit\u00f6\u00f6d, tervislikku eluviisi, j\u00e4tkusuutlikke ja innovaatilisi lahendusi ning aktiivseid ja eluj\u00f5ulisi kogukondi.<\/p>\n\n\n\n<p class=\"wp-el\"><strong>Kogukonnas\u00fcndmused, <\/strong>mis kuuluvad avatud taotlusvooru tulemusena L\u00f5una-Eesti kogukonnaprogrammi, on j\u00e4rgmised: j\u00f5eretkede sari \u201eAvasta Emaj\u00f5gi!\u201c, Tartumaa toidus\u00fcndmuste sari \u201eTirin\u201c, kogukonnalavastus \u201eLeevaku kullakaevur\u201c, \u201eSeto kostip\u00e4iv\u00e4 aastaring\u201c, kogukonnafestival \u201eMina tean, kust tuleb minu toit\u201d, Tartumaa teemap\u00e4evad \u201eP\u00e4ritud elluj\u00e4\u00e4miskunstid\u201c, R\u00f5uge projekt \u201eSanna!\u201c, ruumiloomekonverents \u201eLoo v\u00f5i loobu!\u201c, \u201eTaliteed Emaj\u00f5e-Suursoos\u201c, maaliliste maastike j\u00e4\u00e4dvustamise matkasari Otep\u00e4\u00e4l, \u201eMeelter\u00e4nnak looduses\u201c, I Kodavere laalupido, dokumentaalne osaluslavastus \u201e\u00d5hud meie vahel\u201d, Seto tantsupidu \u201eKad\u00b4ah kavv\u00f5k\u00f5\u00b4\u201c, Navi k\u00fcla kogukonnafestival, roosifestival Kaagj\u00e4rvel, Peipsi Toidu T\u00e4nav 175 km, Kagu-Eesti inspiratsioonifestival \u201eLoovus loob lootust!\u201c, \u201eAvastamata Antsla aarded \u2013 j\u00e4rved\u201c, linnaruumilavastus \u201eL\u00e4bi linna: Valga+Valka\u201c. Vt <a href=\"http:\/\/www.visitsouthestonia.com\/community\/tartu-2024\/\">www.visitsouthestonia.com\/community\/tartu-2024\/<\/a><\/p>\n\n\n\n<p class=\"wp-el\"><strong>Euroopa kultuuripealinn Tartu 2024 <\/strong>p\u00f5hiprogrammi kuuluv L\u00f5una-Eesti kogukonnaprogramm kasvas v\u00e4lja 2013. aastal L\u00f5una-Eesti LEADER-tegevusgruppide k\u00e4ima l\u00fckatud kollaste akende projektist \u201eElu kahe maailma piiril\u201c. L\u00f5una-Eesti kogukonnaprogrammi viivad ellu LEADER-tegevusgrupid Tartumaa Arendusselts, Valgamaa Partnerluskogu, V\u00f5rumaa Partnerluskogu ja Piiriveere Liider ning koost\u00f6\u00f6partneritena l\u00f6\u00f6vad kaasa Tartu, Elva, V\u00f5ru ja Valga linn. S\u00fcndmusi toetatakse LEADER-meetmest ning SA Tartu 2024 poolt L\u00f5una-Eesti kogukonnaprogrammile eraldatud eelarvest. Kogukonnaprogrammi tegemistesse on partnerina kaasatud teinegi Euroopa kultuuripealinn Tartu 2024 projekt Tartu Maailma\u00fclikool.<\/p>\n\n\n\n<p class=\"wp-el\">Lisainformatsioon:<\/p>\n\n\n\n<p class=\"wp-el\"><a href=\"http:\/\/www.visitsouthestonia.com\/community\/tartu-2024\/\">www.visitsouthestonia.com\/community\/tartu-2024\/<\/a><br><a href=\"https:\/\/tartu2024.ee\/kogukonnaprogramm\">tartu2024.ee\/kogukonnaprogramm<\/a><\/p>\n\n\n\n<p class=\"wp-el\"><strong>Tiina Ivask<\/strong>, Valgamaa Partnerluskogu tegevjuht ja L\u00f5una-Eesti kogukonnaprogrammi tiimi liige, <br>telefon +372&nbsp;5349 1195, e-post <a href=\"mailto:tiina@valgaleader.ee\">tiina@valgaleader.ee<\/a><\/p>\n\n\n\n<p class=\"wp-el\"><strong>Lea Vutt<\/strong>, Valga ruumiloome konverentsi \u201eLoo v\u00f5i loobu!\u201c projektijuht, <br>telefon +372&nbsp;5887 4836, e-post <a href=\"mailto:lea.vutt@valga.ee\">lea.vutt@valga.ee<\/a>&nbsp;<\/p>\n\n\n\n<p class=\"wp-el\"><\/p>\n\n\n\n<figure class=\"wp-block-image size-large is-resized\"><img decoding=\"async\" loading=\"lazy\" width=\"1200\" height=\"524\" src=\"https:\/\/visitsouthestonia.com\/community\/wp-content\/uploads\/2023\/05\/Tartu24Leader-logo-horisontaalne-est-must-1200x524.jpg\" alt=\"\" class=\"wp-image-12363\" style=\"width:300px;height:131px\" srcset=\"https:\/\/visitsouthestonia.com\/community\/wp-content\/uploads\/2023\/05\/Tartu24Leader-logo-horisontaalne-est-must-1200x524.jpg 1200w, https:\/\/visitsouthestonia.com\/community\/wp-content\/uploads\/2023\/05\/Tartu24Leader-logo-horisontaalne-est-must-768x335.jpg 768w, https:\/\/visitsouthestonia.com\/community\/wp-content\/uploads\/2023\/05\/Tartu24Leader-logo-horisontaalne-est-must-350x153.jpg 350w, https:\/\/visitsouthestonia.com\/community\/wp-content\/uploads\/2023\/05\/Tartu24Leader-logo-horisontaalne-est-must-1100x480.jpg 1100w, https:\/\/visitsouthestonia.com\/community\/wp-content\/uploads\/2023\/05\/Tartu24Leader-logo-horisontaalne-est-must-230x100.jpg 230w, https:\/\/visitsouthestonia.com\/community\/wp-content\/uploads\/2023\/05\/Tartu24Leader-logo-horisontaalne-est-must-160x70.jpg 160w, https:\/\/visitsouthestonia.com\/community\/wp-content\/uploads\/2023\/05\/Tartu24Leader-logo-horisontaalne-est-must-188x82.jpg 188w, https:\/\/visitsouthestonia.com\/community\/wp-content\/uploads\/2023\/05\/Tartu24Leader-logo-horisontaalne-est-must-124x54.jpg 124w, https:\/\/visitsouthestonia.com\/community\/wp-content\/uploads\/2023\/05\/Tartu24Leader-logo-horisontaalne-est-must-370x161.jpg 370w, https:\/\/visitsouthestonia.com\/community\/wp-content\/uploads\/2023\/05\/Tartu24Leader-logo-horisontaalne-est-must.jpg 1334w\" sizes=\"(max-width: 1200px) 100vw, 1200px\" \/><\/figure>\n\n\n\n<p class=\"wp-el\"><img decoding=\"async\" loading=\"lazy\" width=\"128\" height=\"128\" class=\"wp-image-12016\" style=\"width: 20px;\" src=\"https:\/\/visitsouthestonia.com\/community\/wp-content\/uploads\/2023\/05\/must-nool.png\" alt=\"\" srcset=\"https:\/\/visitsouthestonia.com\/community\/wp-content\/uploads\/2023\/05\/must-nool.png 128w, https:\/\/visitsouthestonia.com\/community\/wp-content\/uploads\/2023\/05\/must-nool-51x51.png 51w, https:\/\/visitsouthestonia.com\/community\/wp-content\/uploads\/2023\/05\/must-nool-70x70.png 70w, https:\/\/visitsouthestonia.com\/community\/wp-content\/uploads\/2023\/05\/must-nool-120x120.png 120w, https:\/\/visitsouthestonia.com\/community\/wp-content\/uploads\/2023\/05\/must-nool-100x100.png 100w, https:\/\/visitsouthestonia.com\/community\/wp-content\/uploads\/2023\/05\/must-nool-54x54.png 54w\" sizes=\"(max-width: 128px) 100vw, 128px\" \/> Rohkem infot <a href=\"https:\/\/visitsouthestonia.com\/community\/tartu-2024\/\">Euroopa kultuuripealinn Tartu 2024 L\u00f5una-Eesti kogukonnaprogrammist<\/a><\/p>\n","protected":false},"excerpt":{"rendered":"<p>L\u00f5una-Eesti kogukonnaprogrammi raames peetakse j\u00e4rgmisel n\u00e4dalal Valgas vaimse tervise fookusega ruumiloome konverents \u201eLoo v\u00f5i loobu!\u201c 6.11.2023 Euroopa kultuuripealinn Tartu 2024&#8230;<\/p>\n","protected":false},"author":211,"featured_media":0,"parent":12304,"menu_order":1,"comment_status":"closed","ping_status":"closed","template":"","meta":{"advgb_blocks_editor_width":"","advgb_blocks_columns_visual_guide":"","footnotes":"","_links_to":"","_links_to_target":""},"acf":[],"yoast_head":"<!-- This site is optimized with the Yoast SEO plugin v21.4 - https:\/\/yoast.com\/wordpress\/plugins\/seo\/ -->\n<title>L\u00f5una-Eesti kogukonnaprogrammi raames peetakse Valgas ruumiloome konverents \u201eLoo v\u00f5i loobu!\u201c - visitsouthestonia<\/title>\n<meta name=\"robots\" content=\"index, follow, max-snippet:-1, max-image-preview:large, max-video-preview:-1\" \/>\n<link rel=\"canonical\" href=\"https:\/\/visitsouthestonia.com\/tartu-2024\/uudised\/louna-eesti-kogukonnaprogrammi-raames-peetakse-valgas-ruumiloome-konverents-loo-voi-loobu\/\" \/>\n<meta property=\"og:locale\" content=\"et_EE\" \/>\n<meta property=\"og:type\" content=\"article\" \/>\n<meta property=\"og:title\" content=\"L\u00f5una-Eesti kogukonnaprogrammi raames peetakse Valgas ruumiloome konverents \u201eLoo v\u00f5i loobu!\u201c - visitsouthestonia\" \/>\n<meta property=\"og:description\" content=\"L\u00f5una-Eesti kogukonnaprogrammi raames peetakse j\u00e4rgmisel n\u00e4dalal Valgas vaimse tervise fookusega ruumiloome konverents \u201eLoo v\u00f5i loobu!\u201c 6.11.2023 Euroopa kultuuripealinn Tartu 2024...\" \/>\n<meta property=\"og:url\" content=\"https:\/\/visitsouthestonia.com\/tartu-2024\/uudised\/louna-eesti-kogukonnaprogrammi-raames-peetakse-valgas-ruumiloome-konverents-loo-voi-loobu\/\" \/>\n<meta property=\"og:site_name\" content=\"visitsouthestonia\" \/>\n<meta property=\"article:modified_time\" content=\"2024-10-22T05:30:09+00:00\" \/>\n<meta property=\"og:image\" content=\"https:\/\/visitsouthestonia.com\/wp-content\/uploads\/2023\/05\/Tartu24Leader-logo-horisontaalne-est-must-1200x524.jpg\" \/>\n<meta name=\"twitter:card\" content=\"summary_large_image\" \/>\n<meta name=\"twitter:label1\" content=\"Est. reading time\" \/>\n\t<meta name=\"twitter:data1\" content=\"4 minutit\" \/>\n<script type=\"application\/ld+json\" class=\"yoast-schema-graph\">{\"@context\":\"https:\/\/schema.org\",\"@graph\":[{\"@type\":\"WebPage\",\"@id\":\"https:\/\/visitsouthestonia.com\/tartu-2024\/uudised\/louna-eesti-kogukonnaprogrammi-raames-peetakse-valgas-ruumiloome-konverents-loo-voi-loobu\/\",\"url\":\"https:\/\/visitsouthestonia.com\/tartu-2024\/uudised\/louna-eesti-kogukonnaprogrammi-raames-peetakse-valgas-ruumiloome-konverents-loo-voi-loobu\/\",\"name\":\"L\u00f5una-Eesti kogukonnaprogrammi raames peetakse Valgas ruumiloome konverents \u201eLoo v\u00f5i loobu!\u201c - visitsouthestonia\",\"isPartOf\":{\"@id\":\"https:\/\/visitsouthestonia.com\/community\/#website\"},\"datePublished\":\"2023-11-06T06:12:06+00:00\",\"dateModified\":\"2024-10-22T05:30:09+00:00\",\"breadcrumb\":{\"@id\":\"https:\/\/visitsouthestonia.com\/tartu-2024\/uudised\/louna-eesti-kogukonnaprogrammi-raames-peetakse-valgas-ruumiloome-konverents-loo-voi-loobu\/#breadcrumb\"},\"inLanguage\":\"et\",\"potentialAction\":[{\"@type\":\"ReadAction\",\"target\":[\"https:\/\/visitsouthestonia.com\/tartu-2024\/uudised\/louna-eesti-kogukonnaprogrammi-raames-peetakse-valgas-ruumiloome-konverents-loo-voi-loobu\/\"]}]},{\"@type\":\"BreadcrumbList\",\"@id\":\"https:\/\/visitsouthestonia.com\/tartu-2024\/uudised\/louna-eesti-kogukonnaprogrammi-raames-peetakse-valgas-ruumiloome-konverents-loo-voi-loobu\/#breadcrumb\",\"itemListElement\":[{\"@type\":\"ListItem\",\"position\":1,\"name\":\"Tartu 2024 L\u00f5una-Eesti kogukonnaprogramm\",\"item\":\"https:\/\/visitsouthestonia.com\/tartu-2024\/\"},{\"@type\":\"ListItem\",\"position\":2,\"name\":\"Tartu 2024 kogukonnaprogrammi uudised\",\"item\":\"https:\/\/visitsouthestonia.com\/tartu-2024\/uudised\/\"},{\"@type\":\"ListItem\",\"position\":3,\"name\":\"L\u00f5una-Eesti kogukonnaprogrammi raames peetakse Valgas ruumiloome konverents \u201eLoo v\u00f5i loobu!\u201c\"}]},{\"@type\":\"WebSite\",\"@id\":\"https:\/\/visitsouthestonia.com\/community\/#website\",\"url\":\"https:\/\/visitsouthestonia.com\/community\/\",\"name\":\"visitsouthestonia\",\"description\":\"Parim puhkus veeda L\u00f5una-Eestis!\",\"potentialAction\":[{\"@type\":\"SearchAction\",\"target\":{\"@type\":\"EntryPoint\",\"urlTemplate\":\"https:\/\/visitsouthestonia.com\/community\/?s={search_term_string}\"},\"query-input\":\"required name=search_term_string\"}],\"inLanguage\":\"et\"}]}<\/script>\n<!-- \/ Yoast SEO plugin. -->","yoast_head_json":{"title":"L\u00f5una-Eesti kogukonnaprogrammi raames peetakse Valgas ruumiloome konverents \u201eLoo v\u00f5i loobu!\u201c - visitsouthestonia","robots":{"index":"index","follow":"follow","max-snippet":"max-snippet:-1","max-image-preview":"max-image-preview:large","max-video-preview":"max-video-preview:-1"},"canonical":"https:\/\/visitsouthestonia.com\/tartu-2024\/uudised\/louna-eesti-kogukonnaprogrammi-raames-peetakse-valgas-ruumiloome-konverents-loo-voi-loobu\/","og_locale":"et_EE","og_type":"article","og_title":"L\u00f5una-Eesti kogukonnaprogrammi raames peetakse Valgas ruumiloome konverents \u201eLoo v\u00f5i loobu!\u201c - visitsouthestonia","og_description":"L\u00f5una-Eesti kogukonnaprogrammi raames peetakse j\u00e4rgmisel n\u00e4dalal Valgas vaimse tervise fookusega ruumiloome konverents \u201eLoo v\u00f5i loobu!\u201c 6.11.2023 Euroopa kultuuripealinn Tartu 2024...","og_url":"https:\/\/visitsouthestonia.com\/tartu-2024\/uudised\/louna-eesti-kogukonnaprogrammi-raames-peetakse-valgas-ruumiloome-konverents-loo-voi-loobu\/","og_site_name":"visitsouthestonia","article_modified_time":"2024-10-22T05:30:09+00:00","og_image":[{"url":"https:\/\/visitsouthestonia.com\/wp-content\/uploads\/2023\/05\/Tartu24Leader-logo-horisontaalne-est-must-1200x524.jpg"}],"twitter_card":"summary_large_image","twitter_misc":{"Est. reading time":"4 minutit"},"schema":{"@context":"https:\/\/schema.org","@graph":[{"@type":"WebPage","@id":"https:\/\/visitsouthestonia.com\/tartu-2024\/uudised\/louna-eesti-kogukonnaprogrammi-raames-peetakse-valgas-ruumiloome-konverents-loo-voi-loobu\/","url":"https:\/\/visitsouthestonia.com\/tartu-2024\/uudised\/louna-eesti-kogukonnaprogrammi-raames-peetakse-valgas-ruumiloome-konverents-loo-voi-loobu\/","name":"L\u00f5una-Eesti kogukonnaprogrammi raames peetakse Valgas ruumiloome konverents \u201eLoo v\u00f5i loobu!\u201c - visitsouthestonia","isPartOf":{"@id":"https:\/\/visitsouthestonia.com\/community\/#website"},"datePublished":"2023-11-06T06:12:06+00:00","dateModified":"2024-10-22T05:30:09+00:00","breadcrumb":{"@id":"https:\/\/visitsouthestonia.com\/tartu-2024\/uudised\/louna-eesti-kogukonnaprogrammi-raames-peetakse-valgas-ruumiloome-konverents-loo-voi-loobu\/#breadcrumb"},"inLanguage":"et","potentialAction":[{"@type":"ReadAction","target":["https:\/\/visitsouthestonia.com\/tartu-2024\/uudised\/louna-eesti-kogukonnaprogrammi-raames-peetakse-valgas-ruumiloome-konverents-loo-voi-loobu\/"]}]},{"@type":"BreadcrumbList","@id":"https:\/\/visitsouthestonia.com\/tartu-2024\/uudised\/louna-eesti-kogukonnaprogrammi-raames-peetakse-valgas-ruumiloome-konverents-loo-voi-loobu\/#breadcrumb","itemListElement":[{"@type":"ListItem","position":1,"name":"Tartu 2024 L\u00f5una-Eesti kogukonnaprogramm","item":"https:\/\/visitsouthestonia.com\/tartu-2024\/"},{"@type":"ListItem","position":2,"name":"Tartu 2024 kogukonnaprogrammi uudised","item":"https:\/\/visitsouthestonia.com\/tartu-2024\/uudised\/"},{"@type":"ListItem","position":3,"name":"L\u00f5una-Eesti kogukonnaprogrammi raames peetakse Valgas ruumiloome konverents \u201eLoo v\u00f5i loobu!\u201c"}]},{"@type":"WebSite","@id":"https:\/\/visitsouthestonia.com\/community\/#website","url":"https:\/\/visitsouthestonia.com\/community\/","name":"visitsouthestonia","description":"Parim puhkus veeda L\u00f5una-Eestis!","potentialAction":[{"@type":"SearchAction","target":{"@type":"EntryPoint","urlTemplate":"https:\/\/visitsouthestonia.com\/community\/?s={search_term_string}"},"query-input":"required name=search_term_string"}],"inLanguage":"et"}]}},"coauthors":[],"author_meta":{"author_link":"https:\/\/visitsouthestonia.com\/community\/author\/kaisa-timmi\/","display_name":"Meeri"},"relative_dates":{"created":"Posted 2 aastat ago","modified":"Updated 1 aasta ago"},"absolute_dates":{"created":"Posted on 6. nov. 2023","modified":"Updated on 22. okt. 2024"},"absolute_dates_time":{"created":"Posted on 6. nov. 2023 08:12","modified":"Updated on 22. okt. 2024 08:30"},"featured_img_caption":"","featured_img":false,"series_order":"","_links":{"self":[{"href":"https:\/\/visitsouthestonia.com\/community\/wp-json\/wp\/v2\/pages\/19040"}],"collection":[{"href":"https:\/\/visitsouthestonia.com\/community\/wp-json\/wp\/v2\/pages"}],"about":[{"href":"https:\/\/visitsouthestonia.com\/community\/wp-json\/wp\/v2\/types\/page"}],"author":[{"embeddable":true,"href":"https:\/\/visitsouthestonia.com\/community\/wp-json\/wp\/v2\/users\/211"}],"replies":[{"embeddable":true,"href":"https:\/\/visitsouthestonia.com\/community\/wp-json\/wp\/v2\/comments?post=19040"}],"version-history":[{"count":3,"href":"https:\/\/visitsouthestonia.com\/community\/wp-json\/wp\/v2\/pages\/19040\/revisions"}],"predecessor-version":[{"id":21262,"href":"https:\/\/visitsouthestonia.com\/community\/wp-json\/wp\/v2\/pages\/19040\/revisions\/21262"}],"up":[{"embeddable":true,"href":"https:\/\/visitsouthestonia.com\/community\/wp-json\/wp\/v2\/pages\/12304"}],"wp:attachment":[{"href":"https:\/\/visitsouthestonia.com\/community\/wp-json\/wp\/v2\/media?parent=19040"}],"curies":[{"name":"wp","href":"https:\/\/api.w.org\/{rel}","templated":true}]}}