{"id":14780,"date":"2023-09-20T10:28:50","date_gmt":"2023-09-20T07:28:50","guid":{"rendered":"https:\/\/visitsouthestonia.com\/community\/?page_id=14780"},"modified":"2023-09-20T11:18:26","modified_gmt":"2023-09-20T08:18:26","slug":"kolumn","status":"publish","type":"page","link":"https:\/\/visitsouthestonia.com\/community\/tartu-2024\/uudised\/kolumn\/","title":{"rendered":"Kolumn"},"content":{"rendered":"\n<h1 class=\"wp-block-heading wp-el\"><strong><strong><strong>N\u00e4eme Euroopa kultuuripealinnas Tartu 2024<br><\/strong><\/strong><\/strong><\/h1>\n\n\n\n<p class=\"wp-el\"><strong>Euroopa kultuuripealinn Tartu 2024<\/strong> n\u00e4ol on tegemist meie ajaloo suurima \u00fchise ettev\u00f5tmisega, mida L\u00f5una-Eestis koos ette valmistatakse. Tartu linn koost\u00f6\u00f6s Tartumaa, P\u00f5lvamaa, V\u00f5rumaa, Valgamaa ja Viljandi linnaga, \u00fchtekokku 20 omavalitsust oma s\u00e4deinimestega, on korraldamas enam kui 300 s\u00fcndmust erinevates valdkondades ja igas eas publikule.<\/p>\n\n\n\n<p class=\"wp-el\"><strong>Tartu linn<\/strong> tugeva keskusena, Baltikumi vanima linnana, \u00fclikoolide ja innovatsiooni kantsina on L\u00f5una-Eesti pealinn \u2013 linnaline t\u00f5mbekeskus ning v\u00e4rav L\u00f5una-Eesti avastamiseks ja siia elama asumiseks.<\/p>\n\n\n\n<div class=\"wp-block-advgb-columns advgb-columns-wrapper\" id=\"advgb-cols-42de339b-6fe4-402c-bd16-0544e095664e\"><div class=\"advgb-columns-container\"><div class=\"advgb-columns advgb-columns-row advgb-is-mobile advgb-columns-2 layout-12-12 mbl-layout-stacked vgutter-10\">\n<div class=\"wp-block-advgb-column advgb-column\" id=\"advgb-col-5e7da041-76c9-4333-87a8-29bd9e8832e9\"><div class=\"advgb-column-inner\" style=\"border-style:none;border-width:1px\">\n<figure class=\"wp-block-image size-large\"><img decoding=\"async\" loading=\"lazy\" width=\"1200\" height=\"800\" src=\"https:\/\/visitsouthestonia.com\/community\/wp-content\/uploads\/2023\/09\/20220221_Kuldar-Leis_foto-Mana-Kaasik-1200x800.jpg\" alt=\"\" class=\"wp-image-14746\" srcset=\"https:\/\/visitsouthestonia.com\/community\/wp-content\/uploads\/2023\/09\/20220221_Kuldar-Leis_foto-Mana-Kaasik-1200x800.jpg 1200w, https:\/\/visitsouthestonia.com\/community\/wp-content\/uploads\/2023\/09\/20220221_Kuldar-Leis_foto-Mana-Kaasik-768x512.jpg 768w, https:\/\/visitsouthestonia.com\/community\/wp-content\/uploads\/2023\/09\/20220221_Kuldar-Leis_foto-Mana-Kaasik-1536x1024.jpg 1536w, https:\/\/visitsouthestonia.com\/community\/wp-content\/uploads\/2023\/09\/20220221_Kuldar-Leis_foto-Mana-Kaasik-2048x1365.jpg 2048w, https:\/\/visitsouthestonia.com\/community\/wp-content\/uploads\/2023\/09\/20220221_Kuldar-Leis_foto-Mana-Kaasik-350x233.jpg 350w, https:\/\/visitsouthestonia.com\/community\/wp-content\/uploads\/2023\/09\/20220221_Kuldar-Leis_foto-Mana-Kaasik-1100x733.jpg 1100w, https:\/\/visitsouthestonia.com\/community\/wp-content\/uploads\/2023\/09\/20220221_Kuldar-Leis_foto-Mana-Kaasik-230x153.jpg 230w, https:\/\/visitsouthestonia.com\/community\/wp-content\/uploads\/2023\/09\/20220221_Kuldar-Leis_foto-Mana-Kaasik-105x70.jpg 105w, https:\/\/visitsouthestonia.com\/community\/wp-content\/uploads\/2023\/09\/20220221_Kuldar-Leis_foto-Mana-Kaasik-188x125.jpg 188w, https:\/\/visitsouthestonia.com\/community\/wp-content\/uploads\/2023\/09\/20220221_Kuldar-Leis_foto-Mana-Kaasik-81x54.jpg 81w, https:\/\/visitsouthestonia.com\/community\/wp-content\/uploads\/2023\/09\/20220221_Kuldar-Leis_foto-Mana-Kaasik-370x247.jpg 370w\" sizes=\"(max-width: 1200px) 100vw, 1200px\" \/><figcaption class=\"wp-element-caption\">Kuldar Leis. Foto: Mana Kaasik<\/figcaption><\/figure>\n<\/div><\/div>\n\n\n\n<div class=\"wp-block-advgb-column advgb-column\" id=\"advgb-col-61379a93-f996-497a-b81e-7d266359cab8\"><div class=\"advgb-column-inner\" style=\"border-style:none;border-width:1px\">\n<p class=\"wp-el\"><strong>Miks tulla<\/strong> L\u00f5una-Eestisse korraks, ja loodetavasti seej\u00e4rel juba kogu edasiseks eluks? P\u00f5hjuseid leidub palju, aga \u00fcks, millest v\u00e4he r\u00e4\u00e4gitud, on hajaasustus. Pealinnad Euroopas ja maailmas maadlevad \u00fclerahvastatuse, m\u00fcra, saasta ja l\u00f5putu tormlemisega. Meie L\u00f5una-Eestis asume aga naabrist viisakas kauguses, ent samas on enamasti vaid tunnise s\u00f5idu k\u00fcsimus, et k\u00fclastada s\u00f5pru v\u00f5i nautida kultuuri, kasv\u00f5i Tartu 2024 s\u00fcndmusi, mistahes L\u00f5una-Eesti paigas. L\u00f5una-Eesti v\u00f5lud tulevad k\u00e4esolevast raamatust ja ka kultuuripealinna kogukonnas\u00fcndmustest selgelt esile.<\/p>\n<\/div><\/div>\n<\/div><\/div><\/div>\n\n\n\n<p class=\"wp-el\"><strong>L\u00f5una-Eesti<\/strong> t\u00e4hendab minu jaoks v\u00e4ga suurt hulka s\u00e4deinimesi, kes elavad ja tegutsevad oma eluj\u00f5ulistes kogukondades \u2013 nii setod, v\u00f5rokesed, mulgid, vanausulised, Kodavere kandi rahvas kui ka paljud teised. Kultuuripealinna s\u00fcndmuste ettevalmistuse aeg n\u00e4itas, et aktiivse eluhoiakuga inimesi on palju ja neid aina lisandub. L\u00f5una-Eesti on kahtlemata suitsusaun, rahulikkus, k\u00fclalislahkus ja avatus \u2013 neile, kes meiega liituda tahavad ning ka siinseid v\u00e4\u00e4rtusi hinnata oskavad.<\/p>\n\n\n\n<p class=\"wp-el\">Nautige meie lugusid ja n\u00e4eme Euroopa kultuuripealinnas Tartu 2024!<\/p>\n\n\n\n<p class=\"wp-el\">Kuldar Leis<br><em>Sihtasutuse Tartu 2024 juhataja<\/em><\/p>\n\n\n\n<p class=\"wp-el\"><\/p>\n\n\n\n<p class=\"wp-el\"><img decoding=\"async\" loading=\"lazy\" width=\"128\" height=\"128\" class=\"wp-image-12016\" style=\"width: 20px;\" src=\"https:\/\/visitsouthestonia.com\/community\/wp-content\/uploads\/2023\/05\/must-nool.png\" alt=\"\" srcset=\"https:\/\/visitsouthestonia.com\/community\/wp-content\/uploads\/2023\/05\/must-nool.png 128w, https:\/\/visitsouthestonia.com\/community\/wp-content\/uploads\/2023\/05\/must-nool-51x51.png 51w, https:\/\/visitsouthestonia.com\/community\/wp-content\/uploads\/2023\/05\/must-nool-70x70.png 70w, https:\/\/visitsouthestonia.com\/community\/wp-content\/uploads\/2023\/05\/must-nool-120x120.png 120w, https:\/\/visitsouthestonia.com\/community\/wp-content\/uploads\/2023\/05\/must-nool-100x100.png 100w, https:\/\/visitsouthestonia.com\/community\/wp-content\/uploads\/2023\/05\/must-nool-54x54.png 54w\" sizes=\"(max-width: 128px) 100vw, 128px\" \/> Rohkem infot <a href=\"https:\/\/visitsouthestonia.com\/community\/tartu-2024\/\" target=\"_blank\" rel=\"noreferrer noopener\">Euroopa kultuuripealinn Tartu 2024 L\u00f5una-Eesti kogukonnaprogrammist<\/a><\/p>\n<style class=\"advgb-styles-renderer\">#advgb-cols-42de339b-6fe4-402c-bd16-0544e095664e{}@media screen and (max-width: 1023px) {#advgb-cols-42de339b-6fe4-402c-bd16-0544e095664e{}}@media screen and (max-width: 767px) {#advgb-cols-42de339b-6fe4-402c-bd16-0544e095664e{}}#advgb-col-5e7da041-76c9-4333-87a8-29bd9e8832e9>.advgb-column-inner{}@media screen and (max-width: 1023px) {#advgb-col-5e7da041-76c9-4333-87a8-29bd9e8832e9>.advgb-column-inner{}}@media screen and (max-width: 767px) {#advgb-col-5e7da041-76c9-4333-87a8-29bd9e8832e9>.advgb-column-inner{}}#advgb-col-61379a93-f996-497a-b81e-7d266359cab8>.advgb-column-inner{}@media screen and (max-width: 1023px) {#advgb-col-61379a93-f996-497a-b81e-7d266359cab8>.advgb-column-inner{}}@media screen and (max-width: 767px) {#advgb-col-61379a93-f996-497a-b81e-7d266359cab8>.advgb-column-inner{}}<\/style>","protected":false},"excerpt":{"rendered":"<p>N\u00e4eme Euroopa kultuuripealinnas Tartu 2024 Euroopa kultuuripealinn Tartu 2024 n\u00e4ol on tegemist meie ajaloo suurima \u00fchise ettev\u00f5tmisega, mida L\u00f5una-Eestis koos&#8230;<\/p>\n","protected":false},"author":211,"featured_media":0,"parent":12304,"menu_order":0,"comment_status":"closed","ping_status":"closed","template":"","meta":{"advgb_blocks_editor_width":"","advgb_blocks_columns_visual_guide":"","footnotes":"","_links_to":"","_links_to_target":""},"acf":[],"yoast_head":"<!-- This site is optimized with the Yoast SEO plugin v21.4 - https:\/\/yoast.com\/wordpress\/plugins\/seo\/ -->\n<title>Kolumn - visitsouthestonia<\/title>\n<meta name=\"robots\" content=\"index, follow, max-snippet:-1, max-image-preview:large, max-video-preview:-1\" \/>\n<link rel=\"canonical\" href=\"https:\/\/visitsouthestonia.com\/tartu-2024\/uudised\/kolumn\/\" \/>\n<meta property=\"og:locale\" content=\"et_EE\" \/>\n<meta property=\"og:type\" content=\"article\" \/>\n<meta property=\"og:title\" content=\"Kolumn - visitsouthestonia\" \/>\n<meta property=\"og:description\" content=\"N\u00e4eme Euroopa kultuuripealinnas Tartu 2024 Euroopa kultuuripealinn Tartu 2024 n\u00e4ol on tegemist meie ajaloo suurima \u00fchise ettev\u00f5tmisega, mida L\u00f5una-Eestis koos...\" \/>\n<meta property=\"og:url\" content=\"https:\/\/visitsouthestonia.com\/tartu-2024\/uudised\/kolumn\/\" \/>\n<meta property=\"og:site_name\" content=\"visitsouthestonia\" \/>\n<meta property=\"article:modified_time\" content=\"2023-09-20T08:18:26+00:00\" \/>\n<meta property=\"og:image\" content=\"https:\/\/visitsouthestonia.com\/wp-content\/uploads\/2023\/09\/20220221_Kuldar-Leis_foto-Mana-Kaasik-1200x800.jpg\" \/>\n<meta name=\"twitter:card\" content=\"summary_large_image\" \/>\n<meta name=\"twitter:label1\" content=\"Est. reading time\" \/>\n\t<meta name=\"twitter:data1\" content=\"2 minutit\" \/>\n<script type=\"application\/ld+json\" class=\"yoast-schema-graph\">{\"@context\":\"https:\/\/schema.org\",\"@graph\":[{\"@type\":\"WebPage\",\"@id\":\"https:\/\/visitsouthestonia.com\/tartu-2024\/uudised\/kolumn\/\",\"url\":\"https:\/\/visitsouthestonia.com\/tartu-2024\/uudised\/kolumn\/\",\"name\":\"Kolumn - visitsouthestonia\",\"isPartOf\":{\"@id\":\"https:\/\/visitsouthestonia.com\/community\/#website\"},\"datePublished\":\"2023-09-20T07:28:50+00:00\",\"dateModified\":\"2023-09-20T08:18:26+00:00\",\"breadcrumb\":{\"@id\":\"https:\/\/visitsouthestonia.com\/tartu-2024\/uudised\/kolumn\/#breadcrumb\"},\"inLanguage\":\"et\",\"potentialAction\":[{\"@type\":\"ReadAction\",\"target\":[\"https:\/\/visitsouthestonia.com\/tartu-2024\/uudised\/kolumn\/\"]}]},{\"@type\":\"BreadcrumbList\",\"@id\":\"https:\/\/visitsouthestonia.com\/tartu-2024\/uudised\/kolumn\/#breadcrumb\",\"itemListElement\":[{\"@type\":\"ListItem\",\"position\":1,\"name\":\"Tartu 2024 L\u00f5una-Eesti kogukonnaprogramm\",\"item\":\"https:\/\/visitsouthestonia.com\/tartu-2024\/\"},{\"@type\":\"ListItem\",\"position\":2,\"name\":\"Tartu 2024 kogukonnaprogrammi uudised\",\"item\":\"https:\/\/visitsouthestonia.com\/tartu-2024\/uudised\/\"},{\"@type\":\"ListItem\",\"position\":3,\"name\":\"Kolumn\"}]},{\"@type\":\"WebSite\",\"@id\":\"https:\/\/visitsouthestonia.com\/community\/#website\",\"url\":\"https:\/\/visitsouthestonia.com\/community\/\",\"name\":\"visitsouthestonia\",\"description\":\"Parim puhkus veeda L\u00f5una-Eestis!\",\"potentialAction\":[{\"@type\":\"SearchAction\",\"target\":{\"@type\":\"EntryPoint\",\"urlTemplate\":\"https:\/\/visitsouthestonia.com\/community\/?s={search_term_string}\"},\"query-input\":\"required name=search_term_string\"}],\"inLanguage\":\"et\"}]}<\/script>\n<!-- \/ Yoast SEO plugin. -->","yoast_head_json":{"title":"Kolumn - visitsouthestonia","robots":{"index":"index","follow":"follow","max-snippet":"max-snippet:-1","max-image-preview":"max-image-preview:large","max-video-preview":"max-video-preview:-1"},"canonical":"https:\/\/visitsouthestonia.com\/tartu-2024\/uudised\/kolumn\/","og_locale":"et_EE","og_type":"article","og_title":"Kolumn - visitsouthestonia","og_description":"N\u00e4eme Euroopa kultuuripealinnas Tartu 2024 Euroopa kultuuripealinn Tartu 2024 n\u00e4ol on tegemist meie ajaloo suurima \u00fchise ettev\u00f5tmisega, mida L\u00f5una-Eestis koos...","og_url":"https:\/\/visitsouthestonia.com\/tartu-2024\/uudised\/kolumn\/","og_site_name":"visitsouthestonia","article_modified_time":"2023-09-20T08:18:26+00:00","og_image":[{"url":"https:\/\/visitsouthestonia.com\/wp-content\/uploads\/2023\/09\/20220221_Kuldar-Leis_foto-Mana-Kaasik-1200x800.jpg"}],"twitter_card":"summary_large_image","twitter_misc":{"Est. reading time":"2 minutit"},"schema":{"@context":"https:\/\/schema.org","@graph":[{"@type":"WebPage","@id":"https:\/\/visitsouthestonia.com\/tartu-2024\/uudised\/kolumn\/","url":"https:\/\/visitsouthestonia.com\/tartu-2024\/uudised\/kolumn\/","name":"Kolumn - visitsouthestonia","isPartOf":{"@id":"https:\/\/visitsouthestonia.com\/community\/#website"},"datePublished":"2023-09-20T07:28:50+00:00","dateModified":"2023-09-20T08:18:26+00:00","breadcrumb":{"@id":"https:\/\/visitsouthestonia.com\/tartu-2024\/uudised\/kolumn\/#breadcrumb"},"inLanguage":"et","potentialAction":[{"@type":"ReadAction","target":["https:\/\/visitsouthestonia.com\/tartu-2024\/uudised\/kolumn\/"]}]},{"@type":"BreadcrumbList","@id":"https:\/\/visitsouthestonia.com\/tartu-2024\/uudised\/kolumn\/#breadcrumb","itemListElement":[{"@type":"ListItem","position":1,"name":"Tartu 2024 L\u00f5una-Eesti kogukonnaprogramm","item":"https:\/\/visitsouthestonia.com\/tartu-2024\/"},{"@type":"ListItem","position":2,"name":"Tartu 2024 kogukonnaprogrammi uudised","item":"https:\/\/visitsouthestonia.com\/tartu-2024\/uudised\/"},{"@type":"ListItem","position":3,"name":"Kolumn"}]},{"@type":"WebSite","@id":"https:\/\/visitsouthestonia.com\/community\/#website","url":"https:\/\/visitsouthestonia.com\/community\/","name":"visitsouthestonia","description":"Parim puhkus veeda L\u00f5una-Eestis!","potentialAction":[{"@type":"SearchAction","target":{"@type":"EntryPoint","urlTemplate":"https:\/\/visitsouthestonia.com\/community\/?s={search_term_string}"},"query-input":"required name=search_term_string"}],"inLanguage":"et"}]}},"coauthors":[],"author_meta":{"author_link":"https:\/\/visitsouthestonia.com\/community\/author\/kaisa-timmi\/","display_name":"Meeri"},"relative_dates":{"created":"Posted 3 aastat ago","modified":"Updated 3 aastat ago"},"absolute_dates":{"created":"Posted on 20. sept. 2023","modified":"Updated on 20. sept. 2023"},"absolute_dates_time":{"created":"Posted on 20. sept. 2023 10:28","modified":"Updated on 20. sept. 2023 11:18"},"featured_img_caption":"","featured_img":false,"series_order":"","_links":{"self":[{"href":"https:\/\/visitsouthestonia.com\/community\/wp-json\/wp\/v2\/pages\/14780"}],"collection":[{"href":"https:\/\/visitsouthestonia.com\/community\/wp-json\/wp\/v2\/pages"}],"about":[{"href":"https:\/\/visitsouthestonia.com\/community\/wp-json\/wp\/v2\/types\/page"}],"author":[{"embeddable":true,"href":"https:\/\/visitsouthestonia.com\/community\/wp-json\/wp\/v2\/users\/211"}],"replies":[{"embeddable":true,"href":"https:\/\/visitsouthestonia.com\/community\/wp-json\/wp\/v2\/comments?post=14780"}],"version-history":[{"count":6,"href":"https:\/\/visitsouthestonia.com\/community\/wp-json\/wp\/v2\/pages\/14780\/revisions"}],"predecessor-version":[{"id":14802,"href":"https:\/\/visitsouthestonia.com\/community\/wp-json\/wp\/v2\/pages\/14780\/revisions\/14802"}],"up":[{"embeddable":true,"href":"https:\/\/visitsouthestonia.com\/community\/wp-json\/wp\/v2\/pages\/12304"}],"wp:attachment":[{"href":"https:\/\/visitsouthestonia.com\/community\/wp-json\/wp\/v2\/media?parent=14780"}],"curies":[{"name":"wp","href":"https:\/\/api.w.org\/{rel}","templated":true}]}}