{"id":13860,"date":"2023-08-18T13:42:00","date_gmt":"2023-08-18T10:42:00","guid":{"rendered":"https:\/\/visitsouthestonia.com\/community\/?page_id=13860"},"modified":"2023-09-04T15:04:34","modified_gmt":"2023-09-04T12:04:34","slug":"louna-eesti-kogukonnaprogrammi-raames-toimuv-seto-kostipaiv-avab-20-kodukohviku-ukse","status":"publish","type":"page","link":"https:\/\/visitsouthestonia.com\/community\/tartu-2024\/uudised\/louna-eesti-kogukonnaprogrammi-raames-toimuv-seto-kostipaiv-avab-20-kodukohviku-ukse\/","title":{"rendered":"L\u00f5una-Eesti kogukonnaprogrammi raames toimuv Seto Kostip\u00e4iv avab 20 kodukohviku ukse"},"content":{"rendered":"\n<h2 class=\"wp-block-heading wp-el\"><strong>L\u00f5una-Eesti kogukonnaprogrammi raames toimuv Seto Kostip\u00e4iv avab 20 kodukohviku, teiste seas Lenna Kuurmaa kohviku ukse<\/strong><\/h2>\n\n\n\n<p class=\"wp-el\">9.08.2023<\/p>\n\n\n\n<p class=\"wp-el\"><strong>Euroopa kultuuripealinn Tartu 2024 p\u00f5hiprogrammi kuuluva L\u00f5una-Eesti kogukonnaprogrammi raames toimub 12.-13. augustil Seto Kostip\u00e4iv, mil avanevad k\u00fclalistele 20 kodukohviku uksed, teiste seas esmakordselt ka Lenna Kuurmaa ja Lauri M\u00e4esepa <em>pop-up<\/em> kohvik Ilmaveere Makuss Elo. Kostip\u00e4eva eesm\u00e4rk on tutvustada seto k\u00f6\u00f6ki ja Setomaa toorainest valmistatud koduseid h\u00f5rgutisi, ettev\u00f5tmise t\u00e4navuseks p\u00f5hiteemaks on valitud mahe musts\u00f5star.<\/strong><\/p>\n\n\n\n<p class=\"wp-el\">Piiriveere Liidri tegevjuht ja L\u00f5una-Eesti kogukonnaprogrammi tiimi liige <strong>Endla Mitt <\/strong>\u00fctles, et Seto Kostip\u00e4iv saab t\u00e4nu kultuuripealinnale hoogu juurde. \u201ePika traditsiooniga Seto Kostip\u00e4iv on aastatega kujunenud \u00fcheks magnetiks, mis t\u00f5mbab huvilisi suviti tutvuma Setomaa eluolu ja selle kandi erilise k\u00f6\u00f6gikunstiga. T\u00e4nu kultuuripealinna kogukonnaprogrammile laiendab kostip\u00e4ev oma ettev\u00f5tmist ning korraldab seto k\u00f6\u00f6ki tutvustavaid tegevusi ka p\u00e4rast traditsioonilist kostip\u00e4eva n\u00e4dalavahetust,\u201c r\u00e4\u00e4kis Mitt.<\/p>\n\n\n\n<p class=\"wp-el\">MT\u00dc Seto K\u00fc\u00fck juhatuse liige ja tegevjuht <strong>\u00dclle P\u00e4rnoja<\/strong> lausus, et Seto Kostip\u00e4iv plaanib tutvustada seto k\u00f6\u00f6gi erip\u00e4ra laiemalt ka olulistel kalendrip\u00fchadel, n\u00e4iteks maaselitsa ja seto lihav\u00f5tete ajal. \u201cL\u00f5una-Eesti kogukonnaprogrammi raames p\u00f6\u00f6rame suuremat t\u00e4helepanu ka koost\u00f6\u00f6 innustamisele kohalike kohvikute ja toidutootjate vahel,\u201c selgitas P\u00e4rnoja. \u201eKuna Setomaa on kujunenud mahetootmise \u00fcheks eestk\u00f5nelejaks ning mahe musts\u00f5star on v\u00e4\u00e4rtuslik mari, mida kasvatatakse meie kandis palju koduaedades ja ka suurematel p\u00f5ldudel, otsustasime t\u00e4navu v\u00f5tta Seto Kostip\u00e4iv\u00e4 p\u00f5hiteemaks just musts\u00f5strast valmistatud toidud, nii magusad kui ka soolased.\u201c<\/p>\n\n\n\n<p class=\"wp-el\"><strong>Seto Kostip\u00e4iv <\/strong>toimub 12.-13. augustil ja selle raames avavad uksed 20 kodukohvikut \u00fcle Setomaa. Teiste seas saab p\u00f5nevaid maitseid mekkida esmakordselt avatavas <strong>Lenna Kuurmaa<\/strong> ja <strong>Lauri M\u00e4esepa<\/strong> <em>pop-up<\/em> kohvikus Ilmaveere Makuss Elo, aga Rikka Ivvani Man v\u00f5ib minna k\u00fcla peale tuurile <strong>Merca<\/strong> eestvedamisel. S\u00fcndmuse p\u00f5hip\u00e4eval ehk laup\u00e4eval, 12. augustil on kohvikud avatud kell 11.00-22.00. J\u00e4relpeop\u00e4eval ehk <em>perap\u00fct\u00fcp\u00e4\u00e4v\u00e4l<\/em>, p\u00fchap\u00e4eval, 13. augustil oodatakse k\u00fclalisi kell 11.00-15.00. Kohvik ObiNizza \u00dc\u00fclokaal on laup\u00e4eval avatud kesk\u00f6\u00f6ni. Lisaks toimub kostip\u00e4eva ajal mitmeid muid tegevusi, loenguid ja \u00f5pitubasid.<br>T\u00e4navuse Seto Kostip\u00e4iv\u00e4 t\u00e4psema kava leiab MT\u00dc Seto K\u00fc\u00fck kodulehelt, vt:<br><a href=\"https:\/\/www.setokyyk.ee\/et\/seto-kostipaiv-2023\">https:\/\/www.setokyyk.ee\/et\/seto-kostipaiv-2023<\/a><\/p>\n\n\n\n<p class=\"wp-el\"><strong>L\u00f5una-Eesti kogukonnaprogrammi<\/strong> raames korraldatakse 2023.<em> <\/em>ja2024. aastal \u00fchtekokku 20 projekti mitmek\u00fcmne v\u00e4\u00e4rtusp\u00f5hise s\u00fcndmusega, mis kutsuvad osalema k\u00fclastajaid Eestist, Euroopast ja mujalt maailmast. Programmi eesm\u00e4rk on anda hoogu omavahelisele koost\u00f6\u00f6le ja tugevdada L\u00f5una-Eesti identiteeti. Euroopa kultuuripealinn Tartu 2024 p\u00f5hiprogrammi osana aitab kogukonnaprogramm tutvustada kogu piirkonda just nende v\u00e4\u00e4rtuste p\u00f5hjal, mis on olulised kohalikele inimestele ja kogukondadele. K\u00f5ik valitud s\u00fcndmused aitavad esile t\u00f5sta L\u00f5una-Eesti v\u00e4\u00e4rtusi \u2013 puhast loodust, mitmek\u00fclgset kultuurip\u00e4randit<em>, <\/em>kohalikku toitu ja k\u00e4sit\u00f6\u00f6d, tervislikku eluviisi, j\u00e4tkusuutlikke ja innovaatilisi lahendusi ning aktiivseid ja eluj\u00f5ulisi kogukondi.<br><br><strong>Kogukonnas\u00fcndmused, <\/strong>mis kuuluvad avatud taotlusvooru tulemusena L\u00f5una-Eesti kogukonnaprogrammi, on j\u00e4rgmised: j\u00f5eretkede sari \u201eAvasta Emaj\u00f5gi!\u201c, Tartumaa toidus\u00fcndmuste sari \u201eTirin\u201c, kogukonnaetendus \u201eLeevaku kullakaevur\u201c, \u201eSeto kostip\u00e4iv\u00e4 aastaring\u201c, kogukonnafestival \u201eMina tean, kust tuleb minu toit\u201d, Tartumaa teemap\u00e4evad \u201eP\u00e4ritud elluj\u00e4\u00e4miskunstid\u201c, R\u00f5uge projekt \u201eSanna!\u201c, ruumiloomekonverents \u201eLoo v\u00f5i loobu!\u201c, \u201eTaliteed Emaj\u00f5e-Suursoos\u201c, maaliliste maastike j\u00e4\u00e4dvustamise matkasari Otep\u00e4\u00e4l, \u201eMeelter\u00e4nnak looduses\u201c, I Kodavere laalupido, dokumentaalne osaluslavastus \u201eElluj\u00e4\u00e4miskunstid. KMOMID\u201c, Seto tantsupidu \u201eKad\u00b4ah kavv\u00f5k\u00f5\u00b4\u201c, Navi k\u00fcla kogukonnafestival, roosifestival Kaagj\u00e4rvel, Peipsi Toidu T\u00e4nav 175 km, Kagu-Eesti inspiratsioonifestival \u201eLoovus loob lootust!\u201c, \u201eAvastamata Antsla aarded \u2013 j\u00e4rved\u201c, linnaruumilavastus \u201eL\u00e4bi linna: Valga+Valka\u201c. Vt <a href=\"http:\/\/www.visitsouthestonia.com\/community\/tartu-2024\/\">www.visitsouthestonia.com\/community\/tartu-2024\/<\/a><\/p>\n\n\n\n<p class=\"wp-el\"><strong><br>Euroopa kultuuripealinn Tartu 2024 <\/strong>p\u00f5hiprogrammi kuuluv L\u00f5una-Eesti kogukonnaprogramm kasvas v\u00e4lja 2013. aastal L\u00f5una-Eesti LEADER-tegevusgruppide k\u00e4ima l\u00fckatud kollaste akende projektist \u201eElu kahe maailma piiril\u201c. L\u00f5una-Eesti kogukonnaprogrammi viivad ellu LEADER-tegevusgrupid Tartumaa Arendusselts, Valgamaa Partnerluskogu, V\u00f5rumaa Partnerluskogu ja Piiriveere Liider ning koost\u00f6\u00f6partneritena l\u00f6\u00f6vad kaasa Tartu, Elva, V\u00f5ru ja Valga linn. S\u00fcndmusi toetatakse LEADER-meetmest ning SA Tartu 2024 poolt L\u00f5una-Eesti kogukonnaprogrammile eraldatud eelarvest. Kogukonnaprogrammi tegemistesse on partnerina kaasatud teinegi Euroopa kultuuripealinn Tartu 2024 projekt Tartu Maailma\u00fclikool.<\/p>\n\n\n\n<p class=\"wp-el\"><\/p>\n\n\n\n<p class=\"wp-el\">Lisainformatsioon:<\/p>\n\n\n\n<p class=\"wp-el\"><a href=\"http:\/\/www.visitsouthestonia.com\/community\/tartu-2024\/\">www.visitsouthestonia.com\/community\/tartu-2024\/<\/a><br><a href=\"https:\/\/tartu2024.ee\/kogukonnaprogramm\">tartu2024.ee\/kogukonnaprogramm<\/a><\/p>\n\n\n\n<p class=\"wp-el\"><strong>Endla Mitt<\/strong>, Piiriveere Liidri tegevjuht ja L\u00f5una-Eesti kogukonnaprogrammi tiimi liige,<br>telefon +372&nbsp;512 7160, e-post <a href=\"mailto:endla@piiriveere.ee\">endla@piiriveere.ee<\/a><\/p>\n\n\n\n<p class=\"wp-el\"><strong>\u00dclle P\u00e4rnoja<\/strong>, Seto Kostip\u00e4iv\u00e4 koordinaator, MT\u00dc Seto K\u00fc\u00fck juhatuse liige ja tegevjuht,<br>telefon +372&nbsp;513 1366, e-post <a href=\"mailto:ylle@setomaa.ee\">ylle@setomaa.ee<\/a><\/p>\n\n\n\n<figure class=\"wp-block-image size-large is-resized\"><img decoding=\"async\" loading=\"lazy\" src=\"https:\/\/visitsouthestonia.com\/community\/wp-content\/uploads\/2023\/05\/Tartu24Leader-logo-horisontaalne-est-must-1200x524.jpg\" alt=\"\" class=\"wp-image-12363\" style=\"width:300px;height:131px\" width=\"300\" height=\"131\" srcset=\"https:\/\/visitsouthestonia.com\/community\/wp-content\/uploads\/2023\/05\/Tartu24Leader-logo-horisontaalne-est-must-1200x524.jpg 1200w, https:\/\/visitsouthestonia.com\/community\/wp-content\/uploads\/2023\/05\/Tartu24Leader-logo-horisontaalne-est-must-768x335.jpg 768w, https:\/\/visitsouthestonia.com\/community\/wp-content\/uploads\/2023\/05\/Tartu24Leader-logo-horisontaalne-est-must-350x153.jpg 350w, https:\/\/visitsouthestonia.com\/community\/wp-content\/uploads\/2023\/05\/Tartu24Leader-logo-horisontaalne-est-must-1100x480.jpg 1100w, https:\/\/visitsouthestonia.com\/community\/wp-content\/uploads\/2023\/05\/Tartu24Leader-logo-horisontaalne-est-must-230x100.jpg 230w, https:\/\/visitsouthestonia.com\/community\/wp-content\/uploads\/2023\/05\/Tartu24Leader-logo-horisontaalne-est-must-160x70.jpg 160w, https:\/\/visitsouthestonia.com\/community\/wp-content\/uploads\/2023\/05\/Tartu24Leader-logo-horisontaalne-est-must-188x82.jpg 188w, https:\/\/visitsouthestonia.com\/community\/wp-content\/uploads\/2023\/05\/Tartu24Leader-logo-horisontaalne-est-must-124x54.jpg 124w, https:\/\/visitsouthestonia.com\/community\/wp-content\/uploads\/2023\/05\/Tartu24Leader-logo-horisontaalne-est-must-370x161.jpg 370w, https:\/\/visitsouthestonia.com\/community\/wp-content\/uploads\/2023\/05\/Tartu24Leader-logo-horisontaalne-est-must.jpg 1334w\" sizes=\"(max-width: 300px) 100vw, 300px\" \/><\/figure>\n\n\n\n<p class=\"wp-el\"><img decoding=\"async\" loading=\"lazy\" width=\"128\" height=\"128\" class=\"wp-image-12016\" style=\"width: 20px;\" src=\"https:\/\/visitsouthestonia.com\/community\/wp-content\/uploads\/2023\/05\/must-nool.png\" alt=\"\" srcset=\"https:\/\/visitsouthestonia.com\/community\/wp-content\/uploads\/2023\/05\/must-nool.png 128w, https:\/\/visitsouthestonia.com\/community\/wp-content\/uploads\/2023\/05\/must-nool-51x51.png 51w, https:\/\/visitsouthestonia.com\/community\/wp-content\/uploads\/2023\/05\/must-nool-70x70.png 70w, https:\/\/visitsouthestonia.com\/community\/wp-content\/uploads\/2023\/05\/must-nool-120x120.png 120w, https:\/\/visitsouthestonia.com\/community\/wp-content\/uploads\/2023\/05\/must-nool-100x100.png 100w, https:\/\/visitsouthestonia.com\/community\/wp-content\/uploads\/2023\/05\/must-nool-54x54.png 54w\" sizes=\"(max-width: 128px) 100vw, 128px\" \/> Rohkem infot <a href=\"https:\/\/visitsouthestonia.com\/community\/tartu-2024\/\">Euroopa kultuuripealinn Tartu 2024 L\u00f5una-Eesti kogukonnaprogrammist<\/a><\/p>\n","protected":false},"excerpt":{"rendered":"<p>L\u00f5una-Eesti kogukonnaprogrammi raames toimuv Seto Kostip\u00e4iv avab 20 kodukohviku, teiste seas Lenna Kuurmaa kohviku ukse 9.08.2023 Euroopa kultuuripealinn Tartu 2024&#8230;<\/p>\n","protected":false},"author":211,"featured_media":0,"parent":12304,"menu_order":1,"comment_status":"closed","ping_status":"closed","template":"","meta":{"advgb_blocks_editor_width":"","advgb_blocks_columns_visual_guide":"","footnotes":"","_links_to":"","_links_to_target":""},"acf":[],"yoast_head":"<!-- This site is optimized with the Yoast SEO plugin v21.4 - https:\/\/yoast.com\/wordpress\/plugins\/seo\/ -->\n<title>L\u00f5una-Eesti kogukonnaprogrammi raames toimuv Seto Kostip\u00e4iv avab 20 kodukohviku ukse - visitsouthestonia<\/title>\n<meta name=\"robots\" content=\"index, follow, max-snippet:-1, max-image-preview:large, max-video-preview:-1\" \/>\n<link rel=\"canonical\" href=\"https:\/\/visitsouthestonia.com\/tartu-2024\/uudised\/louna-eesti-kogukonnaprogrammi-raames-toimuv-seto-kostipaiv-avab-20-kodukohviku-ukse\/\" \/>\n<meta property=\"og:locale\" content=\"et_EE\" \/>\n<meta property=\"og:type\" content=\"article\" \/>\n<meta property=\"og:title\" content=\"L\u00f5una-Eesti kogukonnaprogrammi raames toimuv Seto Kostip\u00e4iv avab 20 kodukohviku ukse - visitsouthestonia\" \/>\n<meta property=\"og:description\" content=\"L\u00f5una-Eesti kogukonnaprogrammi raames toimuv Seto Kostip\u00e4iv avab 20 kodukohviku, teiste seas Lenna Kuurmaa kohviku ukse 9.08.2023 Euroopa kultuuripealinn Tartu 2024...\" \/>\n<meta property=\"og:url\" content=\"https:\/\/visitsouthestonia.com\/tartu-2024\/uudised\/louna-eesti-kogukonnaprogrammi-raames-toimuv-seto-kostipaiv-avab-20-kodukohviku-ukse\/\" \/>\n<meta property=\"og:site_name\" content=\"visitsouthestonia\" \/>\n<meta property=\"article:modified_time\" content=\"2023-09-04T12:04:34+00:00\" \/>\n<meta property=\"og:image\" content=\"https:\/\/visitsouthestonia.com\/wp-content\/uploads\/2023\/05\/Tartu24Leader-logo-horisontaalne-est-must-1200x524.jpg\" \/>\n<meta name=\"twitter:card\" content=\"summary_large_image\" \/>\n<meta name=\"twitter:label1\" content=\"Est. reading time\" \/>\n\t<meta name=\"twitter:data1\" content=\"4 minutit\" \/>\n<script type=\"application\/ld+json\" class=\"yoast-schema-graph\">{\"@context\":\"https:\/\/schema.org\",\"@graph\":[{\"@type\":\"WebPage\",\"@id\":\"https:\/\/visitsouthestonia.com\/tartu-2024\/uudised\/louna-eesti-kogukonnaprogrammi-raames-toimuv-seto-kostipaiv-avab-20-kodukohviku-ukse\/\",\"url\":\"https:\/\/visitsouthestonia.com\/tartu-2024\/uudised\/louna-eesti-kogukonnaprogrammi-raames-toimuv-seto-kostipaiv-avab-20-kodukohviku-ukse\/\",\"name\":\"L\u00f5una-Eesti kogukonnaprogrammi raames toimuv Seto Kostip\u00e4iv avab 20 kodukohviku ukse - visitsouthestonia\",\"isPartOf\":{\"@id\":\"https:\/\/visitsouthestonia.com\/community\/#website\"},\"datePublished\":\"2023-08-18T10:42:00+00:00\",\"dateModified\":\"2023-09-04T12:04:34+00:00\",\"breadcrumb\":{\"@id\":\"https:\/\/visitsouthestonia.com\/tartu-2024\/uudised\/louna-eesti-kogukonnaprogrammi-raames-toimuv-seto-kostipaiv-avab-20-kodukohviku-ukse\/#breadcrumb\"},\"inLanguage\":\"et\",\"potentialAction\":[{\"@type\":\"ReadAction\",\"target\":[\"https:\/\/visitsouthestonia.com\/tartu-2024\/uudised\/louna-eesti-kogukonnaprogrammi-raames-toimuv-seto-kostipaiv-avab-20-kodukohviku-ukse\/\"]}]},{\"@type\":\"BreadcrumbList\",\"@id\":\"https:\/\/visitsouthestonia.com\/tartu-2024\/uudised\/louna-eesti-kogukonnaprogrammi-raames-toimuv-seto-kostipaiv-avab-20-kodukohviku-ukse\/#breadcrumb\",\"itemListElement\":[{\"@type\":\"ListItem\",\"position\":1,\"name\":\"Tartu 2024 L\u00f5una-Eesti kogukonnaprogramm\",\"item\":\"https:\/\/visitsouthestonia.com\/tartu-2024\/\"},{\"@type\":\"ListItem\",\"position\":2,\"name\":\"Tartu 2024 kogukonnaprogrammi uudised\",\"item\":\"https:\/\/visitsouthestonia.com\/tartu-2024\/uudised\/\"},{\"@type\":\"ListItem\",\"position\":3,\"name\":\"L\u00f5una-Eesti kogukonnaprogrammi raames toimuv Seto Kostip\u00e4iv avab 20 kodukohviku ukse\"}]},{\"@type\":\"WebSite\",\"@id\":\"https:\/\/visitsouthestonia.com\/community\/#website\",\"url\":\"https:\/\/visitsouthestonia.com\/community\/\",\"name\":\"visitsouthestonia\",\"description\":\"Parim puhkus veeda L\u00f5una-Eestis!\",\"potentialAction\":[{\"@type\":\"SearchAction\",\"target\":{\"@type\":\"EntryPoint\",\"urlTemplate\":\"https:\/\/visitsouthestonia.com\/community\/?s={search_term_string}\"},\"query-input\":\"required name=search_term_string\"}],\"inLanguage\":\"et\"}]}<\/script>\n<!-- \/ Yoast SEO plugin. -->","yoast_head_json":{"title":"L\u00f5una-Eesti kogukonnaprogrammi raames toimuv Seto Kostip\u00e4iv avab 20 kodukohviku ukse - visitsouthestonia","robots":{"index":"index","follow":"follow","max-snippet":"max-snippet:-1","max-image-preview":"max-image-preview:large","max-video-preview":"max-video-preview:-1"},"canonical":"https:\/\/visitsouthestonia.com\/tartu-2024\/uudised\/louna-eesti-kogukonnaprogrammi-raames-toimuv-seto-kostipaiv-avab-20-kodukohviku-ukse\/","og_locale":"et_EE","og_type":"article","og_title":"L\u00f5una-Eesti kogukonnaprogrammi raames toimuv Seto Kostip\u00e4iv avab 20 kodukohviku ukse - visitsouthestonia","og_description":"L\u00f5una-Eesti kogukonnaprogrammi raames toimuv Seto Kostip\u00e4iv avab 20 kodukohviku, teiste seas Lenna Kuurmaa kohviku ukse 9.08.2023 Euroopa kultuuripealinn Tartu 2024...","og_url":"https:\/\/visitsouthestonia.com\/tartu-2024\/uudised\/louna-eesti-kogukonnaprogrammi-raames-toimuv-seto-kostipaiv-avab-20-kodukohviku-ukse\/","og_site_name":"visitsouthestonia","article_modified_time":"2023-09-04T12:04:34+00:00","og_image":[{"url":"https:\/\/visitsouthestonia.com\/wp-content\/uploads\/2023\/05\/Tartu24Leader-logo-horisontaalne-est-must-1200x524.jpg"}],"twitter_card":"summary_large_image","twitter_misc":{"Est. reading time":"4 minutit"},"schema":{"@context":"https:\/\/schema.org","@graph":[{"@type":"WebPage","@id":"https:\/\/visitsouthestonia.com\/tartu-2024\/uudised\/louna-eesti-kogukonnaprogrammi-raames-toimuv-seto-kostipaiv-avab-20-kodukohviku-ukse\/","url":"https:\/\/visitsouthestonia.com\/tartu-2024\/uudised\/louna-eesti-kogukonnaprogrammi-raames-toimuv-seto-kostipaiv-avab-20-kodukohviku-ukse\/","name":"L\u00f5una-Eesti kogukonnaprogrammi raames toimuv Seto Kostip\u00e4iv avab 20 kodukohviku ukse - visitsouthestonia","isPartOf":{"@id":"https:\/\/visitsouthestonia.com\/community\/#website"},"datePublished":"2023-08-18T10:42:00+00:00","dateModified":"2023-09-04T12:04:34+00:00","breadcrumb":{"@id":"https:\/\/visitsouthestonia.com\/tartu-2024\/uudised\/louna-eesti-kogukonnaprogrammi-raames-toimuv-seto-kostipaiv-avab-20-kodukohviku-ukse\/#breadcrumb"},"inLanguage":"et","potentialAction":[{"@type":"ReadAction","target":["https:\/\/visitsouthestonia.com\/tartu-2024\/uudised\/louna-eesti-kogukonnaprogrammi-raames-toimuv-seto-kostipaiv-avab-20-kodukohviku-ukse\/"]}]},{"@type":"BreadcrumbList","@id":"https:\/\/visitsouthestonia.com\/tartu-2024\/uudised\/louna-eesti-kogukonnaprogrammi-raames-toimuv-seto-kostipaiv-avab-20-kodukohviku-ukse\/#breadcrumb","itemListElement":[{"@type":"ListItem","position":1,"name":"Tartu 2024 L\u00f5una-Eesti kogukonnaprogramm","item":"https:\/\/visitsouthestonia.com\/tartu-2024\/"},{"@type":"ListItem","position":2,"name":"Tartu 2024 kogukonnaprogrammi uudised","item":"https:\/\/visitsouthestonia.com\/tartu-2024\/uudised\/"},{"@type":"ListItem","position":3,"name":"L\u00f5una-Eesti kogukonnaprogrammi raames toimuv Seto Kostip\u00e4iv avab 20 kodukohviku ukse"}]},{"@type":"WebSite","@id":"https:\/\/visitsouthestonia.com\/community\/#website","url":"https:\/\/visitsouthestonia.com\/community\/","name":"visitsouthestonia","description":"Parim puhkus veeda L\u00f5una-Eestis!","potentialAction":[{"@type":"SearchAction","target":{"@type":"EntryPoint","urlTemplate":"https:\/\/visitsouthestonia.com\/community\/?s={search_term_string}"},"query-input":"required name=search_term_string"}],"inLanguage":"et"}]}},"coauthors":[],"author_meta":{"author_link":"https:\/\/visitsouthestonia.com\/community\/author\/kaisa-timmi\/","display_name":"Meeri"},"relative_dates":{"created":"Posted 3 aastat ago","modified":"Updated 3 aastat ago"},"absolute_dates":{"created":"Posted on 18. aug. 2023","modified":"Updated on 4. sept. 2023"},"absolute_dates_time":{"created":"Posted on 18. aug. 2023 01:42","modified":"Updated on 4. sept. 2023 03:04"},"featured_img_caption":"","featured_img":false,"series_order":"","_links":{"self":[{"href":"https:\/\/visitsouthestonia.com\/community\/wp-json\/wp\/v2\/pages\/13860"}],"collection":[{"href":"https:\/\/visitsouthestonia.com\/community\/wp-json\/wp\/v2\/pages"}],"about":[{"href":"https:\/\/visitsouthestonia.com\/community\/wp-json\/wp\/v2\/types\/page"}],"author":[{"embeddable":true,"href":"https:\/\/visitsouthestonia.com\/community\/wp-json\/wp\/v2\/users\/211"}],"replies":[{"embeddable":true,"href":"https:\/\/visitsouthestonia.com\/community\/wp-json\/wp\/v2\/comments?post=13860"}],"version-history":[{"count":2,"href":"https:\/\/visitsouthestonia.com\/community\/wp-json\/wp\/v2\/pages\/13860\/revisions"}],"predecessor-version":[{"id":14243,"href":"https:\/\/visitsouthestonia.com\/community\/wp-json\/wp\/v2\/pages\/13860\/revisions\/14243"}],"up":[{"embeddable":true,"href":"https:\/\/visitsouthestonia.com\/community\/wp-json\/wp\/v2\/pages\/12304"}],"wp:attachment":[{"href":"https:\/\/visitsouthestonia.com\/community\/wp-json\/wp\/v2\/media?parent=13860"}],"curies":[{"name":"wp","href":"https:\/\/api.w.org\/{rel}","templated":true}]}}