{"id":13776,"date":"2023-07-27T10:40:25","date_gmt":"2023-07-27T07:40:25","guid":{"rendered":"https:\/\/visitsouthestonia.com\/community\/?page_id=13776"},"modified":"2023-09-11T23:26:25","modified_gmt":"2023-09-11T20:26:25","slug":"toidusundmuste-sari-tirin-kergitas-kaant","status":"publish","type":"page","link":"https:\/\/visitsouthestonia.com\/community\/tartu-2024\/tartumaa-toidufestival-2023-ja-2024\/toidusundmuste-sari-tirin-kergitas-kaant\/","title":{"rendered":"Toidus\u00fcndmuste sari Tirin kergitas kaant"},"content":{"rendered":"\n<h2 class=\"wp-block-heading wp-el\">Toidus\u00fcndmuste sari Tirin kergitas kaant \u2013 \u00c4ksi [eel]arvamusfestival t\u00f5i kokku teadlased, toidutootjad ja kohaliku kogukonna<\/h2>\n\n\n\n<p class=\"wp-el\">26.07.2023<\/p>\n\n\n\n<p class=\"wp-el\"><strong>Tartumaal \u00c4ksis toimus Paide Arvamusfestivali esmakordne s\u00f5sarettev\u00f5tmine \u00c4ksi [eel]arvamusfestival. <\/strong>Paneeldiskussioonides arutleti keskkonna ja j\u00e4tkusuutliku toidu teemadel, kuidas nii mahe- kui tavatootjad, kohalikud ettev\u00f5tjad ja v\u00e4liskaubandus, haridusasutused, lapsevanemad, teadlased ja riik saaksid kaasa aidata igas m\u00f5ttes tervema tuleviku-toidulaua tagamisele. P\u00e4eva kokkuv\u00f5tteks j\u00e4i k\u00f5lama m\u00f5te, et suuri ja k\u00f5igile osapooltele vajalikke muutusi kestlikuma toidus\u00fcsteemi suunas saab saavutada eelk\u00f5ige positiivse ja avatud suhtumise ning v\u00e4ikeste ampsudega. Aga kuidas siis?<\/p>\n\n\n\n<figure class=\"wp-block-image size-large\"><img decoding=\"async\" loading=\"lazy\" width=\"1200\" height=\"800\" src=\"https:\/\/visitsouthestonia.com\/community\/wp-content\/uploads\/2023\/07\/363360734_255890223886772_8146218057609482079_n-1200x800.jpg\" alt=\"\" class=\"wp-image-13782\" srcset=\"https:\/\/visitsouthestonia.com\/community\/wp-content\/uploads\/2023\/07\/363360734_255890223886772_8146218057609482079_n-1200x800.jpg 1200w, https:\/\/visitsouthestonia.com\/community\/wp-content\/uploads\/2023\/07\/363360734_255890223886772_8146218057609482079_n-768x512.jpg 768w, https:\/\/visitsouthestonia.com\/community\/wp-content\/uploads\/2023\/07\/363360734_255890223886772_8146218057609482079_n-1536x1024.jpg 1536w, https:\/\/visitsouthestonia.com\/community\/wp-content\/uploads\/2023\/07\/363360734_255890223886772_8146218057609482079_n-350x233.jpg 350w, https:\/\/visitsouthestonia.com\/community\/wp-content\/uploads\/2023\/07\/363360734_255890223886772_8146218057609482079_n-1100x733.jpg 1100w, https:\/\/visitsouthestonia.com\/community\/wp-content\/uploads\/2023\/07\/363360734_255890223886772_8146218057609482079_n-230x153.jpg 230w, https:\/\/visitsouthestonia.com\/community\/wp-content\/uploads\/2023\/07\/363360734_255890223886772_8146218057609482079_n-105x70.jpg 105w, https:\/\/visitsouthestonia.com\/community\/wp-content\/uploads\/2023\/07\/363360734_255890223886772_8146218057609482079_n-188x125.jpg 188w, https:\/\/visitsouthestonia.com\/community\/wp-content\/uploads\/2023\/07\/363360734_255890223886772_8146218057609482079_n-81x54.jpg 81w, https:\/\/visitsouthestonia.com\/community\/wp-content\/uploads\/2023\/07\/363360734_255890223886772_8146218057609482079_n-370x247.jpg 370w, https:\/\/visitsouthestonia.com\/community\/wp-content\/uploads\/2023\/07\/363360734_255890223886772_8146218057609482079_n.jpg 2048w\" sizes=\"(max-width: 1200px) 100vw, 1200px\" \/><figcaption class=\"wp-element-caption\">Foto: Ketlin L\u00e4\u00e4ts<\/figcaption><\/figure>\n\n\n\n<p class=\"wp-el\"><strong>Nii nagu taastava p\u00f5llumajanduse karjamaal pole umbrohtu, pole seda ka vastupidavas toidus\u00fcsteemis \u2013 me k\u00f5ik oleme seotud ja vajalikud. <\/strong>Iga niidutaim v\u00f5i umbrohuks arvatud malts porgandipeenras peaks meile meenutama, et j\u00e4tkusuutlik, keskkonda s\u00e4\u00e4stev ja tervislik toidulaud s\u00f5ltub paljuski keskkonnast ja kliimav\u00f6\u00f6tmest, milles elame. Kuigi meil on teiste maade kogemustest palju \u00f5ppida, peame kriitiliselt hindama, kuidas see sobib meie oludesse ja nii sordiaretuses kui taastavas p\u00f5llumajanduses arvestama edaspidi p\u00f5ua\u00f5rnade taimede v\u00e4iksema osakaaluga.<\/p>\n\n\n\n<p class=\"wp-el\">Nii taimetoidu eestk\u00f5neleja Maru Metspalu kui ka veisekasvataja Airi K\u00fclvet r\u00f5hutasid, et igap\u00e4evane men\u00fc\u00fc ei pea ilmtingimata sisaldama k\u00f5igil kolmel toidukorral liha. Kvaliteetne liha ongi kallis, klient on ja j\u00e4\u00e4b hinnatundlikuks ning alternatiividega harjumine pikas perspektiivis on paratamatu. Toidujulgeoleku teemadel diskuteerinud folklorist Reet Hiiem\u00e4e juhtis t\u00e4iendavalt t\u00e4helepanu, et rikas toidulaud ei pea ilmtingimata t\u00e4hendama toidukultuuri globaliseerumisega kaasa minekut, vaid hindavat tagasivaatavat pilku juurte juurde. Sealjuures on oluline ka \u00fcmbritsev kontekst \u2013 hernep\u00f5ld v\u00f5ib k\u00fcll kutsuda nostalgiliselt lapsep\u00f5lve meenutades peatuma, kuid kaasaegsete p\u00f5llut\u00f6\u00f6masinate j\u00e4ljed p\u00f5lluveerel r\u00e4\u00e4givad millestki muust.<\/p>\n\n\n\n<p class=\"wp-el\"><strong>Kust siis algab teadlikkus? Ikka kodust.<\/strong> Nii mahetootjad, teadlased kui toidugurmaanid olid \u00fchel n\u00f5ul, et toitumisharjumisi kujundab ennek\u00f5ike kasvukeskkond ja \u00fcmbritsevad hoiakud \u2013 kodus, koolis, lasteaias. T\u00f5rkekohaks saab sageli aga toidupoliitika \u2013 nii riiklik, regionaalne kui kogukonnatasandi oma.<\/p>\n\n\n\n<p class=\"wp-el\">Kogukonnatasandil n\u00e4ib takistuseks kujunevat eestlaslik individualism \u2013 eelistatakse toimetada \u00fcksi, kuigi m\u00f5istlikum oleks j\u00f5ud ja teadmised \u00fchendada. Nii ei ole n\u00e4iteks paljud EL toetuste teel rajatud kogukonnak\u00f6\u00f6gid saanud eestvedajate v\u00e4simisel sisse oodatud hoogu. T\u00f6\u00f6tavat ei n\u00e4i ka erinevad lahendused, mille eesm\u00e4rgiks on l\u00fchike tarneahel ehk kohaliku ja mahetoodangu otse tavatarbijani toimetamine. Krista Kulderknup, Eesti mahemajandusettev\u00f5tete katusorganisatsioonist Organic Estonia: \u201eMaal toimuvad k\u00fcll OTTid (<em>toim: otse tootjalt tarbijale<\/em>), kuid seal saab kaup kiirelt otsa. Alati ei taha toitu veebist ette tellida. Sooviks spontaanselt minna ja osta otse tootjalt.\u201c Toiduajaloolane \u00dclle Jukk lisab samuti, et ka e-platvormid ei n\u00e4i Eesti kontekstis olevat hea lahendus, kuna kipuvad paari aastaga h\u00e4\u00e4buma. Tootja ja tarbija huvi seega kattub, ent kus on siis n\u00f5udluse ja pakkumise vahelised k\u00e4\u00e4rid?<\/p>\n\n\n\n<p class=\"wp-el\"><strong>N\u00e4ib, et koost\u00f6\u00f6s, v\u00f5rgustumises ja infovahetuses. Et keskkondlik jalaj\u00e4lg oleks v\u00f5imalikult v\u00e4ike, on vaja head ja mugavat lahendust nii tootjale kui tarbijale.<\/strong> Ja omakorda seda toetavat regionaalset ja riiklikku toidupoliitikat, ilmtingimata mitte rahalises v\u00e4\u00e4ringus. Kui riigihangete seadus seisab kohaliku toidu hankimisel tootja ja haridusasutuse vahel, on vaja muudatusi hankekordades. Kui toidutootjate v\u00f5rgustumine soodustab kohalike iseteeninduslettide teket v\u00f5i e-platvormide hingesp\u00fcsimist, on oma roll selles ettev\u00f5tja k\u00f5rval ka kohalikel omavalitsustel, maakondlikel arenduskeskustel ja regionaalset arengut toetavatel LEADER-tegevusr\u00fchmadel. Ants-Hannes Viira Maaelu Teadmuskeskusest: \u201eJ\u00e4rgmine MAK <em>(toim: Maaelu Arengukava, 2030\u20132035<\/em>) periood v\u00f5iks seatud eesm\u00e4rke paremini j\u00e4rgida, et toimuksid suuremad muutused. Muutusi saavad luua aga ainult eluj\u00f5ulised ja targad tootjad, kes j\u00e4\u00e4vad ellu, kui riik neid toetab.\u201c K\u00f6\u00f6giviljatoodangu n\u00f5udlus Eestis on n\u00e4iteks sedav\u00f5rd suur, et ekspordiks toota ei oleks sisuliselt vajagi. K\u00f6\u00f6giviljatootja Margus Pau viitab, et kui koolitoidu osas kehtiks p\u00f5him\u00f5tteline otsus kasutada \u00fcle Eesti kohalikku mahetoitu, motiveeriks see paljusidki tootjaid muuhulgas ka eetilistel kaalutlustel mahetootmisele \u00fcle minema.<\/p>\n\n\n\n<p class=\"wp-el\"><strong>Mida \u00c4ksi [eel]arvamusfestivalilt kaasa sai?<\/strong> Peaasjalikult teadmise, et \u00fckski tootja, ei suur ei v\u00e4ike, ole peamine, kes tarbija v\u00e4lja k\u00e4idavast summast suurima k\u00e4ibe v\u00f5i kasumi saab. Ka selle, et lisaks mahedale on oluline ka kohalik ja ilmtingimata ei t\u00e4henda mahe v\u00f5i kohalik oluliselt kallimat. V\u00f5rdluseks \u2013 kui koolitoidu p\u00e4evahind kohaliku mahetoidu puhul oleks 1.30, siis mittemahe on vaid 20 senti odavam, mis ei tundu just kulukas hind tasuda puhta ja v\u00e4rske, kodumaistelt p\u00f5ldudelt p\u00e4rit tervisliku toidu eest.&nbsp;&nbsp;<\/p>\n\n\n\n<p class=\"wp-el\">Kuklasse j\u00e4i ka m\u00f5te, et kui v\u00e4iketootja ei j\u00f5ua toodanguga tarbijani ja tarbija ei leia v\u00e4iketootjat \u00fcles, siis kuidas jaotuvad lahendustes osakaalud. On see rohkem teadlikkuse k\u00fcsimus v\u00f5i pealehakkamise rida. V\u00f5i hoopis rolliootus raamistavale ettev\u00f5tlust reguleerivale seadusandlusele. Ja kas tulevikukurss lahendustele on rohujuuretasandilt ladvikusse v\u00f5i vastupidi suunatud.<\/p>\n\n\n\n<p class=\"wp-el\"><strong>Millest \u00fcksikisikutasandil alustada? Panelistid avaldasid lootust, et ehk koduaia taimede tundma\u00f5ppimisest ja kaalika toidulauale tagasi kutsumisest.<\/strong> Viie aasta p\u00e4rast tahaks Eestis n\u00e4ha v\u00e4hem taimepimedust ja rohkem teadlikkust piirkondlikust traditsioonilisest toidust. Suurim innovatsioon saaks olla loobuda toidukultuuri globaliseerumisega kujunenud harjumustest ja meenutada talupojatarkust, et herned kasvavad kaunas.<\/p>\n\n\n\n<p class=\"wp-el\">\u00c4ksi [eel]arvamusfestival on osa Tartumaa toidus\u00fcndmuste sarjast Tirin, mis kuulub Euroopa&nbsp;kultuuripealinn&nbsp;Tartu 2024 L\u00f5una-Eesti kogukonnaprogrammi. Sel s\u00fcgisel saab \u00c4ksi [eel]arvamusfestivalist hargnema hakanud m\u00f5ttearendusi edasi m\u00f5elda j\u00e4rgmistel Tirina sarja kuuluvatel koolitustel ja t\u00f6\u00f6tubades. Toidutarkusi jagatakse neil nii lastele, professionaalsetele kokkadele kui ka toiduarmastajatele. Septembrist algavad Eesti P\u00f5llumajandusmuuseumis taas eakatele suunatud t\u00f6\u00f6toad Saame kokku leivatares ning oktoobris oodatakse k\u00f5iki toiduhuvilisi Kokakooli. Tartu Rakenduslikus Kolled\u017eis on tulekul koolitused nii professionaalsetele toitlustajaile kui ka asjaarmastajaile nii keskkonnas\u00f5braliku toitlustamise kui ka eritoitude kohta. Sibulateel saab alguse toitlustajatele m\u00f5eldud veinikoolituste sari ja Tartu Lasteaias Lotte viiakse l\u00e4bi j\u00e4rjekordsed Meelte Kooli tunnid, mis aitavad lastel k\u00f6\u00f6giviljadega s\u00f5braks saada.<\/p>\n\n\n\n<p class=\"wp-el\">Toidusarja Tirin eesm\u00e4rk on koondada piirkonna toiduvaldkonna v\u00f5rgustikku v\u00e4\u00e4rtustades kohalikku toorainet, toitu ja traditsioone. Sarja korraldavad Tartu kultuuripealinn 2024 korraldusmeeskond, LEADER tegevusr\u00fchm Tartumaa Arendusselts, piirkonna kohalikud omavalitsused, toiduvaldkonna v\u00e4iketootjad-ettev\u00f5tjad ja tegusad kogukondade liikmed. \u00dcritusesarja programm on leitav <a href=\"https:\/\/www.tartumaa.ee\/arendus\/toidupiirkond\/tirin\">https:\/\/www.tartumaa.ee\/ tirin<\/a><\/p>\n\n\n\n<p class=\"wp-el\"><em>Armastus k\u00e4ib Tartumaa kaudu!<\/em><br><\/p>\n\n\n\n<p class=\"wp-el\">Katri Kuusk, Keit Lipp<br>Tartumaa toiduv\u00f5rgustik<br>Tartumaa Arendusselts<\/p>\n\n\n\n<p class=\"wp-el\"><\/p>\n\n\n\n<p class=\"wp-el\"><img decoding=\"async\" loading=\"lazy\" width=\"128\" height=\"128\" class=\"wp-image-12016\" style=\"width: 20px;\" src=\"https:\/\/visitsouthestonia.com\/community\/wp-content\/uploads\/2023\/05\/must-nool.png\" alt=\"\" srcset=\"https:\/\/visitsouthestonia.com\/community\/wp-content\/uploads\/2023\/05\/must-nool.png 128w, https:\/\/visitsouthestonia.com\/community\/wp-content\/uploads\/2023\/05\/must-nool-51x51.png 51w, https:\/\/visitsouthestonia.com\/community\/wp-content\/uploads\/2023\/05\/must-nool-70x70.png 70w, https:\/\/visitsouthestonia.com\/community\/wp-content\/uploads\/2023\/05\/must-nool-120x120.png 120w, https:\/\/visitsouthestonia.com\/community\/wp-content\/uploads\/2023\/05\/must-nool-100x100.png 100w, https:\/\/visitsouthestonia.com\/community\/wp-content\/uploads\/2023\/05\/must-nool-54x54.png 54w\" sizes=\"(max-width: 128px) 100vw, 128px\" \/> Rohkem infot <a href=\"https:\/\/visitsouthestonia.com\/community\/tartu-2024\/\">Euroopa kultuuripealinn Tartu 2024 L\u00f5una-Eesti kogukonnaprogrammist<\/a><\/p>\n","protected":false},"excerpt":{"rendered":"<p>Toidus\u00fcndmuste sari Tirin kergitas kaant \u2013 \u00c4ksi [eel]arvamusfestival t\u00f5i kokku teadlased, toidutootjad ja kohaliku kogukonna 26.07.2023 Tartumaal \u00c4ksis toimus Paide&#8230;<\/p>\n","protected":false},"author":211,"featured_media":0,"parent":12163,"menu_order":0,"comment_status":"closed","ping_status":"closed","template":"","meta":{"advgb_blocks_editor_width":"","advgb_blocks_columns_visual_guide":"","footnotes":"","_links_to":"","_links_to_target":""},"acf":[],"yoast_head":"<!-- This site is optimized with the Yoast SEO plugin v21.4 - https:\/\/yoast.com\/wordpress\/plugins\/seo\/ -->\n<title>Toidus\u00fcndmuste sari Tirin kergitas kaant - visitsouthestonia<\/title>\n<meta name=\"robots\" content=\"index, follow, max-snippet:-1, max-image-preview:large, max-video-preview:-1\" \/>\n<link rel=\"canonical\" href=\"https:\/\/visitsouthestonia.com\/tartu-2024\/tartumaa-toidufestival-2023-ja-2024\/toidusundmuste-sari-tirin-kergitas-kaant\/\" \/>\n<meta property=\"og:locale\" content=\"et_EE\" \/>\n<meta property=\"og:type\" content=\"article\" \/>\n<meta property=\"og:title\" content=\"Toidus\u00fcndmuste sari Tirin kergitas kaant - visitsouthestonia\" \/>\n<meta property=\"og:description\" content=\"Toidus\u00fcndmuste sari Tirin kergitas kaant \u2013 \u00c4ksi [eel]arvamusfestival t\u00f5i kokku teadlased, toidutootjad ja kohaliku kogukonna 26.07.2023 Tartumaal \u00c4ksis toimus Paide...\" \/>\n<meta property=\"og:url\" content=\"https:\/\/visitsouthestonia.com\/tartu-2024\/tartumaa-toidufestival-2023-ja-2024\/toidusundmuste-sari-tirin-kergitas-kaant\/\" \/>\n<meta property=\"og:site_name\" content=\"visitsouthestonia\" \/>\n<meta property=\"article:modified_time\" content=\"2023-09-11T20:26:25+00:00\" \/>\n<meta property=\"og:image\" content=\"https:\/\/visitsouthestonia.com\/wp-content\/uploads\/2023\/07\/363360734_255890223886772_8146218057609482079_n-1200x800.jpg\" \/>\n<meta name=\"twitter:card\" content=\"summary_large_image\" \/>\n<meta name=\"twitter:label1\" content=\"Est. reading time\" \/>\n\t<meta name=\"twitter:data1\" content=\"6 minutit\" \/>\n<script type=\"application\/ld+json\" class=\"yoast-schema-graph\">{\"@context\":\"https:\/\/schema.org\",\"@graph\":[{\"@type\":\"WebPage\",\"@id\":\"https:\/\/visitsouthestonia.com\/tartu-2024\/tartumaa-toidufestival-2023-ja-2024\/toidusundmuste-sari-tirin-kergitas-kaant\/\",\"url\":\"https:\/\/visitsouthestonia.com\/tartu-2024\/tartumaa-toidufestival-2023-ja-2024\/toidusundmuste-sari-tirin-kergitas-kaant\/\",\"name\":\"Toidus\u00fcndmuste sari Tirin kergitas kaant - visitsouthestonia\",\"isPartOf\":{\"@id\":\"https:\/\/visitsouthestonia.com\/community\/#website\"},\"datePublished\":\"2023-07-27T07:40:25+00:00\",\"dateModified\":\"2023-09-11T20:26:25+00:00\",\"breadcrumb\":{\"@id\":\"https:\/\/visitsouthestonia.com\/tartu-2024\/tartumaa-toidufestival-2023-ja-2024\/toidusundmuste-sari-tirin-kergitas-kaant\/#breadcrumb\"},\"inLanguage\":\"et\",\"potentialAction\":[{\"@type\":\"ReadAction\",\"target\":[\"https:\/\/visitsouthestonia.com\/tartu-2024\/tartumaa-toidufestival-2023-ja-2024\/toidusundmuste-sari-tirin-kergitas-kaant\/\"]}]},{\"@type\":\"BreadcrumbList\",\"@id\":\"https:\/\/visitsouthestonia.com\/tartu-2024\/tartumaa-toidufestival-2023-ja-2024\/toidusundmuste-sari-tirin-kergitas-kaant\/#breadcrumb\",\"itemListElement\":[{\"@type\":\"ListItem\",\"position\":1,\"name\":\"Tartu 2024 L\u00f5una-Eesti kogukonnaprogramm\",\"item\":\"https:\/\/visitsouthestonia.com\/tartu-2024\/\"},{\"@type\":\"ListItem\",\"position\":2,\"name\":\"Tartumaa toidus\u00fcndmuste sari \u201eTirin\u201c\",\"item\":\"https:\/\/visitsouthestonia.com\/tartu-2024\/tartumaa-toidufestival-2023-ja-2024\/\"},{\"@type\":\"ListItem\",\"position\":3,\"name\":\"Toidus\u00fcndmuste sari Tirin kergitas kaant\"}]},{\"@type\":\"WebSite\",\"@id\":\"https:\/\/visitsouthestonia.com\/community\/#website\",\"url\":\"https:\/\/visitsouthestonia.com\/community\/\",\"name\":\"visitsouthestonia\",\"description\":\"Parim puhkus veeda L\u00f5una-Eestis!\",\"potentialAction\":[{\"@type\":\"SearchAction\",\"target\":{\"@type\":\"EntryPoint\",\"urlTemplate\":\"https:\/\/visitsouthestonia.com\/community\/?s={search_term_string}\"},\"query-input\":\"required name=search_term_string\"}],\"inLanguage\":\"et\"}]}<\/script>\n<!-- \/ Yoast SEO plugin. -->","yoast_head_json":{"title":"Toidus\u00fcndmuste sari Tirin kergitas kaant - visitsouthestonia","robots":{"index":"index","follow":"follow","max-snippet":"max-snippet:-1","max-image-preview":"max-image-preview:large","max-video-preview":"max-video-preview:-1"},"canonical":"https:\/\/visitsouthestonia.com\/tartu-2024\/tartumaa-toidufestival-2023-ja-2024\/toidusundmuste-sari-tirin-kergitas-kaant\/","og_locale":"et_EE","og_type":"article","og_title":"Toidus\u00fcndmuste sari Tirin kergitas kaant - visitsouthestonia","og_description":"Toidus\u00fcndmuste sari Tirin kergitas kaant \u2013 \u00c4ksi [eel]arvamusfestival t\u00f5i kokku teadlased, toidutootjad ja kohaliku kogukonna 26.07.2023 Tartumaal \u00c4ksis toimus Paide...","og_url":"https:\/\/visitsouthestonia.com\/tartu-2024\/tartumaa-toidufestival-2023-ja-2024\/toidusundmuste-sari-tirin-kergitas-kaant\/","og_site_name":"visitsouthestonia","article_modified_time":"2023-09-11T20:26:25+00:00","og_image":[{"url":"https:\/\/visitsouthestonia.com\/wp-content\/uploads\/2023\/07\/363360734_255890223886772_8146218057609482079_n-1200x800.jpg"}],"twitter_card":"summary_large_image","twitter_misc":{"Est. reading time":"6 minutit"},"schema":{"@context":"https:\/\/schema.org","@graph":[{"@type":"WebPage","@id":"https:\/\/visitsouthestonia.com\/tartu-2024\/tartumaa-toidufestival-2023-ja-2024\/toidusundmuste-sari-tirin-kergitas-kaant\/","url":"https:\/\/visitsouthestonia.com\/tartu-2024\/tartumaa-toidufestival-2023-ja-2024\/toidusundmuste-sari-tirin-kergitas-kaant\/","name":"Toidus\u00fcndmuste sari Tirin kergitas kaant - visitsouthestonia","isPartOf":{"@id":"https:\/\/visitsouthestonia.com\/community\/#website"},"datePublished":"2023-07-27T07:40:25+00:00","dateModified":"2023-09-11T20:26:25+00:00","breadcrumb":{"@id":"https:\/\/visitsouthestonia.com\/tartu-2024\/tartumaa-toidufestival-2023-ja-2024\/toidusundmuste-sari-tirin-kergitas-kaant\/#breadcrumb"},"inLanguage":"et","potentialAction":[{"@type":"ReadAction","target":["https:\/\/visitsouthestonia.com\/tartu-2024\/tartumaa-toidufestival-2023-ja-2024\/toidusundmuste-sari-tirin-kergitas-kaant\/"]}]},{"@type":"BreadcrumbList","@id":"https:\/\/visitsouthestonia.com\/tartu-2024\/tartumaa-toidufestival-2023-ja-2024\/toidusundmuste-sari-tirin-kergitas-kaant\/#breadcrumb","itemListElement":[{"@type":"ListItem","position":1,"name":"Tartu 2024 L\u00f5una-Eesti kogukonnaprogramm","item":"https:\/\/visitsouthestonia.com\/tartu-2024\/"},{"@type":"ListItem","position":2,"name":"Tartumaa toidus\u00fcndmuste sari \u201eTirin\u201c","item":"https:\/\/visitsouthestonia.com\/tartu-2024\/tartumaa-toidufestival-2023-ja-2024\/"},{"@type":"ListItem","position":3,"name":"Toidus\u00fcndmuste sari Tirin kergitas kaant"}]},{"@type":"WebSite","@id":"https:\/\/visitsouthestonia.com\/community\/#website","url":"https:\/\/visitsouthestonia.com\/community\/","name":"visitsouthestonia","description":"Parim puhkus veeda L\u00f5una-Eestis!","potentialAction":[{"@type":"SearchAction","target":{"@type":"EntryPoint","urlTemplate":"https:\/\/visitsouthestonia.com\/community\/?s={search_term_string}"},"query-input":"required name=search_term_string"}],"inLanguage":"et"}]}},"coauthors":[],"author_meta":{"author_link":"https:\/\/visitsouthestonia.com\/community\/author\/kaisa-timmi\/","display_name":"Meeri"},"relative_dates":{"created":"Posted 3 aastat ago","modified":"Updated 3 aastat ago"},"absolute_dates":{"created":"Posted on 27. juuli 2023","modified":"Updated on 11. sept. 2023"},"absolute_dates_time":{"created":"Posted on 27. juuli 2023 10:40","modified":"Updated on 11. sept. 2023 11:26"},"featured_img_caption":"","featured_img":false,"series_order":"","_links":{"self":[{"href":"https:\/\/visitsouthestonia.com\/community\/wp-json\/wp\/v2\/pages\/13776"}],"collection":[{"href":"https:\/\/visitsouthestonia.com\/community\/wp-json\/wp\/v2\/pages"}],"about":[{"href":"https:\/\/visitsouthestonia.com\/community\/wp-json\/wp\/v2\/types\/page"}],"author":[{"embeddable":true,"href":"https:\/\/visitsouthestonia.com\/community\/wp-json\/wp\/v2\/users\/211"}],"replies":[{"embeddable":true,"href":"https:\/\/visitsouthestonia.com\/community\/wp-json\/wp\/v2\/comments?post=13776"}],"version-history":[{"count":7,"href":"https:\/\/visitsouthestonia.com\/community\/wp-json\/wp\/v2\/pages\/13776\/revisions"}],"predecessor-version":[{"id":14530,"href":"https:\/\/visitsouthestonia.com\/community\/wp-json\/wp\/v2\/pages\/13776\/revisions\/14530"}],"up":[{"embeddable":true,"href":"https:\/\/visitsouthestonia.com\/community\/wp-json\/wp\/v2\/pages\/12163"}],"wp:attachment":[{"href":"https:\/\/visitsouthestonia.com\/community\/wp-json\/wp\/v2\/media?parent=13776"}],"curies":[{"name":"wp","href":"https:\/\/api.w.org\/{rel}","templated":true}]}}