{"id":12142,"date":"2023-05-16T21:48:12","date_gmt":"2023-05-16T18:48:12","guid":{"rendered":"https:\/\/visitsouthestonia.com\/community\/?page_id=12142"},"modified":"2024-07-28T10:42:45","modified_gmt":"2024-07-28T07:42:45","slug":"kogukonnaetendus-leevaku-kullakaevur","status":"publish","type":"page","link":"https:\/\/visitsouthestonia.com\/community\/tartu-2024\/kogukonnaetendus-leevaku-kullakaevur\/","title":{"rendered":"Kogukonnaetendus \u201eLeevaku kullakaevur\u201c"},"content":{"rendered":"\n<p class=\"has-text-align-right wp-el\"><a href=\"https:\/\/visitsouthestonia.com\/community\/en\/tartu-2024\/summer-performance-of-the-gold-miner-of-leevaku\/\">&gt;&gt;&gt;ENG<\/a><\/p>\n\n\n\n<figure class=\"wp-block-image size-full\"><img decoding=\"async\" loading=\"lazy\" width=\"1200\" height=\"120\" src=\"https:\/\/visitsouthestonia.com\/community\/wp-content\/uploads\/2023\/05\/Untitled-design13.png\" alt=\"\" class=\"wp-image-12133\" srcset=\"https:\/\/visitsouthestonia.com\/community\/wp-content\/uploads\/2023\/05\/Untitled-design13.png 1200w, https:\/\/visitsouthestonia.com\/community\/wp-content\/uploads\/2023\/05\/Untitled-design13-768x77.png 768w, https:\/\/visitsouthestonia.com\/community\/wp-content\/uploads\/2023\/05\/Untitled-design13-350x35.png 350w, https:\/\/visitsouthestonia.com\/community\/wp-content\/uploads\/2023\/05\/Untitled-design13-1100x110.png 1100w, https:\/\/visitsouthestonia.com\/community\/wp-content\/uploads\/2023\/05\/Untitled-design13-230x23.png 230w, https:\/\/visitsouthestonia.com\/community\/wp-content\/uploads\/2023\/05\/Untitled-design13-210x21.png 210w, https:\/\/visitsouthestonia.com\/community\/wp-content\/uploads\/2023\/05\/Untitled-design13-188x19.png 188w, https:\/\/visitsouthestonia.com\/community\/wp-content\/uploads\/2023\/05\/Untitled-design13-370x37.png 370w\" sizes=\"(max-width: 1200px) 100vw, 1200px\" \/><\/figure>\n\n\n\n<h1 class=\"wp-block-heading wp-el\"><strong><strong><strong><strong><strong><strong>Kogukonnalavastus \u201eLeevaku kullakaevur\u201c jahmatab p\u00f6\u00f6rasusega<\/strong><\/strong><\/strong><\/strong><\/strong><\/strong><\/h1>\n\n\n\n<div class=\"wp-block-advgb-columns advgb-columns-wrapper\" id=\"advgb-cols-c311e0be-3404-4b85-b6ee-c04657fa5ce5\"><div class=\"advgb-columns-container\"><div class=\"advgb-columns advgb-columns-row advgb-is-mobile advgb-columns-2 layout-12-12 mbl-layout-stacked vgutter-10\">\n<div class=\"wp-block-advgb-column advgb-column advgb-is-half-tablet advgb-is-full-mobile\" id=\"advgb-col-8215e6d6-5b25-4c77-916b-338b823bdb01\"><div class=\"advgb-column-inner\" style=\"border-style:none;border-width:1px\">\n<p class=\"wp-el\">Kus asub Euroopa pikim, 50 m k\u00f5rgune saunakorsten? Vastuse saad, kui tuled suveetendusele \u201cLeevaku kullakaevur\u201d, mis k\u00f5neleb p\u00f6\u00f6rastest ideedest, p\u00f5lvkondade suhetest, \u00f5nnestumistest ja l\u00e4bikukkumistest t\u00e4pselt sajandi eest t\u00e4pselt samas kohas Leevakul. <\/p>\n\n\n\n<p class=\"wp-el\">Lugu keskendub toonase kohaliku vision\u00e4\u00e4ri Artur Reinom\u00e4e otsusele rajada Leevakule kolossaalne tellisevabrik, mille ehitamisest m\u00f6\u00f6dub t\u00e4navu 100 aastat. Kogukonnalavastuses teevad lavastaja Marko M\u00e4esaare juhendamisel professionaalsete n\u00e4itlejate Viire Valdma, Tiina M\u00e4lbergi ja Ken R\u00fc\u00fctli k\u00f5rval kaasa ka harrastajad, kohaliku kogukonna inimesed. <\/p>\n\n\n\n<p class=\"wp-el\">Juulis ja augustis kokku kaheksal korral m\u00e4ngitavas suveetenduses p\u00f5imuvad Leevaku kandi ajalugu, kultuur, keel ja kohalik milj\u00f6\u00f6 ning kultuurielamusele annavad <em>vunki mano<\/em> imeline loodus ja kohalik toit, R\u00e4pina valla noorte puhkpilliorkester, lauljad ja pillimehed.<\/p>\n\n\n\n<p class=\"wp-el\">Kahe p\u00e4eva \u00f5htul <strong>(1.08 ja 3.08 2024)<\/strong> j\u00e4rgneb etendusele <strong>&#8220;Kullakaevuri laulude \u00f5htu<\/strong>&#8220;, kus muusikaliste etteastetega astuvad \u00fcles puhkpilliorkester, pillimehed ja n\u00e4itlejad.<\/p>\n<\/div><\/div>\n\n\n\n<div class=\"wp-block-advgb-column advgb-column advgb-is-half-tablet advgb-is-full-mobile\" id=\"advgb-col-bf27e38c-b407-4797-939e-1f4cd8d2579c\"><div class=\"advgb-column-inner\" style=\"border-style:none;border-width:1px\">\n<p class=\"wp-el\"><img decoding=\"async\" loading=\"lazy\" width=\"128\" height=\"128\" class=\"wp-image-12135\" style=\"width: 20px;\" src=\"https:\/\/visitsouthestonia.com\/community\/wp-content\/uploads\/2023\/05\/meresinine-nool.png\" alt=\"\" srcset=\"https:\/\/visitsouthestonia.com\/community\/wp-content\/uploads\/2023\/05\/meresinine-nool.png 128w, https:\/\/visitsouthestonia.com\/community\/wp-content\/uploads\/2023\/05\/meresinine-nool-51x51.png 51w, https:\/\/visitsouthestonia.com\/community\/wp-content\/uploads\/2023\/05\/meresinine-nool-70x70.png 70w, https:\/\/visitsouthestonia.com\/community\/wp-content\/uploads\/2023\/05\/meresinine-nool-120x120.png 120w, https:\/\/visitsouthestonia.com\/community\/wp-content\/uploads\/2023\/05\/meresinine-nool-100x100.png 100w, https:\/\/visitsouthestonia.com\/community\/wp-content\/uploads\/2023\/05\/meresinine-nool-54x54.png 54w\" sizes=\"(max-width: 128px) 100vw, 128px\" \/> Toimumise aeg:  <strong>27. juuli &#8211; 6. august 2023<\/strong>  ja <strong>30. juuli &#8211; 4. august 2024<\/strong><\/p>\n\n\n\n<p class=\"wp-el\"><img decoding=\"async\" loading=\"lazy\" width=\"128\" height=\"128\" class=\"wp-image-12135\" style=\"width: 20px;\" src=\"https:\/\/visitsouthestonia.com\/community\/wp-content\/uploads\/2023\/05\/meresinine-nool.png\" alt=\"\" srcset=\"https:\/\/visitsouthestonia.com\/community\/wp-content\/uploads\/2023\/05\/meresinine-nool.png 128w, https:\/\/visitsouthestonia.com\/community\/wp-content\/uploads\/2023\/05\/meresinine-nool-51x51.png 51w, https:\/\/visitsouthestonia.com\/community\/wp-content\/uploads\/2023\/05\/meresinine-nool-70x70.png 70w, https:\/\/visitsouthestonia.com\/community\/wp-content\/uploads\/2023\/05\/meresinine-nool-120x120.png 120w, https:\/\/visitsouthestonia.com\/community\/wp-content\/uploads\/2023\/05\/meresinine-nool-100x100.png 100w, https:\/\/visitsouthestonia.com\/community\/wp-content\/uploads\/2023\/05\/meresinine-nool-54x54.png 54w\" sizes=\"(max-width: 128px) 100vw, 128px\" \/> Rohkem infot: <a href=\"https:\/\/www.piletilevi.ee\/est\/piletid\/teater\/suvelavastus\/suvelavastus-leevaku-kullakaevur-87750\/\" target=\"_blank\" rel=\"noreferrer noopener\">piletilevi.ee&#8230;<\/a><\/p>\n\n\n\n<p class=\"wp-el\"><img decoding=\"async\" loading=\"lazy\" width=\"128\" height=\"128\" class=\"wp-image-12135\" style=\"width: 20px;\" src=\"https:\/\/visitsouthestonia.com\/community\/wp-content\/uploads\/2023\/05\/meresinine-nool.png\" alt=\"\" srcset=\"https:\/\/visitsouthestonia.com\/community\/wp-content\/uploads\/2023\/05\/meresinine-nool.png 128w, https:\/\/visitsouthestonia.com\/community\/wp-content\/uploads\/2023\/05\/meresinine-nool-51x51.png 51w, https:\/\/visitsouthestonia.com\/community\/wp-content\/uploads\/2023\/05\/meresinine-nool-70x70.png 70w, https:\/\/visitsouthestonia.com\/community\/wp-content\/uploads\/2023\/05\/meresinine-nool-120x120.png 120w, https:\/\/visitsouthestonia.com\/community\/wp-content\/uploads\/2023\/05\/meresinine-nool-100x100.png 100w, https:\/\/visitsouthestonia.com\/community\/wp-content\/uploads\/2023\/05\/meresinine-nool-54x54.png 54w\" sizes=\"(max-width: 128px) 100vw, 128px\" \/> Leevaku k\u00fcla FB: <a href=\"https:\/\/www.facebook.com\/profile.php?id=100064826222844\" target=\"_blank\" rel=\"noreferrer noopener\">facebook.com&#8230;<\/a><\/p>\n\n\n\n<p class=\"wp-el\"><img decoding=\"async\" loading=\"lazy\" width=\"128\" height=\"128\" class=\"wp-image-12135\" style=\"width: 20px;\" src=\"https:\/\/visitsouthestonia.com\/community\/wp-content\/uploads\/2023\/05\/meresinine-nool.png\" alt=\"\" srcset=\"https:\/\/visitsouthestonia.com\/community\/wp-content\/uploads\/2023\/05\/meresinine-nool.png 128w, https:\/\/visitsouthestonia.com\/community\/wp-content\/uploads\/2023\/05\/meresinine-nool-51x51.png 51w, https:\/\/visitsouthestonia.com\/community\/wp-content\/uploads\/2023\/05\/meresinine-nool-70x70.png 70w, https:\/\/visitsouthestonia.com\/community\/wp-content\/uploads\/2023\/05\/meresinine-nool-120x120.png 120w, https:\/\/visitsouthestonia.com\/community\/wp-content\/uploads\/2023\/05\/meresinine-nool-100x100.png 100w, https:\/\/visitsouthestonia.com\/community\/wp-content\/uploads\/2023\/05\/meresinine-nool-54x54.png 54w\" sizes=\"(max-width: 128px) 100vw, 128px\" \/> Kontakt: Kairi Kasearu, kairi.kasearu@ut.ee, 56664952<\/p>\n\n\n\n<div class=\"wp-block-columns is-layout-flex wp-container-2 wp-block-columns-is-layout-flex\">\n<div class=\"wp-block-column is-layout-flow wp-block-column-is-layout-flow\" style=\"flex-basis:100%\">\n<figure class=\"wp-block-image size-large\"><img decoding=\"async\" loading=\"lazy\" width=\"1195\" height=\"1200\" src=\"https:\/\/visitsouthestonia.com\/community\/wp-content\/uploads\/2023\/06\/LeevakuKullakaevur-8-1195x1200.jpg\" alt=\"\" class=\"wp-image-13116\" srcset=\"https:\/\/visitsouthestonia.com\/community\/wp-content\/uploads\/2023\/06\/LeevakuKullakaevur-8-1195x1200.jpg 1195w, https:\/\/visitsouthestonia.com\/community\/wp-content\/uploads\/2023\/06\/LeevakuKullakaevur-8-768x771.jpg 768w, https:\/\/visitsouthestonia.com\/community\/wp-content\/uploads\/2023\/06\/LeevakuKullakaevur-8-1530x1536.jpg 1530w, https:\/\/visitsouthestonia.com\/community\/wp-content\/uploads\/2023\/06\/LeevakuKullakaevur-8-2040x2048.jpg 2040w, https:\/\/visitsouthestonia.com\/community\/wp-content\/uploads\/2023\/06\/LeevakuKullakaevur-8-350x350.jpg 350w, https:\/\/visitsouthestonia.com\/community\/wp-content\/uploads\/2023\/06\/LeevakuKullakaevur-8-51x51.jpg 51w, https:\/\/visitsouthestonia.com\/community\/wp-content\/uploads\/2023\/06\/LeevakuKullakaevur-8-797x800.jpg 797w, https:\/\/visitsouthestonia.com\/community\/wp-content\/uploads\/2023\/06\/LeevakuKullakaevur-8-270x270.jpg 270w, https:\/\/visitsouthestonia.com\/community\/wp-content\/uploads\/2023\/06\/LeevakuKullakaevur-8-230x231.jpg 230w, https:\/\/visitsouthestonia.com\/community\/wp-content\/uploads\/2023\/06\/LeevakuKullakaevur-8-70x70.jpg 70w, https:\/\/visitsouthestonia.com\/community\/wp-content\/uploads\/2023\/06\/LeevakuKullakaevur-8-194x194.jpg 194w, https:\/\/visitsouthestonia.com\/community\/wp-content\/uploads\/2023\/06\/LeevakuKullakaevur-8-188x188.jpg 188w, https:\/\/visitsouthestonia.com\/community\/wp-content\/uploads\/2023\/06\/LeevakuKullakaevur-8-120x120.jpg 120w, https:\/\/visitsouthestonia.com\/community\/wp-content\/uploads\/2023\/06\/LeevakuKullakaevur-8-100x100.jpg 100w, https:\/\/visitsouthestonia.com\/community\/wp-content\/uploads\/2023\/06\/LeevakuKullakaevur-8-54x54.jpg 54w\" sizes=\"(max-width: 1195px) 100vw, 1195px\" \/><figcaption class=\"wp-element-caption\">Kerli Auv\u00e4\u00e4rt ja Kairi Kasearu. Foto: Terje Atonen<\/figcaption><\/figure>\n<\/div>\n<\/div>\n<\/div><\/div>\n<\/div><\/div><\/div>\n\n\n\n<div class=\"wp-block-advgb-accordions advgb-accordions-210d7f32-3a17-48f0-8a31-94c172b140e6 advgb-accordion-wrapper\" data-collapsed=\"true\">\n<div class=\"wp-block-advgb-accordion-item advgb-accordion-item\" style=\"margin-bottom:13px\"><div class=\"advgb-accordion-header\" style=\"background-color:#000;color:#eee;border-style:solid;border-width:1px;border-radius:2px\"><span class=\"advgb-accordion-header-icon\"><svg fill=\"#fff\" xmlns=\"http:\/\/www.w3.org\/2000\/svg\" width=\"24\" height=\"24\" viewBox=\"0 0 24 24\"><path opacity=\"0.87\" fill=\"none\" d=\"M24,24H0L0,0l24,0V24z\"><\/path><path d=\"M16.59,8.59L12,13.17L7.41,8.59L6,10l6,6l6-6L16.59,8.59z\"><\/path><\/svg><\/span><h3 class=\"advgb-accordion-header-title\" style=\"color:inherit\">Piiriveere s\u00fcndmused<\/h3><\/div><div class=\"advgb-accordion-body\" style=\"border-style:solid !important;border-width:1px !important;border-color:undefined !important;border-top:none !important;border-radius:2px !important\">\n<p class=\"wp-el\"><a href=\"https:\/\/visitsouthestonia.com\/community\/euroopa-kultuuripealinn-tartu-2024-louna-eesti-kogukonnaprogramm\/seto-tantsupidu-kadah-kavvoko\/\" target=\"_blank\" rel=\"noreferrer noopener\">Seto tantsupidu \u201eKad\u00b4ah kavv\u00f5k\u00f5\u00b4\u201c<\/a><\/p>\n\n\n\n<p class=\"wp-el\"><a href=\"https:\/\/visitsouthestonia.com\/community\/euroopa-kultuuripealinn-tartu-2024-louna-eesti-kogukonnaprogramm\/seto-kostipaiva-aastaring\/\" target=\"_blank\" rel=\"noreferrer noopener\">Seto kostip\u00e4iva aastaring<\/a><\/p>\n<\/div><\/div>\n<\/div>\n\n\n\n<p class=\"wp-el\"><img decoding=\"async\" loading=\"lazy\" width=\"128\" height=\"128\" class=\"wp-image-12016\" style=\"width: 20px;\" src=\"https:\/\/visitsouthestonia.com\/community\/wp-content\/uploads\/2023\/05\/must-nool.png\" alt=\"\" srcset=\"https:\/\/visitsouthestonia.com\/community\/wp-content\/uploads\/2023\/05\/must-nool.png 128w, https:\/\/visitsouthestonia.com\/community\/wp-content\/uploads\/2023\/05\/must-nool-51x51.png 51w, https:\/\/visitsouthestonia.com\/community\/wp-content\/uploads\/2023\/05\/must-nool-70x70.png 70w, https:\/\/visitsouthestonia.com\/community\/wp-content\/uploads\/2023\/05\/must-nool-120x120.png 120w, https:\/\/visitsouthestonia.com\/community\/wp-content\/uploads\/2023\/05\/must-nool-100x100.png 100w, https:\/\/visitsouthestonia.com\/community\/wp-content\/uploads\/2023\/05\/must-nool-54x54.png 54w\" sizes=\"(max-width: 128px) 100vw, 128px\" \/> Rohkem infot <a href=\"https:\/\/visitsouthestonia.com\/community\/tartu-2024\/\">Euroopa kultuuripealinn Tartu 2024 L\u00f5una-Eesti kogukonnaprogrammist<\/a><\/p>\n<style class=\"advgb-styles-renderer\">#advgb-cols-c311e0be-3404-4b85-b6ee-c04657fa5ce5{}@media screen and (max-width: 1023px) {#advgb-cols-c311e0be-3404-4b85-b6ee-c04657fa5ce5{}}@media screen and (max-width: 767px) {#advgb-cols-c311e0be-3404-4b85-b6ee-c04657fa5ce5{}}#advgb-col-8215e6d6-5b25-4c77-916b-338b823bdb01>.advgb-column-inner{}@media screen and (max-width: 1023px) {#advgb-col-8215e6d6-5b25-4c77-916b-338b823bdb01>.advgb-column-inner{}}@media screen and (max-width: 767px) {#advgb-col-8215e6d6-5b25-4c77-916b-338b823bdb01>.advgb-column-inner{}}#advgb-col-bf27e38c-b407-4797-939e-1f4cd8d2579c>.advgb-column-inner{}@media screen and (max-width: 1023px) {#advgb-col-bf27e38c-b407-4797-939e-1f4cd8d2579c>.advgb-column-inner{}}@media screen and (max-width: 767px) {#advgb-col-bf27e38c-b407-4797-939e-1f4cd8d2579c>.advgb-column-inner{}}<\/style>","protected":false},"excerpt":{"rendered":"<p>&gt;&gt;&gt;ENG Kogukonnalavastus \u201eLeevaku kullakaevur\u201c jahmatab p\u00f6\u00f6rasusega Rohkem infot Euroopa kultuuripealinn Tartu 2024 L\u00f5una-Eesti kogukonnaprogrammist<\/p>\n","protected":false},"author":211,"featured_media":0,"parent":13841,"menu_order":0,"comment_status":"closed","ping_status":"closed","template":"","meta":{"advgb_blocks_editor_width":"","advgb_blocks_columns_visual_guide":"","footnotes":"","_links_to":"","_links_to_target":""},"acf":[],"yoast_head":"<!-- This site is optimized with the Yoast SEO plugin v21.4 - https:\/\/yoast.com\/wordpress\/plugins\/seo\/ -->\n<title>Kogukonnaetendus \u201eLeevaku kullakaevur\u201c - visitsouthestonia<\/title>\n<meta name=\"robots\" content=\"index, follow, max-snippet:-1, max-image-preview:large, max-video-preview:-1\" \/>\n<link rel=\"canonical\" href=\"https:\/\/visitsouthestonia.com\/tartu-2024\/kogukonnaetendus-leevaku-kullakaevur\/\" \/>\n<meta property=\"og:locale\" content=\"et_EE\" \/>\n<meta property=\"og:type\" content=\"article\" \/>\n<meta property=\"og:title\" content=\"Kogukonnaetendus \u201eLeevaku kullakaevur\u201c - visitsouthestonia\" \/>\n<meta property=\"og:description\" content=\"&gt;&gt;&gt;ENG Kogukonnalavastus \u201eLeevaku kullakaevur\u201c jahmatab p\u00f6\u00f6rasusega Rohkem infot Euroopa kultuuripealinn Tartu 2024 L\u00f5una-Eesti kogukonnaprogrammist\" \/>\n<meta property=\"og:url\" content=\"https:\/\/visitsouthestonia.com\/tartu-2024\/kogukonnaetendus-leevaku-kullakaevur\/\" \/>\n<meta property=\"og:site_name\" content=\"visitsouthestonia\" \/>\n<meta property=\"article:modified_time\" content=\"2024-07-28T07:42:45+00:00\" \/>\n<meta property=\"og:image\" content=\"https:\/\/visitsouthestonia.com\/wp-content\/uploads\/2023\/05\/Untitled-design13.png\" \/>\n<meta name=\"twitter:card\" content=\"summary_large_image\" \/>\n<meta name=\"twitter:label1\" content=\"Est. reading time\" \/>\n\t<meta name=\"twitter:data1\" content=\"3 minutit\" \/>\n<script type=\"application\/ld+json\" class=\"yoast-schema-graph\">{\"@context\":\"https:\/\/schema.org\",\"@graph\":[{\"@type\":\"WebPage\",\"@id\":\"https:\/\/visitsouthestonia.com\/tartu-2024\/kogukonnaetendus-leevaku-kullakaevur\/\",\"url\":\"https:\/\/visitsouthestonia.com\/tartu-2024\/kogukonnaetendus-leevaku-kullakaevur\/\",\"name\":\"Kogukonnaetendus \u201eLeevaku kullakaevur\u201c - visitsouthestonia\",\"isPartOf\":{\"@id\":\"https:\/\/visitsouthestonia.com\/community\/#website\"},\"datePublished\":\"2023-05-16T18:48:12+00:00\",\"dateModified\":\"2024-07-28T07:42:45+00:00\",\"breadcrumb\":{\"@id\":\"https:\/\/visitsouthestonia.com\/tartu-2024\/kogukonnaetendus-leevaku-kullakaevur\/#breadcrumb\"},\"inLanguage\":\"et\",\"potentialAction\":[{\"@type\":\"ReadAction\",\"target\":[\"https:\/\/visitsouthestonia.com\/tartu-2024\/kogukonnaetendus-leevaku-kullakaevur\/\"]}]},{\"@type\":\"BreadcrumbList\",\"@id\":\"https:\/\/visitsouthestonia.com\/tartu-2024\/kogukonnaetendus-leevaku-kullakaevur\/#breadcrumb\",\"itemListElement\":[{\"@type\":\"ListItem\",\"position\":1,\"name\":\"Tartu 2024 L\u00f5una-Eesti kogukonnaprogramm\",\"item\":\"https:\/\/visitsouthestonia.com\/tartu-2024\/\"},{\"@type\":\"ListItem\",\"position\":2,\"name\":\"Kogukonnaetendus \u201eLeevaku kullakaevur\u201c\"}]},{\"@type\":\"WebSite\",\"@id\":\"https:\/\/visitsouthestonia.com\/community\/#website\",\"url\":\"https:\/\/visitsouthestonia.com\/community\/\",\"name\":\"visitsouthestonia\",\"description\":\"Parim puhkus veeda L\u00f5una-Eestis!\",\"potentialAction\":[{\"@type\":\"SearchAction\",\"target\":{\"@type\":\"EntryPoint\",\"urlTemplate\":\"https:\/\/visitsouthestonia.com\/community\/?s={search_term_string}\"},\"query-input\":\"required name=search_term_string\"}],\"inLanguage\":\"et\"}]}<\/script>\n<!-- \/ Yoast SEO plugin. -->","yoast_head_json":{"title":"Kogukonnaetendus \u201eLeevaku kullakaevur\u201c - visitsouthestonia","robots":{"index":"index","follow":"follow","max-snippet":"max-snippet:-1","max-image-preview":"max-image-preview:large","max-video-preview":"max-video-preview:-1"},"canonical":"https:\/\/visitsouthestonia.com\/tartu-2024\/kogukonnaetendus-leevaku-kullakaevur\/","og_locale":"et_EE","og_type":"article","og_title":"Kogukonnaetendus \u201eLeevaku kullakaevur\u201c - visitsouthestonia","og_description":"&gt;&gt;&gt;ENG Kogukonnalavastus \u201eLeevaku kullakaevur\u201c jahmatab p\u00f6\u00f6rasusega Rohkem infot Euroopa kultuuripealinn Tartu 2024 L\u00f5una-Eesti kogukonnaprogrammist","og_url":"https:\/\/visitsouthestonia.com\/tartu-2024\/kogukonnaetendus-leevaku-kullakaevur\/","og_site_name":"visitsouthestonia","article_modified_time":"2024-07-28T07:42:45+00:00","og_image":[{"url":"https:\/\/visitsouthestonia.com\/wp-content\/uploads\/2023\/05\/Untitled-design13.png"}],"twitter_card":"summary_large_image","twitter_misc":{"Est. reading time":"3 minutit"},"schema":{"@context":"https:\/\/schema.org","@graph":[{"@type":"WebPage","@id":"https:\/\/visitsouthestonia.com\/tartu-2024\/kogukonnaetendus-leevaku-kullakaevur\/","url":"https:\/\/visitsouthestonia.com\/tartu-2024\/kogukonnaetendus-leevaku-kullakaevur\/","name":"Kogukonnaetendus \u201eLeevaku kullakaevur\u201c - visitsouthestonia","isPartOf":{"@id":"https:\/\/visitsouthestonia.com\/community\/#website"},"datePublished":"2023-05-16T18:48:12+00:00","dateModified":"2024-07-28T07:42:45+00:00","breadcrumb":{"@id":"https:\/\/visitsouthestonia.com\/tartu-2024\/kogukonnaetendus-leevaku-kullakaevur\/#breadcrumb"},"inLanguage":"et","potentialAction":[{"@type":"ReadAction","target":["https:\/\/visitsouthestonia.com\/tartu-2024\/kogukonnaetendus-leevaku-kullakaevur\/"]}]},{"@type":"BreadcrumbList","@id":"https:\/\/visitsouthestonia.com\/tartu-2024\/kogukonnaetendus-leevaku-kullakaevur\/#breadcrumb","itemListElement":[{"@type":"ListItem","position":1,"name":"Tartu 2024 L\u00f5una-Eesti kogukonnaprogramm","item":"https:\/\/visitsouthestonia.com\/tartu-2024\/"},{"@type":"ListItem","position":2,"name":"Kogukonnaetendus \u201eLeevaku kullakaevur\u201c"}]},{"@type":"WebSite","@id":"https:\/\/visitsouthestonia.com\/community\/#website","url":"https:\/\/visitsouthestonia.com\/community\/","name":"visitsouthestonia","description":"Parim puhkus veeda L\u00f5una-Eestis!","potentialAction":[{"@type":"SearchAction","target":{"@type":"EntryPoint","urlTemplate":"https:\/\/visitsouthestonia.com\/community\/?s={search_term_string}"},"query-input":"required name=search_term_string"}],"inLanguage":"et"}]}},"coauthors":[],"author_meta":{"author_link":"https:\/\/visitsouthestonia.com\/community\/author\/kaisa-timmi\/","display_name":"Meeri"},"relative_dates":{"created":"Posted 3 aastat ago","modified":"Updated 2 aastat ago"},"absolute_dates":{"created":"Posted on 16. mai 2023","modified":"Updated on 28. juuli 2024"},"absolute_dates_time":{"created":"Posted on 16. mai 2023 09:48","modified":"Updated on 28. juuli 2024 10:42"},"featured_img_caption":"","featured_img":false,"series_order":"","_links":{"self":[{"href":"https:\/\/visitsouthestonia.com\/community\/wp-json\/wp\/v2\/pages\/12142"}],"collection":[{"href":"https:\/\/visitsouthestonia.com\/community\/wp-json\/wp\/v2\/pages"}],"about":[{"href":"https:\/\/visitsouthestonia.com\/community\/wp-json\/wp\/v2\/types\/page"}],"author":[{"embeddable":true,"href":"https:\/\/visitsouthestonia.com\/community\/wp-json\/wp\/v2\/users\/211"}],"replies":[{"embeddable":true,"href":"https:\/\/visitsouthestonia.com\/community\/wp-json\/wp\/v2\/comments?post=12142"}],"version-history":[{"count":19,"href":"https:\/\/visitsouthestonia.com\/community\/wp-json\/wp\/v2\/pages\/12142\/revisions"}],"predecessor-version":[{"id":20884,"href":"https:\/\/visitsouthestonia.com\/community\/wp-json\/wp\/v2\/pages\/12142\/revisions\/20884"}],"up":[{"embeddable":true,"href":"https:\/\/visitsouthestonia.com\/community\/wp-json\/wp\/v2\/pages\/13841"}],"wp:attachment":[{"href":"https:\/\/visitsouthestonia.com\/community\/wp-json\/wp\/v2\/media?parent=12142"}],"curies":[{"name":"wp","href":"https:\/\/api.w.org\/{rel}","templated":true}]}}