{"id":12132,"date":"2023-05-16T21:21:44","date_gmt":"2023-05-16T18:21:44","guid":{"rendered":"https:\/\/visitsouthestonia.com\/community\/?page_id=12132"},"modified":"2024-06-21T12:11:56","modified_gmt":"2024-06-21T09:11:56","slug":"seto-tantsupidu-kadah-kavvoko","status":"publish","type":"page","link":"https:\/\/visitsouthestonia.com\/community\/tartu-2024\/seto-tantsupidu-kadah-kavvoko\/","title":{"rendered":"Seto tantsupidu \u201eKad\u00b4ah kavv\u00f5k\u00f5s\u00f5\u201c"},"content":{"rendered":"\n<p class=\"has-text-align-right wp-el\"><a href=\"https:\/\/visitsouthestonia.com\/community\/en\/tartu-2024\/kadah-kavvoko-seto-dance-festival\/\">&gt;&gt;&gt;ENG<\/a><\/p>\n\n\n\n<figure class=\"wp-block-image size-full\"><img decoding=\"async\" loading=\"lazy\" width=\"1200\" height=\"120\" src=\"https:\/\/visitsouthestonia.com\/community\/wp-content\/uploads\/2023\/05\/Untitled-design13.png\" alt=\"\" class=\"wp-image-12133\" srcset=\"https:\/\/visitsouthestonia.com\/community\/wp-content\/uploads\/2023\/05\/Untitled-design13.png 1200w, https:\/\/visitsouthestonia.com\/community\/wp-content\/uploads\/2023\/05\/Untitled-design13-768x77.png 768w, https:\/\/visitsouthestonia.com\/community\/wp-content\/uploads\/2023\/05\/Untitled-design13-350x35.png 350w, https:\/\/visitsouthestonia.com\/community\/wp-content\/uploads\/2023\/05\/Untitled-design13-1100x110.png 1100w, https:\/\/visitsouthestonia.com\/community\/wp-content\/uploads\/2023\/05\/Untitled-design13-230x23.png 230w, https:\/\/visitsouthestonia.com\/community\/wp-content\/uploads\/2023\/05\/Untitled-design13-210x21.png 210w, https:\/\/visitsouthestonia.com\/community\/wp-content\/uploads\/2023\/05\/Untitled-design13-188x19.png 188w, https:\/\/visitsouthestonia.com\/community\/wp-content\/uploads\/2023\/05\/Untitled-design13-370x37.png 370w\" sizes=\"(max-width: 1200px) 100vw, 1200px\" \/><\/figure>\n\n\n\n<h1 class=\"wp-block-heading wp-el\"><strong><strong><strong><strong><strong>Seto tantsupidu \u201eKad\u00b4ah kavv\u00f5k\u00f5s\u00f5\u201c esitleb p\u00e4rimuskultuuri rikkusi<\/strong><\/strong><\/strong><\/strong><\/strong><\/h1>\n\n\n\n<div class=\"wp-block-advgb-columns advgb-columns-wrapper\" id=\"advgb-cols-11d336f2-971f-4d43-91d0-253c7cebbbb0\"><div class=\"advgb-columns-container\"><div class=\"advgb-columns advgb-columns-row advgb-is-mobile advgb-columns-2 layout-12-12 mbl-layout-stacked vgutter-10\">\n<div class=\"wp-block-advgb-column advgb-column advgb-is-half-tablet advgb-is-full-mobile\" id=\"advgb-col-178fba2d-f9cc-49be-943f-7e3f82e0f65b\"><div class=\"advgb-column-inner\" style=\"border-style:none;border-width:1px\">\n<p class=\"wp-el\">Kaunid rahvar\u00f5ivad ja koosloomise r\u00f5\u00f5m \u2013 setod, v\u00f5rokesed, mulgid, kihnlased Eestist ning suitid L\u00e4tist kogunevad 2024. aasta kesksuvel Setomaale, et esitleda tantsu keeles oma kultuuriruumi rikkusi. <\/p>\n\n\n\n<p class=\"wp-el\">Seto tantsupidu \u201eKad\u00b4ah kavv\u00f5k\u00f5s\u00f5\u201con j\u00e4rjelt III setode p\u00e4rimustantsu pidu, mis kaasab tantsurahvast teistestki elavatest p\u00e4rimuskultuuri piirkondadest. Trehvamiseni 29. juunil 2024 Setomaal V\u00e4rska talumuuseumi kopliaias setode p\u00e4rimustantsu peol!<\/p>\n<\/div><\/div>\n\n\n\n<div class=\"wp-block-advgb-column advgb-column advgb-is-half-tablet advgb-is-full-mobile\" id=\"advgb-col-e0099e30-6d0c-48fc-a4f6-21fefbb607c0\"><div class=\"advgb-column-inner\" style=\"border-style:none;border-width:1px\">\n<p class=\"wp-el\"><img decoding=\"async\" loading=\"lazy\" width=\"128\" height=\"128\" class=\"wp-image-12135\" style=\"width: 20px;\" src=\"https:\/\/visitsouthestonia.com\/community\/wp-content\/uploads\/2023\/05\/meresinine-nool.png\" alt=\"\" srcset=\"https:\/\/visitsouthestonia.com\/community\/wp-content\/uploads\/2023\/05\/meresinine-nool.png 128w, https:\/\/visitsouthestonia.com\/community\/wp-content\/uploads\/2023\/05\/meresinine-nool-51x51.png 51w, https:\/\/visitsouthestonia.com\/community\/wp-content\/uploads\/2023\/05\/meresinine-nool-70x70.png 70w, https:\/\/visitsouthestonia.com\/community\/wp-content\/uploads\/2023\/05\/meresinine-nool-120x120.png 120w, https:\/\/visitsouthestonia.com\/community\/wp-content\/uploads\/2023\/05\/meresinine-nool-100x100.png 100w, https:\/\/visitsouthestonia.com\/community\/wp-content\/uploads\/2023\/05\/meresinine-nool-54x54.png 54w\" sizes=\"(max-width: 128px) 100vw, 128px\" \/> Toimumise aeg:  <strong>29. juuni 2024 <\/strong><\/p>\n\n\n\n<p class=\"wp-el\"><img decoding=\"async\" loading=\"lazy\" width=\"128\" height=\"128\" class=\"wp-image-12135\" style=\"width: 20px;\" src=\"https:\/\/visitsouthestonia.com\/community\/wp-content\/uploads\/2023\/05\/meresinine-nool.png\" alt=\"\" srcset=\"https:\/\/visitsouthestonia.com\/community\/wp-content\/uploads\/2023\/05\/meresinine-nool.png 128w, https:\/\/visitsouthestonia.com\/community\/wp-content\/uploads\/2023\/05\/meresinine-nool-51x51.png 51w, https:\/\/visitsouthestonia.com\/community\/wp-content\/uploads\/2023\/05\/meresinine-nool-70x70.png 70w, https:\/\/visitsouthestonia.com\/community\/wp-content\/uploads\/2023\/05\/meresinine-nool-120x120.png 120w, https:\/\/visitsouthestonia.com\/community\/wp-content\/uploads\/2023\/05\/meresinine-nool-100x100.png 100w, https:\/\/visitsouthestonia.com\/community\/wp-content\/uploads\/2023\/05\/meresinine-nool-54x54.png 54w\" sizes=\"(max-width: 128px) 100vw, 128px\" \/> Rohkem infot: <a href=\"https:\/\/tandsopido.seto.ee\/\" target=\"_blank\" rel=\"noreferrer noopener\">tandsopido.seto.ee<\/a><\/p>\n\n\n\n<p class=\"wp-el\"><img decoding=\"async\" loading=\"lazy\" width=\"128\" height=\"128\" class=\"wp-image-12135\" style=\"width: 20px;\" src=\"https:\/\/visitsouthestonia.com\/community\/wp-content\/uploads\/2023\/05\/meresinine-nool.png\" alt=\"\" srcset=\"https:\/\/visitsouthestonia.com\/community\/wp-content\/uploads\/2023\/05\/meresinine-nool.png 128w, https:\/\/visitsouthestonia.com\/community\/wp-content\/uploads\/2023\/05\/meresinine-nool-51x51.png 51w, https:\/\/visitsouthestonia.com\/community\/wp-content\/uploads\/2023\/05\/meresinine-nool-70x70.png 70w, https:\/\/visitsouthestonia.com\/community\/wp-content\/uploads\/2023\/05\/meresinine-nool-120x120.png 120w, https:\/\/visitsouthestonia.com\/community\/wp-content\/uploads\/2023\/05\/meresinine-nool-100x100.png 100w, https:\/\/visitsouthestonia.com\/community\/wp-content\/uploads\/2023\/05\/meresinine-nool-54x54.png 54w\" sizes=\"(max-width: 128px) 100vw, 128px\" \/> Kontakt: Maarja Saarine, kultuurikeskus@setomaa.ee, 5291619<\/p>\n\n\n\n<div class=\"wp-block-columns is-layout-flex wp-container-2 wp-block-columns-is-layout-flex\">\n<div class=\"wp-block-column is-layout-flow wp-block-column-is-layout-flow\" style=\"flex-basis:100%\">\n<figure class=\"wp-block-image size-full\"><img decoding=\"async\" loading=\"lazy\" width=\"2266\" height=\"2560\" src=\"https:\/\/visitsouthestonia.com\/community\/wp-content\/uploads\/2023\/06\/Setotantsupidu-20-scaled.jpg\" alt=\"\" class=\"wp-image-13149\" style=\"object-fit:cover\" srcset=\"https:\/\/visitsouthestonia.com\/community\/wp-content\/uploads\/2023\/06\/Setotantsupidu-20-scaled.jpg 2266w, https:\/\/visitsouthestonia.com\/community\/wp-content\/uploads\/2023\/06\/Setotantsupidu-20-1062x1200.jpg 1062w, https:\/\/visitsouthestonia.com\/community\/wp-content\/uploads\/2023\/06\/Setotantsupidu-20-768x868.jpg 768w, https:\/\/visitsouthestonia.com\/community\/wp-content\/uploads\/2023\/06\/Setotantsupidu-20-1360x1536.jpg 1360w, https:\/\/visitsouthestonia.com\/community\/wp-content\/uploads\/2023\/06\/Setotantsupidu-20-1813x2048.jpg 1813w, https:\/\/visitsouthestonia.com\/community\/wp-content\/uploads\/2023\/06\/Setotantsupidu-20-310x350.jpg 310w, https:\/\/visitsouthestonia.com\/community\/wp-content\/uploads\/2023\/06\/Setotantsupidu-20-708x800.jpg 708w, https:\/\/visitsouthestonia.com\/community\/wp-content\/uploads\/2023\/06\/Setotantsupidu-20-225x254.jpg 225w, https:\/\/visitsouthestonia.com\/community\/wp-content\/uploads\/2023\/06\/Setotantsupidu-20-62x70.jpg 62w, https:\/\/visitsouthestonia.com\/community\/wp-content\/uploads\/2023\/06\/Setotantsupidu-20-166x188.jpg 166w, https:\/\/visitsouthestonia.com\/community\/wp-content\/uploads\/2023\/06\/Setotantsupidu-20-48x54.jpg 48w, https:\/\/visitsouthestonia.com\/community\/wp-content\/uploads\/2023\/06\/Setotantsupidu-20-328x370.jpg 328w\" sizes=\"(max-width: 2266px) 100vw, 2266px\" \/><figcaption class=\"wp-element-caption\">Evelin Leima ja Maarja Saarine. Foto: Terje Atonen<\/figcaption><\/figure>\n<\/div>\n<\/div>\n<\/div><\/div>\n<\/div><\/div><\/div>\n\n\n\n<div class=\"wp-block-advgb-accordions advgb-accordions-2ac9e2ec-fc6b-42a8-9111-b9709fefffdb advgb-accordion-wrapper\" data-collapsed=\"true\">\n<div class=\"wp-block-advgb-accordion-item advgb-accordion-item\" style=\"margin-bottom:13px\"><div class=\"advgb-accordion-header\" style=\"background-color:#000;color:#eee;border-style:solid;border-width:1px;border-radius:2px\"><span class=\"advgb-accordion-header-icon\"><svg fill=\"#fff\" xmlns=\"http:\/\/www.w3.org\/2000\/svg\" width=\"24\" height=\"24\" viewBox=\"0 0 24 24\"><path opacity=\"0.87\" fill=\"none\" d=\"M24,24H0L0,0l24,0V24z\"><\/path><path d=\"M16.59,8.59L12,13.17L7.41,8.59L6,10l6,6l6-6L16.59,8.59z\"><\/path><\/svg><\/span><h3 class=\"advgb-accordion-header-title\" style=\"color:inherit\">Piiriveere s\u00fcndmused<\/h3><\/div><div class=\"advgb-accordion-body\" style=\"border-style:solid !important;border-width:1px !important;border-color:undefined !important;border-top:none !important;border-radius:2px !important\">\n<p class=\"wp-el\"><a href=\"https:\/\/visitsouthestonia.com\/community\/euroopa-kultuuripealinn-tartu-2024-louna-eesti-kogukonnaprogramm\/seto-kostipaiva-aastaring\/\" target=\"_blank\" rel=\"noreferrer noopener\">Seto kostip\u00e4iva aastaring<\/a><\/p>\n\n\n\n<p class=\"wp-el\"><a href=\"https:\/\/visitsouthestonia.com\/community\/euroopa-kultuuripealinn-tartu-2024-louna-eesti-kogukonnaprogramm\/kogukonnaetendus-leevaku-kullakaevur\/\" target=\"_blank\" rel=\"noreferrer noopener\">Kogukonnaetendus \u201eLeevaku kullakaevur\u201c<\/a><\/p>\n<\/div><\/div>\n<\/div>\n\n\n\n<p class=\"wp-el\"><img decoding=\"async\" loading=\"lazy\" width=\"128\" height=\"128\" class=\"wp-image-12016\" style=\"width: 20px;\" src=\"https:\/\/visitsouthestonia.com\/community\/wp-content\/uploads\/2023\/05\/must-nool.png\" alt=\"\" srcset=\"https:\/\/visitsouthestonia.com\/community\/wp-content\/uploads\/2023\/05\/must-nool.png 128w, https:\/\/visitsouthestonia.com\/community\/wp-content\/uploads\/2023\/05\/must-nool-51x51.png 51w, https:\/\/visitsouthestonia.com\/community\/wp-content\/uploads\/2023\/05\/must-nool-70x70.png 70w, https:\/\/visitsouthestonia.com\/community\/wp-content\/uploads\/2023\/05\/must-nool-120x120.png 120w, https:\/\/visitsouthestonia.com\/community\/wp-content\/uploads\/2023\/05\/must-nool-100x100.png 100w, https:\/\/visitsouthestonia.com\/community\/wp-content\/uploads\/2023\/05\/must-nool-54x54.png 54w\" sizes=\"(max-width: 128px) 100vw, 128px\" \/> Rohkem infot <a href=\"https:\/\/visitsouthestonia.com\/community\/tartu-2024\/\">Euroopa kultuuripealinn Tartu 2024 L\u00f5una-Eesti kogukonnaprogrammist<\/a><\/p>\n<style class=\"advgb-styles-renderer\">#advgb-cols-11d336f2-971f-4d43-91d0-253c7cebbbb0{}@media screen and (max-width: 1023px) {#advgb-cols-11d336f2-971f-4d43-91d0-253c7cebbbb0{}}@media screen and (max-width: 767px) {#advgb-cols-11d336f2-971f-4d43-91d0-253c7cebbbb0{}}#advgb-col-178fba2d-f9cc-49be-943f-7e3f82e0f65b>.advgb-column-inner{}@media screen and (max-width: 1023px) {#advgb-col-178fba2d-f9cc-49be-943f-7e3f82e0f65b>.advgb-column-inner{}}@media screen and (max-width: 767px) {#advgb-col-178fba2d-f9cc-49be-943f-7e3f82e0f65b>.advgb-column-inner{}}#advgb-col-e0099e30-6d0c-48fc-a4f6-21fefbb607c0>.advgb-column-inner{}@media screen and (max-width: 1023px) {#advgb-col-e0099e30-6d0c-48fc-a4f6-21fefbb607c0>.advgb-column-inner{}}@media screen and (max-width: 767px) {#advgb-col-e0099e30-6d0c-48fc-a4f6-21fefbb607c0>.advgb-column-inner{}}<\/style>","protected":false},"excerpt":{"rendered":"<p>&gt;&gt;&gt;ENG Seto tantsupidu \u201eKad\u00b4ah kavv\u00f5k\u00f5s\u00f5\u201c esitleb p\u00e4rimuskultuuri rikkusi Rohkem infot Euroopa kultuuripealinn Tartu 2024 L\u00f5una-Eesti kogukonnaprogrammist<\/p>\n","protected":false},"author":211,"featured_media":0,"parent":13841,"menu_order":0,"comment_status":"closed","ping_status":"closed","template":"","meta":{"advgb_blocks_editor_width":"","advgb_blocks_columns_visual_guide":"","footnotes":"","_links_to":"","_links_to_target":""},"acf":[],"yoast_head":"<!-- This site is optimized with the Yoast SEO plugin v21.4 - https:\/\/yoast.com\/wordpress\/plugins\/seo\/ -->\n<title>Seto tantsupidu \u201eKad\u00b4ah kavv\u00f5k\u00f5s\u00f5\u201c - visitsouthestonia<\/title>\n<meta name=\"robots\" content=\"index, follow, max-snippet:-1, max-image-preview:large, max-video-preview:-1\" \/>\n<link rel=\"canonical\" href=\"https:\/\/visitsouthestonia.com\/tartu-2024\/seto-tantsupidu-kadah-kavvoko\/\" \/>\n<meta property=\"og:locale\" content=\"et_EE\" \/>\n<meta property=\"og:type\" content=\"article\" \/>\n<meta property=\"og:title\" content=\"Seto tantsupidu \u201eKad\u00b4ah kavv\u00f5k\u00f5s\u00f5\u201c - visitsouthestonia\" \/>\n<meta property=\"og:description\" content=\"&gt;&gt;&gt;ENG Seto tantsupidu \u201eKad\u00b4ah kavv\u00f5k\u00f5s\u00f5\u201c esitleb p\u00e4rimuskultuuri rikkusi Rohkem infot Euroopa kultuuripealinn Tartu 2024 L\u00f5una-Eesti kogukonnaprogrammist\" \/>\n<meta property=\"og:url\" content=\"https:\/\/visitsouthestonia.com\/tartu-2024\/seto-tantsupidu-kadah-kavvoko\/\" \/>\n<meta property=\"og:site_name\" content=\"visitsouthestonia\" \/>\n<meta property=\"article:modified_time\" content=\"2024-06-21T09:11:56+00:00\" \/>\n<meta property=\"og:image\" content=\"https:\/\/visitsouthestonia.com\/wp-content\/uploads\/2023\/05\/Untitled-design13.png\" \/>\n<meta name=\"twitter:card\" content=\"summary_large_image\" \/>\n<meta name=\"twitter:label1\" content=\"Est. reading time\" \/>\n\t<meta name=\"twitter:data1\" content=\"2 minutit\" \/>\n<script type=\"application\/ld+json\" class=\"yoast-schema-graph\">{\"@context\":\"https:\/\/schema.org\",\"@graph\":[{\"@type\":\"WebPage\",\"@id\":\"https:\/\/visitsouthestonia.com\/tartu-2024\/seto-tantsupidu-kadah-kavvoko\/\",\"url\":\"https:\/\/visitsouthestonia.com\/tartu-2024\/seto-tantsupidu-kadah-kavvoko\/\",\"name\":\"Seto tantsupidu \u201eKad\u00b4ah kavv\u00f5k\u00f5s\u00f5\u201c - visitsouthestonia\",\"isPartOf\":{\"@id\":\"https:\/\/visitsouthestonia.com\/community\/#website\"},\"datePublished\":\"2023-05-16T18:21:44+00:00\",\"dateModified\":\"2024-06-21T09:11:56+00:00\",\"breadcrumb\":{\"@id\":\"https:\/\/visitsouthestonia.com\/tartu-2024\/seto-tantsupidu-kadah-kavvoko\/#breadcrumb\"},\"inLanguage\":\"et\",\"potentialAction\":[{\"@type\":\"ReadAction\",\"target\":[\"https:\/\/visitsouthestonia.com\/tartu-2024\/seto-tantsupidu-kadah-kavvoko\/\"]}]},{\"@type\":\"BreadcrumbList\",\"@id\":\"https:\/\/visitsouthestonia.com\/tartu-2024\/seto-tantsupidu-kadah-kavvoko\/#breadcrumb\",\"itemListElement\":[{\"@type\":\"ListItem\",\"position\":1,\"name\":\"Tartu 2024 L\u00f5una-Eesti kogukonnaprogramm\",\"item\":\"https:\/\/visitsouthestonia.com\/tartu-2024\/\"},{\"@type\":\"ListItem\",\"position\":2,\"name\":\"Seto tantsupidu \u201eKad\u00b4ah kavv\u00f5k\u00f5s\u00f5\u201c\"}]},{\"@type\":\"WebSite\",\"@id\":\"https:\/\/visitsouthestonia.com\/community\/#website\",\"url\":\"https:\/\/visitsouthestonia.com\/community\/\",\"name\":\"visitsouthestonia\",\"description\":\"Parim puhkus veeda L\u00f5una-Eestis!\",\"potentialAction\":[{\"@type\":\"SearchAction\",\"target\":{\"@type\":\"EntryPoint\",\"urlTemplate\":\"https:\/\/visitsouthestonia.com\/community\/?s={search_term_string}\"},\"query-input\":\"required name=search_term_string\"}],\"inLanguage\":\"et\"}]}<\/script>\n<!-- \/ Yoast SEO plugin. -->","yoast_head_json":{"title":"Seto tantsupidu \u201eKad\u00b4ah kavv\u00f5k\u00f5s\u00f5\u201c - visitsouthestonia","robots":{"index":"index","follow":"follow","max-snippet":"max-snippet:-1","max-image-preview":"max-image-preview:large","max-video-preview":"max-video-preview:-1"},"canonical":"https:\/\/visitsouthestonia.com\/tartu-2024\/seto-tantsupidu-kadah-kavvoko\/","og_locale":"et_EE","og_type":"article","og_title":"Seto tantsupidu \u201eKad\u00b4ah kavv\u00f5k\u00f5s\u00f5\u201c - visitsouthestonia","og_description":"&gt;&gt;&gt;ENG Seto tantsupidu \u201eKad\u00b4ah kavv\u00f5k\u00f5s\u00f5\u201c esitleb p\u00e4rimuskultuuri rikkusi Rohkem infot Euroopa kultuuripealinn Tartu 2024 L\u00f5una-Eesti kogukonnaprogrammist","og_url":"https:\/\/visitsouthestonia.com\/tartu-2024\/seto-tantsupidu-kadah-kavvoko\/","og_site_name":"visitsouthestonia","article_modified_time":"2024-06-21T09:11:56+00:00","og_image":[{"url":"https:\/\/visitsouthestonia.com\/wp-content\/uploads\/2023\/05\/Untitled-design13.png"}],"twitter_card":"summary_large_image","twitter_misc":{"Est. reading time":"2 minutit"},"schema":{"@context":"https:\/\/schema.org","@graph":[{"@type":"WebPage","@id":"https:\/\/visitsouthestonia.com\/tartu-2024\/seto-tantsupidu-kadah-kavvoko\/","url":"https:\/\/visitsouthestonia.com\/tartu-2024\/seto-tantsupidu-kadah-kavvoko\/","name":"Seto tantsupidu \u201eKad\u00b4ah kavv\u00f5k\u00f5s\u00f5\u201c - visitsouthestonia","isPartOf":{"@id":"https:\/\/visitsouthestonia.com\/community\/#website"},"datePublished":"2023-05-16T18:21:44+00:00","dateModified":"2024-06-21T09:11:56+00:00","breadcrumb":{"@id":"https:\/\/visitsouthestonia.com\/tartu-2024\/seto-tantsupidu-kadah-kavvoko\/#breadcrumb"},"inLanguage":"et","potentialAction":[{"@type":"ReadAction","target":["https:\/\/visitsouthestonia.com\/tartu-2024\/seto-tantsupidu-kadah-kavvoko\/"]}]},{"@type":"BreadcrumbList","@id":"https:\/\/visitsouthestonia.com\/tartu-2024\/seto-tantsupidu-kadah-kavvoko\/#breadcrumb","itemListElement":[{"@type":"ListItem","position":1,"name":"Tartu 2024 L\u00f5una-Eesti kogukonnaprogramm","item":"https:\/\/visitsouthestonia.com\/tartu-2024\/"},{"@type":"ListItem","position":2,"name":"Seto tantsupidu \u201eKad\u00b4ah kavv\u00f5k\u00f5s\u00f5\u201c"}]},{"@type":"WebSite","@id":"https:\/\/visitsouthestonia.com\/community\/#website","url":"https:\/\/visitsouthestonia.com\/community\/","name":"visitsouthestonia","description":"Parim puhkus veeda L\u00f5una-Eestis!","potentialAction":[{"@type":"SearchAction","target":{"@type":"EntryPoint","urlTemplate":"https:\/\/visitsouthestonia.com\/community\/?s={search_term_string}"},"query-input":"required name=search_term_string"}],"inLanguage":"et"}]}},"coauthors":[],"author_meta":{"author_link":"https:\/\/visitsouthestonia.com\/community\/author\/kaisa-timmi\/","display_name":"Meeri"},"relative_dates":{"created":"Posted 3 aastat ago","modified":"Updated 2 aastat ago"},"absolute_dates":{"created":"Posted on 16. mai 2023","modified":"Updated on 21. juuni 2024"},"absolute_dates_time":{"created":"Posted on 16. mai 2023 09:21","modified":"Updated on 21. juuni 2024 12:11"},"featured_img_caption":"","featured_img":false,"series_order":"","_links":{"self":[{"href":"https:\/\/visitsouthestonia.com\/community\/wp-json\/wp\/v2\/pages\/12132"}],"collection":[{"href":"https:\/\/visitsouthestonia.com\/community\/wp-json\/wp\/v2\/pages"}],"about":[{"href":"https:\/\/visitsouthestonia.com\/community\/wp-json\/wp\/v2\/types\/page"}],"author":[{"embeddable":true,"href":"https:\/\/visitsouthestonia.com\/community\/wp-json\/wp\/v2\/users\/211"}],"replies":[{"embeddable":true,"href":"https:\/\/visitsouthestonia.com\/community\/wp-json\/wp\/v2\/comments?post=12132"}],"version-history":[{"count":10,"href":"https:\/\/visitsouthestonia.com\/community\/wp-json\/wp\/v2\/pages\/12132\/revisions"}],"predecessor-version":[{"id":20754,"href":"https:\/\/visitsouthestonia.com\/community\/wp-json\/wp\/v2\/pages\/12132\/revisions\/20754"}],"up":[{"embeddable":true,"href":"https:\/\/visitsouthestonia.com\/community\/wp-json\/wp\/v2\/pages\/13841"}],"wp:attachment":[{"href":"https:\/\/visitsouthestonia.com\/community\/wp-json\/wp\/v2\/media?parent=12132"}],"curies":[{"name":"wp","href":"https:\/\/api.w.org\/{rel}","templated":true}]}}